[INFO] cloning repository https://github.com/slmjkdbtl/fopen
[INFO] running `Command { std: "git" "-c" "credential.helper=" "-c" "credential.helper=/workspace/cargo-home/bin/git-credential-null" "clone" "--bare" "https://github.com/slmjkdbtl/fopen" "/workspace/cache/git-repos/https%3A%2F%2Fgithub.com%2Fslmjkdbtl%2Ffopen", kill_on_drop: false }`
[INFO] [stderr] Cloning into bare repository '/workspace/cache/git-repos/https%3A%2F%2Fgithub.com%2Fslmjkdbtl%2Ffopen'...
[INFO] running `Command { std: "git" "rev-parse" "HEAD", kill_on_drop: false }`
[INFO] [stdout] 7eda15b12fffad02331d3297e454df29772046be
[INFO] checking slmjkdbtl/fopen against master#af3c6e733a40e671550e0f0f5aeecaa13772ba56 for pr-74989
[INFO] running `Command { std: "git" "clone" "/workspace/cache/git-repos/https%3A%2F%2Fgithub.com%2Fslmjkdbtl%2Ffopen" "/workspace/builds/worker-6/source", kill_on_drop: false }`
[INFO] [stderr] Cloning into '/workspace/builds/worker-6/source'...
[INFO] [stderr] done.
[INFO] validating manifest of git repo https://github.com/slmjkdbtl/fopen on toolchain af3c6e733a40e671550e0f0f5aeecaa13772ba56
[INFO] running `Command { std: "/workspace/cargo-home/bin/cargo" "+af3c6e733a40e671550e0f0f5aeecaa13772ba56" "read-manifest" "--manifest-path" "Cargo.toml", kill_on_drop: false }`
[INFO] started tweaking git repo https://github.com/slmjkdbtl/fopen
[INFO] removed path dependency dirty from git repo https://github.com/slmjkdbtl/fopen
[INFO] finished tweaking git repo https://github.com/slmjkdbtl/fopen
[INFO] tweaked toml for git repo https://github.com/slmjkdbtl/fopen written to /workspace/builds/worker-6/source/Cargo.toml
[INFO] crate git repo https://github.com/slmjkdbtl/fopen already has a lockfile, it will not be regenerated
[INFO] running `Command { std: "/workspace/cargo-home/bin/cargo" "+af3c6e733a40e671550e0f0f5aeecaa13772ba56" "fetch" "--locked" "--manifest-path" "Cargo.toml", kill_on_drop: false }`
[INFO] [stderr] warning: dependency (dirty) specified without providing a local path, Git repository, or version to use. This will be considered an error in future versions
[INFO] [stderr]     Updating crates.io index
[INFO] [stderr] error: the lock file /workspace/builds/worker-6/source/Cargo.lock needs to be updated but --locked was passed to prevent this
[INFO] [stderr] If you want to try to generate the lock file without accessing the network, use the --offline flag.
[INFO] the lockfile is outdated, regenerating it
[INFO] running `Command { std: "/workspace/cargo-home/bin/cargo" "+af3c6e733a40e671550e0f0f5aeecaa13772ba56" "generate-lockfile" "--manifest-path" "Cargo.toml" "-Zno-index-update", kill_on_drop: false }`
[INFO] [stderr]     Blocking waiting for file lock on package cache
[INFO] running `Command { std: "/workspace/cargo-home/bin/cargo" "+af3c6e733a40e671550e0f0f5aeecaa13772ba56" "fetch" "--locked" "--manifest-path" "Cargo.toml", kill_on_drop: false }`
[INFO] [stderr] warning: dependency (dirty) specified without providing a local path, Git repository, or version to use. This will be considered an error in future versions
[INFO] [stderr]     Blocking waiting for file lock on package cache
[INFO] running `Command { std: "docker" "create" "-v" "/var/lib/crater-agent-workspace/builds/worker-6/target:/opt/rustwide/target:rw,Z" "-v" "/var/lib/crater-agent-workspace/builds/worker-6/source:/opt/rustwide/workdir:ro,Z" "-v" "/var/lib/crater-agent-workspace/cargo-home:/opt/rustwide/cargo-home:ro,Z" "-v" "/var/lib/crater-agent-workspace/rustup-home:/opt/rustwide/rustup-home:ro,Z" "-e" "SOURCE_DIR=/opt/rustwide/workdir" "-e" "CARGO_TARGET_DIR=/opt/rustwide/target" "-e" "CARGO_HOME=/opt/rustwide/cargo-home" "-e" "RUSTUP_HOME=/opt/rustwide/rustup-home" "-w" "/opt/rustwide/workdir" "-m" "1610612736" "--user" "0:0" "--network" "none" "rustops/crates-build-env@sha256:d92eaeed33fa75130ca1ee6c8a01d1ffb62bac859dfdfb3450e3e5d1c0146529" "/opt/rustwide/cargo-home/bin/cargo" "+af3c6e733a40e671550e0f0f5aeecaa13772ba56" "metadata" "--no-deps" "--format-version=1", kill_on_drop: false }`
[INFO] [stdout] 7fadf4131c4d8fe12469ab6514c0d924feaa50f2d24283da7a5655f5e60c98b6
[INFO] [stderr] WARNING: Your kernel does not support swap limit capabilities or the cgroup is not mounted. Memory limited without swap.
[INFO] running `Command { std: "docker" "start" "-a" "7fadf4131c4d8fe12469ab6514c0d924feaa50f2d24283da7a5655f5e60c98b6", kill_on_drop: false }`
[INFO] running `Command { std: "docker" "inspect" "7fadf4131c4d8fe12469ab6514c0d924feaa50f2d24283da7a5655f5e60c98b6", kill_on_drop: false }`
[INFO] running `Command { std: "docker" "rm" "-f" "7fadf4131c4d8fe12469ab6514c0d924feaa50f2d24283da7a5655f5e60c98b6", kill_on_drop: false }`
[INFO] [stdout] 7fadf4131c4d8fe12469ab6514c0d924feaa50f2d24283da7a5655f5e60c98b6
[INFO] running `Command { std: "docker" "create" "-v" "/var/lib/crater-agent-workspace/builds/worker-6/target:/opt/rustwide/target:rw,Z" "-v" "/var/lib/crater-agent-workspace/builds/worker-6/source:/opt/rustwide/workdir:ro,Z" "-v" "/var/lib/crater-agent-workspace/cargo-home:/opt/rustwide/cargo-home:ro,Z" "-v" "/var/lib/crater-agent-workspace/rustup-home:/opt/rustwide/rustup-home:ro,Z" "-e" "SOURCE_DIR=/opt/rustwide/workdir" "-e" "CARGO_TARGET_DIR=/opt/rustwide/target" "-e" "CARGO_INCREMENTAL=0" "-e" "RUST_BACKTRACE=full" "-e" "RUSTFLAGS=--cap-lints=forbid" "-e" "CARGO_HOME=/opt/rustwide/cargo-home" "-e" "RUSTUP_HOME=/opt/rustwide/rustup-home" "-w" "/opt/rustwide/workdir" "-m" "1610612736" "--user" "0:0" "--network" "none" "rustops/crates-build-env@sha256:d92eaeed33fa75130ca1ee6c8a01d1ffb62bac859dfdfb3450e3e5d1c0146529" "/opt/rustwide/cargo-home/bin/cargo" "+af3c6e733a40e671550e0f0f5aeecaa13772ba56" "check" "--frozen" "--all" "--all-targets" "--message-format=json", kill_on_drop: false }`
[INFO] [stdout] f09712d1f27c7db53e346aa2175e69cc4f8dc805aaccb2d58814b82e7a206192
[INFO] [stderr] WARNING: Your kernel does not support swap limit capabilities or the cgroup is not mounted. Memory limited without swap.
[INFO] running `Command { std: "docker" "start" "-a" "f09712d1f27c7db53e346aa2175e69cc4f8dc805aaccb2d58814b82e7a206192", kill_on_drop: false }`
[INFO] [stderr] warning: dependency (dirty) specified without providing a local path, Git repository, or version to use. This will be considered an error in future versions
[INFO] [stderr]     Checking cfg-if v0.1.10
[INFO] [stderr]    Compiling proc-macro2 v1.0.21
[INFO] [stderr]     Checking lazy_static v1.4.0
[INFO] [stderr]    Compiling unicode-xid v0.2.1
[INFO] [stderr]    Compiling syn v1.0.41
[INFO] [stderr]    Compiling serde_derive v1.0.116
[INFO] [stderr]    Compiling maybe-uninit v2.0.0
[INFO] [stderr]    Compiling serde v1.0.116
[INFO] [stderr]    Compiling bitflags v1.2.1
[INFO] [stderr]    Compiling byteorder v1.3.4
[INFO] [stderr]    Compiling crc32fast v1.2.0
[INFO] [stderr]    Compiling ryu v1.0.5
[INFO] [stderr]     Checking scopeguard v1.1.0
[INFO] [stderr]     Checking adler v0.2.3
[INFO] [stderr]    Compiling memchr v2.3.3
[INFO] [stderr]     Checking matches v0.1.8
[INFO] [stderr]     Checking hashbrown v0.9.0
[INFO] [stderr]    Compiling serde_json v1.0.57
[INFO] [stderr]     Checking percent-encoding v2.1.0
[INFO] [stderr]     Checking linked-hash-map v0.5.3
[INFO] [stderr]     Checking regex-syntax v0.6.18
[INFO] [stderr]     Checking xml-rs v0.8.3
[INFO] [stderr]     Checking openssl-probe v0.1.2
[INFO] [stderr]     Checking fnv v1.0.7
[INFO] [stderr]     Checking lazycell v1.3.0
[INFO] [stderr]     Checking dirty v0.2.0
[INFO] [stderr]    Compiling crossbeam-utils v0.7.2
[INFO] [stderr]    Compiling memoffset v0.5.5
[INFO] [stderr]    Compiling miniz_oxide v0.4.2
[INFO] [stderr]    Compiling crossbeam-epoch v0.8.2
[INFO] [stderr]    Compiling indexmap v1.6.0
[INFO] [stderr]    Compiling rayon v1.4.0
[INFO] [stderr]     Checking thread_local v1.0.1
[INFO] [stderr]     Checking line-wrap v0.1.1
[INFO] [stderr]     Checking unicode-bidi v0.3.4
[INFO] [stderr]     Checking yaml-rust v0.4.4
[INFO] [stderr]    Compiling libc v0.2.77
[INFO] [stderr]     Checking log v0.4.11
[INFO] [stderr]     Checking dirs-sys-next v0.1.0
[INFO] [stderr]     Checking dirs-next v1.0.1
[INFO] [stderr]     Checking idna v0.2.0
[INFO] [stderr]     Checking chrono v0.4.15
[INFO] [stderr]     Checking aho-corasick v0.7.13
[INFO] [stderr]    Compiling quote v1.0.7
[INFO] [stderr]     Checking crossbeam-channel v0.4.4
[INFO] [stderr]    Compiling jobserver v0.1.21
[INFO] [stderr]    Compiling cc v1.0.59
[INFO] [stderr]     Checking url v2.1.1
[INFO] [stderr]     Checking flate2 v1.0.17
[INFO] [stderr]     Checking crossbeam-deque v0.7.3
[INFO] [stderr]     Checking rayon-core v1.8.0
[INFO] [stderr]     Checking id3 v0.5.1
[INFO] [stderr]    Compiling openssl-sys v0.9.58
[INFO] [stderr]    Compiling libz-sys v1.1.2
[INFO] [stderr]    Compiling libssh2-sys v0.2.19
[INFO] [stderr]    Compiling onig_sys v69.5.1
[INFO] [stderr]    Compiling libgit2-sys v0.12.13+1.0.1
[INFO] [stderr]     Checking regex v1.3.9
[INFO] [stderr]     Checking onig v6.1.0
[INFO] [stderr]     Checking git2 v0.13.11
[INFO] [stderr]     Checking plist v1.0.0
[INFO] [stderr]     Checking bincode v1.3.1
[INFO] [stderr]     Checking toml v0.5.6
[INFO] [stderr]     Checking syntect v4.4.0
[INFO] [stderr]     Checking space55 v0.0.0 (/opt/rustwide/workdir)
[INFO] [stdout] error[E0433]: failed to resolve: use of undeclared type or module `kit`
[INFO] [stdout]  --> src/browser.rs:7:5
[INFO] [stdout]   |
[INFO] [stdout] 7 | use kit::textinput::*;
[INFO] [stdout]   |     ^^^ use of undeclared type or module `kit`
[INFO] [stdout] 
[INFO] [stdout] 
[INFO] [stdout] error[E0433]: failed to resolve: use of undeclared type or module `input`
[INFO] [stdout]    --> src/browser.rs:350:7
[INFO] [stdout]     |
[INFO] [stdout] 350 |         use input::Event::*;
[INFO] [stdout]     |             ^^^^^ use of undeclared type or module `input`
[INFO] [stdout] 
[INFO] [stdout] 
[INFO] [stdout] error[E0433]: failed to resolve: use of undeclared type or module `kit`
[INFO] [stdout]   --> src/bufs/edit.rs:13:5
[INFO] [stdout]    |
[INFO] [stdout] 13 | use kit::textinput::*;
[INFO] [stdout]    |     ^^^ use of undeclared type or module `kit`
[INFO] [stdout] 
[INFO] [stdout] 
[INFO] [stdout] error[E0433]: failed to resolve: use of undeclared type or module `input`
[INFO] [stdout]   --> src/bufs/model.rs:57:7
[INFO] [stdout]    |
[INFO] [stdout] 57 |         use input::Event::*;
[INFO] [stdout]    |             ^^^^^ use of undeclared type or module `input`
[INFO] [stdout] 
[INFO] [stdout] 
[INFO] [stdout] error[E0433]: failed to resolve: use of undeclared type or module `kit`
[INFO] [stdout]  --> src/term.rs:6:5
[INFO] [stdout]   |
[INFO] [stdout] 6 | use kit::textinput::*;
[INFO] [stdout]   |     ^^^ use of undeclared type or module `kit`
[INFO] [stdout] 
[INFO] [stdout] 
[INFO] [stdout] error[E0433]: failed to resolve: use of undeclared type or module `kit`
[INFO] [stdout]  --> src/browser.rs:7:5
[INFO] [stdout]   |
[INFO] [stdout] 7 | use kit::textinput::*;
[INFO] [stdout]   |     ^^^ use of undeclared type or module `kit`
[INFO] [stdout] 
[INFO] [stdout] 
[INFO] [stdout] error[E0433]: failed to resolve: use of undeclared type or module `input`
[INFO] [stdout]    --> src/browser.rs:350:7
[INFO] [stdout]     |
[INFO] [stdout] 350 |         use input::Event::*;
[INFO] [stdout]     |             ^^^^^ use of undeclared type or module `input`
[INFO] [stdout] 
[INFO] [stdout] 
[INFO] [stdout] error[E0433]: failed to resolve: use of undeclared type or module `kit`
[INFO] [stdout]   --> src/bufs/edit.rs:13:5
[INFO] [stdout]    |
[INFO] [stdout] 13 | use kit::textinput::*;
[INFO] [stdout]    |     ^^^ use of undeclared type or module `kit`
[INFO] [stdout] 
[INFO] [stdout] 
[INFO] [stdout] error[E0433]: failed to resolve: use of undeclared type or module `input`
[INFO] [stdout]   --> src/bufs/model.rs:57:7
[INFO] [stdout]    |
[INFO] [stdout] 57 |         use input::Event::*;
[INFO] [stdout]    |             ^^^^^ use of undeclared type or module `input`
[INFO] [stdout] 
[INFO] [stdout] 
[INFO] [stdout] error[E0433]: failed to resolve: use of undeclared type or module `kit`
[INFO] [stdout]  --> src/term.rs:6:5
[INFO] [stdout]   |
[INFO] [stdout] 6 | use kit::textinput::*;
[INFO] [stdout]   |     ^^^ use of undeclared type or module `kit`
[INFO] [stdout] 
[INFO] [stdout] 
[INFO] [stdout] error[E0432]: unresolved imports `kit::textinput::*`, `input::Event::*`, `kit::textinput::*`, `input::Event::*`, `kit::textinput::*`, `math`
[INFO] [stdout]    --> src/main.rs:26:5
[INFO] [stdout]     |
[INFO] [stdout] 26  | use math::*;
[INFO] [stdout]     |     ^^^^ use of undeclared type or module `math`
[INFO] [stdout]     | 
[INFO] [stdout]    ::: src/browser.rs:7:5
[INFO] [stdout]     |
[INFO] [stdout] 7   | use kit::textinput::*;
[INFO] [stdout]     |     ^^^^^^^^^^^^^^^^^
[INFO] [stdout] ...
[INFO] [stdout] 350 |         use input::Event::*;
[INFO] [stdout]     |             ^^^^^^^^^^^^^^^
[INFO] [stdout]     | 
[INFO] [stdout]    ::: src/bufs/edit.rs:13:5
[INFO] [stdout]     |
[INFO] [stdout] 13  | use kit::textinput::*;
[INFO] [stdout]     |     ^^^^^^^^^^^^^^^^^
[INFO] [stdout]     | 
[INFO] [stdout]    ::: src/bufs/model.rs:57:13
[INFO] [stdout]     |
[INFO] [stdout] 57  |         use input::Event::*;
[INFO] [stdout]     |             ^^^^^^^^^^^^^^^
[INFO] [stdout]     | 
[INFO] [stdout]    ::: src/term.rs:6:5
[INFO] [stdout]     |
[INFO] [stdout] 6   | use kit::textinput::*;
[INFO] [stdout]     |     ^^^^^^^^^^^^^^^^^
[INFO] [stdout] 
[INFO] [stdout] 
[INFO] [stdout] error[E0432]: unresolved import `gfx`
[INFO] [stdout]   --> src/main.rs:27:5
[INFO] [stdout]    |
[INFO] [stdout] 27 | use gfx::*;
[INFO] [stdout]    |     ^^^ use of undeclared type or module `gfx`
[INFO] [stdout] 
[INFO] [stdout] 
[INFO] [stdout] error[E0432]: unresolved import `input`
[INFO] [stdout]   --> src/main.rs:28:5
[INFO] [stdout]    |
[INFO] [stdout] 28 | use input::*;
[INFO] [stdout]    |     ^^^^^ use of undeclared type or module `input`
[INFO] [stdout] 
[INFO] [stdout] 
[INFO] [stdout] error: cannot find macro `hmap` in this scope
[INFO] [stdout]   --> src/browser.rs:73:17
[INFO] [stdout]    |
[INFO] [stdout] 73 |             file_status: hmap![],
[INFO] [stdout]    |                          ^^^^
[INFO] [stdout] 
[INFO] [stdout] 
[INFO] [stdout] error: cannot find macro `mat4` in this scope
[INFO] [stdout]    --> src/browser.rs:447:14
[INFO] [stdout]     |
[INFO] [stdout] 447 |         gfx.push_t(mat4!().ty(self.scroll_off), |gfx| {
[INFO] [stdout]     |                    ^^^^
[INFO] [stdout] 
[INFO] [stdout] 
[INFO] [stdout] error: cannot find macro `vec2` in this scope
[INFO] [stdout]    --> src/browser.rs:452:6
[INFO] [stdout]     |
[INFO] [stdout] 452 |                       vec2!(0, cpos as f32 * -LINE_HEIGHT),
[INFO] [stdout]     |                       ^^^^ help: a macro with a similar name exists: `vec`
[INFO] [stdout] 
[INFO] [stdout] 
[INFO] [stdout] error: cannot find macro `vec2` in this scope
[INFO] [stdout]    --> src/browser.rs:453:6
[INFO] [stdout]     |
[INFO] [stdout] 453 |                       vec2!(gfx.width(), (cpos + 1) as f32 * -LINE_HEIGHT),
[INFO] [stdout]     |                       ^^^^ help: a macro with a similar name exists: `vec`
[INFO] [stdout] 
[INFO] [stdout] 
[INFO] [stdout] error: cannot find macro `rgba` in this scope
[INFO] [stdout]    --> src/browser.rs:455:12
[INFO] [stdout]     |
[INFO] [stdout] 455 |                     .fill(rgba!(1, 1, 1, 0.2))
[INFO] [stdout]     |                           ^^^^
[INFO] [stdout] 
[INFO] [stdout] 
[INFO] [stdout] error: cannot find macro `mat4` in this scope
[INFO] [stdout]    --> src/browser.rs:460:5
[INFO] [stdout]     |
[INFO] [stdout] 460 |                 mat4!()
[INFO] [stdout]     |                 ^^^^
[INFO] [stdout] 
[INFO] [stdout] 
[INFO] [stdout] error: cannot find macro `vec2` in this scope
[INFO] [stdout]    --> src/browser.rs:461:10
[INFO] [stdout]     |
[INFO] [stdout] 461 |                       .t2(vec2!(HSPACE, -VSPACE))
[INFO] [stdout]     |                           ^^^^ help: a macro with a similar name exists: `vec`
[INFO] [stdout] 
[INFO] [stdout] 
[INFO] [stdout] error: cannot find macro `rgba` in this scope
[INFO] [stdout]    --> src/browser.rs:466:13
[INFO] [stdout]     |
[INFO] [stdout] 466 |                     .color(rgba!(1, 1, 0, 1))
[INFO] [stdout]     |                            ^^^^
[INFO] [stdout] 
[INFO] [stdout] 
[INFO] [stdout] error[E0432]: unresolved imports `kit::textinput::*`, `input::Event::*`, `kit::textinput::*`, `input::Event::*`, `kit::textinput::*`, `math`
[INFO] [stdout]    --> src/main.rs:26:5
[INFO] [stdout]     |
[INFO] [stdout] 26  | use math::*;
[INFO] [stdout]     |     ^^^^ use of undeclared type or module `math`
[INFO] [stdout]     | 
[INFO] [stdout]    ::: src/browser.rs:7:5
[INFO] [stdout]     |
[INFO] [stdout] 7   | use kit::textinput::*;
[INFO] [stdout]     |     ^^^^^^^^^^^^^^^^^
[INFO] [stdout] ...
[INFO] [stdout] 350 |         use input::Event::*;
[INFO] [stdout]     |             ^^^^^^^^^^^^^^^
[INFO] [stdout]     | 
[INFO] [stdout]    ::: src/bufs/edit.rs:13:5
[INFO] [stdout]     |
[INFO] [stdout] 13  | use kit::textinput::*;
[INFO] [stdout]     |     ^^^^^^^^^^^^^^^^^
[INFO] [stdout]     | 
[INFO] [stdout]    ::: src/bufs/model.rs:57:13
[INFO] [stdout]     |
[INFO] [stdout] 57  |         use input::Event::*;
[INFO] [stdout]     |             ^^^^^^^^^^^^^^^
[INFO] [stdout]     | 
[INFO] [stdout]    ::: src/term.rs:6:5
[INFO] [stdout]     |
[INFO] [stdout] 6   | use kit::textinput::*;
[INFO] [stdout]     |     ^^^^^^^^^^^^^^^^^
[INFO] [stdout] 
[INFO] [stdout] 
[INFO] [stdout] error[E0432]: unresolved import `gfx`
[INFO] [stdout]   --> src/main.rs:27:5
[INFO] [stdout]    |
[INFO] [stdout] 27 | use gfx::*;
[INFO] [stdout]    |     ^^^ use of undeclared type or module `gfx`
[INFO] [stdout] 
[INFO] [stdout] 
[INFO] [stdout] error[E0432]: unresolved import `input`
[INFO] [stdout]   --> src/main.rs:28:5
[INFO] [stdout]    |
[INFO] [stdout] 28 | use input::*;
[INFO] [stdout]    |     ^^^^^ use of undeclared type or module `input`
[INFO] [stdout] 
[INFO] [stdout] 
[INFO] [stdout] error: cannot find macro `hmap` in this scope
[INFO] [stdout]   --> src/browser.rs:73:17
[INFO] [stdout]    |
[INFO] [stdout] 73 |             file_status: hmap![],
[INFO] [stdout]    |                          ^^^^
[INFO] [stdout] 
[INFO] [stdout] 
[INFO] [stdout] error: cannot find macro `mat4` in this scope
[INFO] [stdout]    --> src/browser.rs:447:14
[INFO] [stdout]     |
[INFO] [stdout] 447 |         gfx.push_t(mat4!().ty(self.scroll_off), |gfx| {
[INFO] [stdout]     |                    ^^^^
[INFO] [stdout] 
[INFO] [stdout] 
[INFO] [stdout] error: cannot find macro `vec2` in this scope
[INFO] [stdout]    --> src/browser.rs:452:6
[INFO] [stdout]     |
[INFO] [stdout] 452 |                       vec2!(0, cpos as f32 * -LINE_HEIGHT),
[INFO] [stdout]     |                       ^^^^ help: a macro with a similar name exists: `vec`
[INFO] [stdout] 
[INFO] [stdout] 
[INFO] [stdout] error: cannot find macro `vec2` in this scope
[INFO] [stdout]    --> src/browser.rs:453:6
[INFO] [stdout]     |
[INFO] [stdout] 453 |                       vec2!(gfx.width(), (cpos + 1) as f32 * -LINE_HEIGHT),
[INFO] [stdout]     |                       ^^^^ help: a macro with a similar name exists: `vec`
[INFO] [stdout] 
[INFO] [stdout] 
[INFO] [stdout] error: cannot find macro `rgba` in this scope
[INFO] [stdout]    --> src/browser.rs:455:12
[INFO] [stdout]     |
[INFO] [stdout] 455 |                     .fill(rgba!(1, 1, 1, 0.2))
[INFO] [stdout]     |                           ^^^^
[INFO] [stdout] 
[INFO] [stdout] 
[INFO] [stdout] error: cannot find macro `mat4` in this scope
[INFO] [stdout]    --> src/browser.rs:460:5
[INFO] [stdout]     |
[INFO] [stdout] 460 |                 mat4!()
[INFO] [stdout]     |                 ^^^^
[INFO] [stdout] 
[INFO] [stdout] 
[INFO] [stdout] error: cannot find macro `vec2` in this scope
[INFO] [stdout]    --> src/browser.rs:461:10
[INFO] [stdout]     |
[INFO] [stdout] 461 |                       .t2(vec2!(HSPACE, -VSPACE))
[INFO] [stdout]     |                           ^^^^ help: a macro with a similar name exists: `vec`
[INFO] [stdout] 
[INFO] [stdout] 
[INFO] [stdout] error: cannot find macro `rgba` in this scope
[INFO] [stdout]    --> src/browser.rs:466:13
[INFO] [stdout]     |
[INFO] [stdout] 466 |                     .color(rgba!(1, 1, 0, 1))
[INFO] [stdout]     |                            ^^^^
[INFO] [stdout] 
[INFO] [stdout] 
[INFO] [stdout] error: cannot find macro `rgba` in this scope
[INFO] [stdout]    --> src/browser.rs:474:7
[INFO] [stdout]     |
[INFO] [stdout] 474 |                     (rgba!(0, 1, 1, 1), "/")
[INFO] [stdout]     |                      ^^^^
[INFO] [stdout] 
[INFO] [stdout] 
[INFO] [stdout] error: cannot find macro `rgba` in this scope
[INFO] [stdout]    --> src/browser.rs:476:7
[INFO] [stdout]     |
[INFO] [stdout] 476 |                     (rgba!(1, 1, 1, 1), "")
[INFO] [stdout]     |                      ^^^^
[INFO] [stdout] 
[INFO] [stdout] 
[INFO] [stdout] error: cannot find macro `rgba` in this scope
[INFO] [stdout]    --> src/browser.rs:491:55
[INFO] [stdout]     |
[INFO] [stdout] 491 |                             chunks.push(shapes::TextChunk::colored(" [*]", rgba!(1, 1, 0.5, 1)));
[INFO] [stdout]     |                                                                            ^^^^
[INFO] [stdout] 
[INFO] [stdout] 
[INFO] [stdout] error: cannot find macro `mat4` in this scope
[INFO] [stdout]    --> src/browser.rs:496:7
[INFO] [stdout]     |
[INFO] [stdout] 496 |                         mat4!()
[INFO] [stdout]     |                         ^^^^
[INFO] [stdout] 
[INFO] [stdout] 
[INFO] [stdout] error: cannot find macro `vec2` in this scope
[INFO] [stdout]    --> src/browser.rs:497:12
[INFO] [stdout]     |
[INFO] [stdout] 497 |                               .t2(vec2!(HSPACE, (i + 1) as f32 * -LINE_HEIGHT - VSPACE))
[INFO] [stdout]     |                                   ^^^^ help: a macro with a similar name exists: `vec`
[INFO] [stdout] 
[INFO] [stdout] 
[INFO] [stdout] error: cannot find macro `hmap` in this scope
[INFO] [stdout]   --> src/bufs/edit.rs:37:9
[INFO] [stdout]    |
[INFO] [stdout] 37 |     return hmap![
[INFO] [stdout]    |            ^^^^
[INFO] [stdout] 
[INFO] [stdout] 
[INFO] [stdout] error: cannot find macro `hmap` in this scope
[INFO] [stdout]   --> src/bufs/edit.rs:47:9
[INFO] [stdout]    |
[INFO] [stdout] 47 |     return hmap![
[INFO] [stdout]    |            ^^^^
[INFO] [stdout] 
[INFO] [stdout] 
[INFO] [stdout] error: cannot find macro `hset` in this scope
[INFO] [stdout]   --> src/bufs/edit.rs:55:9
[INFO] [stdout]    |
[INFO] [stdout] 55 |     return hset![' ', ',', '.', ';', ':', '"', '(', ')', '{', '}', '[', ']', '<', '>', '_', '-', '@', '/', '\\', '\'', '\t' ];
[INFO] [stdout]    |            ^^^^
[INFO] [stdout] 
[INFO] [stdout] 
[INFO] [stdout] error: cannot find macro `rgba` in this scope
[INFO] [stdout]    --> src/bufs/edit.rs:218:14
[INFO] [stdout]     |
[INFO] [stdout] 218 |                         color: rgba!(
[INFO] [stdout]     |                                ^^^^
[INFO] [stdout] 
[INFO] [stdout] 
[INFO] [stdout] error: cannot find macro `rgba` in this scope
[INFO] [stdout]    --> src/bufs/edit.rs:235:13
[INFO] [stdout]     |
[INFO] [stdout] 235 |                     color: rgba!(1),
[INFO] [stdout]     |                            ^^^^
[INFO] [stdout] 
[INFO] [stdout] 
[INFO] [stdout] error: cannot find macro `rgba` in this scope
[INFO] [stdout]    --> src/bufs/edit.rs:813:14
[INFO] [stdout]     |
[INFO] [stdout] 813 |                         color: rgba!(
[INFO] [stdout]     |                                ^^^^
[INFO] [stdout] 
[INFO] [stdout] 
[INFO] [stdout] error: cannot find macro `rgba` in this scope
[INFO] [stdout]    --> src/bufs/edit.rs:832:13
[INFO] [stdout]     |
[INFO] [stdout] 832 |                     color: rgba!(1),
[INFO] [stdout]     |                            ^^^^
[INFO] [stdout] 
[INFO] [stdout] 
[INFO] [stdout] error: cannot find macro `rgba` in this scope
[INFO] [stdout]     --> src/bufs/edit.rs:1278:23
[INFO] [stdout]      |
[INFO] [stdout] 1278 |                         Mode::Normal => rgba!(1),
[INFO] [stdout]      |                                         ^^^^
[INFO] [stdout] 
[INFO] [stdout] 
[INFO] [stdout] error: cannot find macro `rgba` in this scope
[INFO] [stdout]     --> src/bufs/edit.rs:1279:23
[INFO] [stdout]      |
[INFO] [stdout] 1279 |                         Mode::Insert => rgba!(0, 1, 1, 1),
[INFO] [stdout]      |                                         ^^^^
[INFO] [stdout] 
[INFO] [stdout] 
[INFO] [stdout] error: cannot find macro `rgba` in this scope
[INFO] [stdout]     --> src/bufs/edit.rs:1280:23
[INFO] [stdout]      |
[INFO] [stdout] 1280 |                         Mode::Select => rgba!(1),
[INFO] [stdout]      |                                         ^^^^
[INFO] [stdout] 
[INFO] [stdout] 
[INFO] [stdout] error: cannot find macro `rgba` in this scope
[INFO] [stdout]     --> src/bufs/edit.rs:1281:24
[INFO] [stdout]      |
[INFO] [stdout] 1281 |                         Mode::Command => rgba!(1, 1, 1, 0),
[INFO] [stdout]      |                                          ^^^^
[INFO] [stdout] 
[INFO] [stdout] 
[INFO] [stdout] error: cannot find macro `vec2` in this scope
[INFO] [stdout]     --> src/bufs/edit.rs:1291:15
[INFO] [stdout]      |
[INFO] [stdout] 1291 |                                   pos + vec2!(0, -y + padding),
[INFO] [stdout]      |                                         ^^^^ help: a macro with a similar name exists: `vec`
[INFO] [stdout] 
[INFO] [stdout] 
[INFO] [stdout] error: cannot find macro `vec2` in this scope
[INFO] [stdout]     --> src/bufs/edit.rs:1292:15
[INFO] [stdout]      |
[INFO] [stdout] 1292 |                                   pos + vec2!(12.0, -y - FONT_SIZE - padding)
[INFO] [stdout]      |                                         ^^^^ help: a macro with a similar name exists: `vec`
[INFO] [stdout] 
[INFO] [stdout] 
[INFO] [stdout] error: cannot find macro `vec2` in this scope
[INFO] [stdout]     --> src/bufs/edit.rs:1301:9
[INFO] [stdout]      |
[INFO] [stdout] 1301 |                                   vec2!(0, -y + padding),
[INFO] [stdout]      |                                   ^^^^ help: a macro with a similar name exists: `vec`
[INFO] [stdout] 
[INFO] [stdout] 
[INFO] [stdout] error: cannot find macro `vec2` in this scope
[INFO] [stdout]     --> src/bufs/edit.rs:1302:9
[INFO] [stdout]      |
[INFO] [stdout] 1302 |                                   vec2!(vw, -y - FONT_SIZE - padding)
[INFO] [stdout]      |                                   ^^^^ help: a macro with a similar name exists: `vec`
[INFO] [stdout] 
[INFO] [stdout] 
[INFO] [stdout] error: cannot find macro `rgba` in this scope
[INFO] [stdout]     --> src/bufs/edit.rs:1304:15
[INFO] [stdout]      |
[INFO] [stdout] 1304 |                                 .fill(rgba!(1, 1, 1, 0.1))
[INFO] [stdout]      |                                       ^^^^
[INFO] [stdout] 
[INFO] [stdout] 
[INFO] [stdout] error: cannot find macro `mat4` in this scope
[INFO] [stdout]     --> src/bufs/edit.rs:1313:6
[INFO] [stdout]      |
[INFO] [stdout] 1313 |                     mat4!()
[INFO] [stdout]      |                     ^^^^
[INFO] [stdout] 
[INFO] [stdout] 
[INFO] [stdout] error: cannot find macro `rgba` in this scope
[INFO] [stdout]     --> src/bufs/edit.rs:1330:31
[INFO] [stdout]      |
[INFO] [stdout] 1330 |             Mode::Normal => ("normal", rgba!(0.5, 1, 1, 1)),
[INFO] [stdout]      |                                        ^^^^
[INFO] [stdout] 
[INFO] [stdout] 
[INFO] [stdout] error: cannot find macro `rgba` in this scope
[INFO] [stdout]     --> src/bufs/edit.rs:1331:31
[INFO] [stdout]      |
[INFO] [stdout] 1331 |             Mode::Insert => ("insert", rgba!(0.5, 1, 0.5, 1)),
[INFO] [stdout]      |                                        ^^^^
[INFO] [stdout] 
[INFO] [stdout] 
[INFO] [stdout] error: cannot find macro `rgba` in this scope
[INFO] [stdout]     --> src/bufs/edit.rs:1332:31
[INFO] [stdout]      |
[INFO] [stdout] 1332 |             Mode::Select => ("select", rgba!(1, 0.5, 0.5, 1)),
[INFO] [stdout]      |                                        ^^^^
[INFO] [stdout] 
[INFO] [stdout] 
[INFO] [stdout] error: cannot find macro `rgba` in this scope
[INFO] [stdout]     --> src/bufs/edit.rs:1333:33
[INFO] [stdout]      |
[INFO] [stdout] 1333 |             Mode::Command => ("command", rgba!(1, 1, 0.5, 1)),
[INFO] [stdout]      |                                          ^^^^
[INFO] [stdout] 
[INFO] [stdout] 
[INFO] [stdout] error: cannot find macro `vec2` in this scope
[INFO] [stdout]     --> src/bufs/edit.rs:1338:5
[INFO] [stdout]      |
[INFO] [stdout] 1338 |                   vec2!(0, -vh + FONT_SIZE + LINE_SPACING * 2.0),
[INFO] [stdout]      |                   ^^^^ help: a macro with a similar name exists: `vec`
[INFO] [stdout] 
[INFO] [stdout] 
[INFO] [stdout] error: cannot find macro `vec2` in this scope
[INFO] [stdout]     --> src/bufs/edit.rs:1339:5
[INFO] [stdout]      |
[INFO] [stdout] 1339 |                   vec2!(vw, -vh),
[INFO] [stdout]      |                   ^^^^ help: a macro with a similar name exists: `vec`
[INFO] [stdout] 
[INFO] [stdout] 
[INFO] [stdout] error: cannot find macro `mat4` in this scope
[INFO] [stdout]     --> src/bufs/edit.rs:1345:4
[INFO] [stdout]      |
[INFO] [stdout] 1345 |             mat4!()
[INFO] [stdout]      |             ^^^^
[INFO] [stdout] 
[INFO] [stdout] 
[INFO] [stdout] error: cannot find macro `vec2` in this scope
[INFO] [stdout]     --> src/bufs/edit.rs:1346:9
[INFO] [stdout]      |
[INFO] [stdout] 1346 |                   .t2(vec2!(LINE_SPACING, -vh + LINE_SPACING))
[INFO] [stdout]      |                       ^^^^ help: a macro with a similar name exists: `vec`
[INFO] [stdout] 
[INFO] [stdout] 
[INFO] [stdout] error: cannot find macro `rgba` in this scope
[INFO] [stdout]     --> src/bufs/edit.rs:1351:12
[INFO] [stdout]      |
[INFO] [stdout] 1351 |                 .color(rgba!(0, 0, 0, 1))
[INFO] [stdout]      |                        ^^^^
[INFO] [stdout] 
[INFO] [stdout] 
[INFO] [stdout] error: cannot find macro `mat4` in this scope
[INFO] [stdout]     --> src/bufs/edit.rs:1355:4
[INFO] [stdout]      |
[INFO] [stdout] 1355 |             mat4!()
[INFO] [stdout]      |             ^^^^
[INFO] [stdout] 
[INFO] [stdout] 
[INFO] [stdout] error: cannot find macro `vec2` in this scope
[INFO] [stdout]     --> src/bufs/edit.rs:1356:9
[INFO] [stdout]      |
[INFO] [stdout] 1356 |                   .t2(vec2!(vw - LINE_SPACING, -vh + LINE_SPACING))
[INFO] [stdout]      |                       ^^^^ help: a macro with a similar name exists: `vec`
[INFO] [stdout] 
[INFO] [stdout] 
[INFO] [stdout] error: cannot find macro `rgba` in this scope
[INFO] [stdout]     --> src/bufs/edit.rs:1361:12
[INFO] [stdout]      |
[INFO] [stdout] 1361 |                 .color(rgba!(0, 0, 0, 1))
[INFO] [stdout]      |                        ^^^^
[INFO] [stdout] 
[INFO] [stdout] 
[INFO] [stdout] error: cannot find macro `vec2` in this scope
[INFO] [stdout]     --> src/bufs/edit.rs:1368:6
[INFO] [stdout]      |
[INFO] [stdout] 1368 |                       vec2!(0, -vh + FONT_SIZE + 4.0 + FONT_SIZE),
[INFO] [stdout]      |                       ^^^^ help: a macro with a similar name exists: `vec`
[INFO] [stdout] 
[INFO] [stdout] 
[INFO] [stdout] error: cannot find macro `vec2` in this scope
[INFO] [stdout]     --> src/bufs/edit.rs:1369:6
[INFO] [stdout]      |
[INFO] [stdout] 1369 |                       vec2!(vw, -vh + FONT_SIZE + 4.0),
[INFO] [stdout]      |                       ^^^^ help: a macro with a similar name exists: `vec`
[INFO] [stdout] 
[INFO] [stdout] 
[INFO] [stdout] error: cannot find macro `rgba` in this scope
[INFO] [stdout]     --> src/bufs/edit.rs:1371:12
[INFO] [stdout]      |
[INFO] [stdout] 1371 |                     .fill(rgba!(0, 0, 0, 1))
[INFO] [stdout]      |                           ^^^^
[INFO] [stdout] 
[INFO] [stdout] 
[INFO] [stdout] error: cannot find macro `mat4` in this scope
[INFO] [stdout]     --> src/bufs/edit.rs:1381:6
[INFO] [stdout]      |
[INFO] [stdout] 1381 |                     mat4!()
[INFO] [stdout]      |                     ^^^^
[INFO] [stdout] 
[INFO] [stdout] 
[INFO] [stdout] error: cannot find macro `vec2` in this scope
[INFO] [stdout]     --> src/bufs/edit.rs:1382:11
[INFO] [stdout]      |
[INFO] [stdout] 1382 |                           .t2(vec2!(0, -vh + FONT_SIZE + LINE_SPACING * 2.0))
[INFO] [stdout]      |                               ^^^^ help: a macro with a similar name exists: `vec`
[INFO] [stdout] 
[INFO] [stdout] 
[INFO] [stdout] error: cannot find macro `vec2` in this scope
[INFO] [stdout]     --> src/bufs/edit.rs:1385:20
[INFO] [stdout]      |
[INFO] [stdout] 1385 |                       &shapes::rect(vec2!(0), vec2!(12.0, FONT_SIZE)),
[INFO] [stdout]      |                                     ^^^^ help: a macro with a similar name exists: `vec`
[INFO] [stdout] 
[INFO] [stdout] 
[INFO] [stdout] error: cannot find macro `vec2` in this scope
[INFO] [stdout]     --> src/bufs/edit.rs:1385:30
[INFO] [stdout]      |
[INFO] [stdout] 1385 |                       &shapes::rect(vec2!(0), vec2!(12.0, FONT_SIZE)),
[INFO] [stdout]      |                                               ^^^^ help: a macro with a similar name exists: `vec`
[INFO] [stdout] 
[INFO] [stdout] 
[INFO] [stdout] error: cannot find macro `mat4` in this scope
[INFO] [stdout]     --> src/bufs/edit.rs:1390:5
[INFO] [stdout]      |
[INFO] [stdout] 1390 |                 mat4!()
[INFO] [stdout]      |                 ^^^^
[INFO] [stdout] 
[INFO] [stdout] 
[INFO] [stdout] error: cannot find macro `vec2` in this scope
[INFO] [stdout]     --> src/bufs/edit.rs:1391:10
[INFO] [stdout]      |
[INFO] [stdout] 1391 |                       .t2(vec2!(0, -vh + FONT_SIZE + LINE_SPACING * 2.0))
[INFO] [stdout]      |                           ^^^^ help: a macro with a similar name exists: `vec`
[INFO] [stdout] 
[INFO] [stdout] 
[INFO] [stdout] error: cannot find macro `vec2` in this scope
[INFO] [stdout]   --> src/bufs/img.rs:31:9
[INFO] [stdout]    |
[INFO] [stdout] 31 |               pos: vec2!(),
[INFO] [stdout]    |                    ^^^^ help: a macro with a similar name exists: `vec`
[INFO] [stdout] 
[INFO] [stdout] 
[INFO] [stdout] error: cannot find macro `vec2` in this scope
[INFO] [stdout]   --> src/bufs/img.rs:58:18
[INFO] [stdout]    |
[INFO] [stdout] 58 |                           self.pos = vec2!(0);
[INFO] [stdout]    |                                      ^^^^ help: a macro with a similar name exists: `vec`
[INFO] [stdout] 
[INFO] [stdout] 
[INFO] [stdout] error: cannot find macro `vec2` in this scope
[INFO] [stdout]   --> src/bufs/img.rs:73:19
[INFO] [stdout]    |
[INFO] [stdout] 73 |                           self.pos += vec2!(d.x, d.y);
[INFO] [stdout]    |                                       ^^^^ help: a macro with a similar name exists: `vec`
[INFO] [stdout] 
[INFO] [stdout] 
[INFO] [stdout] error: cannot find macro `vec2` in this scope
[INFO] [stdout]   --> src/bufs/img.rs:74:33
[INFO] [stdout]    |
[INFO] [stdout] 74 |                           self.pos = self.pos.clamp(vec2!(-200), vec2!(200));
[INFO] [stdout]    |                                                     ^^^^ help: a macro with a similar name exists: `vec`
[INFO] [stdout] 
[INFO] [stdout] 
[INFO] [stdout] error: cannot find macro `vec2` in this scope
[INFO] [stdout]   --> src/bufs/img.rs:74:46
[INFO] [stdout]    |
[INFO] [stdout] 74 |                           self.pos = self.pos.clamp(vec2!(-200), vec2!(200));
[INFO] [stdout]    |                                                                  ^^^^ help: a macro with a similar name exists: `vec`
[INFO] [stdout] 
[INFO] [stdout] 
[INFO] [stdout] error: cannot find macro `mat4` in this scope
[INFO] [stdout]    --> src/bufs/img.rs:107:5
[INFO] [stdout]     |
[INFO] [stdout] 107 |                 mat4!()
[INFO] [stdout]     |                 ^^^^
[INFO] [stdout] 
[INFO] [stdout] 
[INFO] [stdout] error: cannot find macro `vec2` in this scope
[INFO] [stdout]    --> src/bufs/img.rs:108:10
[INFO] [stdout]     |
[INFO] [stdout] 108 |                       .t2(vec2!(vw, -vh) * 0.5 + self.pos)
[INFO] [stdout]     |                           ^^^^ help: a macro with a similar name exists: `vec`
[INFO] [stdout] 
[INFO] [stdout] 
[INFO] [stdout] error: cannot find macro `vec2` in this scope
[INFO] [stdout]    --> src/bufs/img.rs:109:10
[INFO] [stdout]     |
[INFO] [stdout] 109 |                       .s2(vec2!(self.scale))
[INFO] [stdout]     |                           ^^^^ help: a macro with a similar name exists: `vec`
[INFO] [stdout] 
[INFO] [stdout] 
[INFO] [stdout] error: cannot find macro `mat4` in this scope
[INFO] [stdout]    --> src/bufs/img.rs:116:5
[INFO] [stdout]     |
[INFO] [stdout] 116 |                 mat4!()
[INFO] [stdout]     |                 ^^^^
[INFO] [stdout] 
[INFO] [stdout] 
[INFO] [stdout] error: cannot find macro `rgba` in this scope
[INFO] [stdout]    --> src/browser.rs:474:7
[INFO] [stdout]     |
[INFO] [stdout] 474 |                     (rgba!(0, 1, 1, 1), "/")
[INFO] [stdout]     |                      ^^^^
[INFO] [stdout] 
[INFO] [stdout] 
[INFO] [stdout] error: cannot find macro `rgba` in this scope
[INFO] [stdout]    --> src/browser.rs:476:7
[INFO] [stdout]     |
[INFO] [stdout] 476 |                     (rgba!(1, 1, 1, 1), "")
[INFO] [stdout]     |                      ^^^^
[INFO] [stdout] 
[INFO] [stdout] 
[INFO] [stdout] error: cannot find macro `rgba` in this scope
[INFO] [stdout]    --> src/browser.rs:491:55
[INFO] [stdout]     |
[INFO] [stdout] 491 |                             chunks.push(shapes::TextChunk::colored(" [*]", rgba!(1, 1, 0.5, 1)));
[INFO] [stdout]     |                                                                            ^^^^
[INFO] [stdout] 
[INFO] [stdout] 
[INFO] [stdout] error: cannot find macro `mat4` in this scope
[INFO] [stdout]    --> src/browser.rs:496:7
[INFO] [stdout]     |
[INFO] [stdout] 496 |                         mat4!()
[INFO] [stdout]     |                         ^^^^
[INFO] [stdout] 
[INFO] [stdout] 
[INFO] [stdout] error: cannot find macro `vec2` in this scope
[INFO] [stdout]    --> src/browser.rs:497:12
[INFO] [stdout]     |
[INFO] [stdout] 497 |                               .t2(vec2!(HSPACE, (i + 1) as f32 * -LINE_HEIGHT - VSPACE))
[INFO] [stdout]     |                                   ^^^^ help: a macro with a similar name exists: `vec`
[INFO] [stdout] 
[INFO] [stdout] 
[INFO] [stdout] error: cannot find macro `hmap` in this scope
[INFO] [stdout]   --> src/bufs/edit.rs:37:9
[INFO] [stdout]    |
[INFO] [stdout] 37 |     return hmap![
[INFO] [stdout]    |            ^^^^
[INFO] [stdout] 
[INFO] [stdout] 
[INFO] [stdout] error: cannot find macro `hmap` in this scope
[INFO] [stdout]   --> src/bufs/edit.rs:47:9
[INFO] [stdout]    |
[INFO] [stdout] 47 |     return hmap![
[INFO] [stdout]    |            ^^^^
[INFO] [stdout] 
[INFO] [stdout] 
[INFO] [stdout] error: cannot find macro `hset` in this scope
[INFO] [stdout]   --> src/bufs/edit.rs:55:9
[INFO] [stdout]    |
[INFO] [stdout] 55 |     return hset![' ', ',', '.', ';', ':', '"', '(', ')', '{', '}', '[', ']', '<', '>', '_', '-', '@', '/', '\\', '\'', '\t' ];
[INFO] [stdout]    |            ^^^^
[INFO] [stdout] 
[INFO] [stdout] 
[INFO] [stdout] error: cannot find macro `rgba` in this scope
[INFO] [stdout]    --> src/bufs/edit.rs:218:14
[INFO] [stdout]     |
[INFO] [stdout] 218 |                         color: rgba!(
[INFO] [stdout]     |                                ^^^^
[INFO] [stdout] 
[INFO] [stdout] 
[INFO] [stdout] error: cannot find macro `rgba` in this scope
[INFO] [stdout]    --> src/bufs/edit.rs:235:13
[INFO] [stdout]     |
[INFO] [stdout] 235 |                     color: rgba!(1),
[INFO] [stdout]     |                            ^^^^
[INFO] [stdout] 
[INFO] [stdout] 
[INFO] [stdout] error: cannot find macro `rgba` in this scope
[INFO] [stdout]    --> src/bufs/edit.rs:813:14
[INFO] [stdout]     |
[INFO] [stdout] 813 |                         color: rgba!(
[INFO] [stdout]     |                                ^^^^
[INFO] [stdout] 
[INFO] [stdout] 
[INFO] [stdout] error: cannot find macro `rgba` in this scope
[INFO] [stdout]    --> src/bufs/edit.rs:832:13
[INFO] [stdout]     |
[INFO] [stdout] 832 |                     color: rgba!(1),
[INFO] [stdout]     |                            ^^^^
[INFO] [stdout] 
[INFO] [stdout] 
[INFO] [stdout] error: cannot find macro `rgba` in this scope
[INFO] [stdout]     --> src/bufs/edit.rs:1278:23
[INFO] [stdout]      |
[INFO] [stdout] 1278 |                         Mode::Normal => rgba!(1),
[INFO] [stdout]      |                                         ^^^^
[INFO] [stdout] 
[INFO] [stdout] 
[INFO] [stdout] error: cannot find macro `rgba` in this scope
[INFO] [stdout]     --> src/bufs/edit.rs:1279:23
[INFO] [stdout]      |
[INFO] [stdout] 1279 |                         Mode::Insert => rgba!(0, 1, 1, 1),
[INFO] [stdout]      |                                         ^^^^
[INFO] [stdout] 
[INFO] [stdout] 
[INFO] [stdout] error: cannot find macro `rgba` in this scope
[INFO] [stdout]     --> src/bufs/edit.rs:1280:23
[INFO] [stdout]      |
[INFO] [stdout] 1280 |                         Mode::Select => rgba!(1),
[INFO] [stdout]      |                                         ^^^^
[INFO] [stdout] 
[INFO] [stdout] 
[INFO] [stdout] error: cannot find macro `rgba` in this scope
[INFO] [stdout]     --> src/bufs/edit.rs:1281:24
[INFO] [stdout]      |
[INFO] [stdout] 1281 |                         Mode::Command => rgba!(1, 1, 1, 0),
[INFO] [stdout]      |                                          ^^^^
[INFO] [stdout] 
[INFO] [stdout] 
[INFO] [stdout] error: cannot find macro `vec2` in this scope
[INFO] [stdout]     --> src/bufs/edit.rs:1291:15
[INFO] [stdout]      |
[INFO] [stdout] 1291 |                                   pos + vec2!(0, -y + padding),
[INFO] [stdout]      |                                         ^^^^ help: a macro with a similar name exists: `vec`
[INFO] [stdout] 
[INFO] [stdout] 
[INFO] [stdout] error: cannot find macro `vec2` in this scope
[INFO] [stdout]     --> src/bufs/edit.rs:1292:15
[INFO] [stdout]      |
[INFO] [stdout] 1292 |                                   pos + vec2!(12.0, -y - FONT_SIZE - padding)
[INFO] [stdout]      |                                         ^^^^ help: a macro with a similar name exists: `vec`
[INFO] [stdout] 
[INFO] [stdout] 
[INFO] [stdout] error: cannot find macro `vec2` in this scope
[INFO] [stdout]     --> src/bufs/edit.rs:1301:9
[INFO] [stdout]      |
[INFO] [stdout] 1301 |                                   vec2!(0, -y + padding),
[INFO] [stdout]      |                                   ^^^^ help: a macro with a similar name exists: `vec`
[INFO] [stdout] 
[INFO] [stdout] 
[INFO] [stdout] error: cannot find macro `vec2` in this scope
[INFO] [stdout]     --> src/bufs/edit.rs:1302:9
[INFO] [stdout]      |
[INFO] [stdout] 1302 |                                   vec2!(vw, -y - FONT_SIZE - padding)
[INFO] [stdout]      |                                   ^^^^ help: a macro with a similar name exists: `vec`
[INFO] [stdout] 
[INFO] [stdout] 
[INFO] [stdout] error: cannot find macro `rgba` in this scope
[INFO] [stdout]     --> src/bufs/edit.rs:1304:15
[INFO] [stdout]      |
[INFO] [stdout] 1304 |                                 .fill(rgba!(1, 1, 1, 0.1))
[INFO] [stdout]      |                                       ^^^^
[INFO] [stdout] 
[INFO] [stdout] 
[INFO] [stdout] error: cannot find macro `mat4` in this scope
[INFO] [stdout]     --> src/bufs/edit.rs:1313:6
[INFO] [stdout]      |
[INFO] [stdout] 1313 |                     mat4!()
[INFO] [stdout]      |                     ^^^^
[INFO] [stdout] 
[INFO] [stdout] 
[INFO] [stdout] error: cannot find macro `rgba` in this scope
[INFO] [stdout]     --> src/bufs/edit.rs:1330:31
[INFO] [stdout]      |
[INFO] [stdout] 1330 |             Mode::Normal => ("normal", rgba!(0.5, 1, 1, 1)),
[INFO] [stdout]      |                                        ^^^^
[INFO] [stdout] 
[INFO] [stdout] 
[INFO] [stdout] error: cannot find macro `rgba` in this scope
[INFO] [stdout]     --> src/bufs/edit.rs:1331:31
[INFO] [stdout]      |
[INFO] [stdout] 1331 |             Mode::Insert => ("insert", rgba!(0.5, 1, 0.5, 1)),
[INFO] [stdout]      |                                        ^^^^
[INFO] [stdout] 
[INFO] [stdout] 
[INFO] [stdout] error: cannot find macro `rgba` in this scope
[INFO] [stdout]     --> src/bufs/edit.rs:1332:31
[INFO] [stdout]      |
[INFO] [stdout] 1332 |             Mode::Select => ("select", rgba!(1, 0.5, 0.5, 1)),
[INFO] [stdout]      |                                        ^^^^
[INFO] [stdout] 
[INFO] [stdout] 
[INFO] [stdout] error: cannot find macro `rgba` in this scope
[INFO] [stdout]     --> src/bufs/edit.rs:1333:33
[INFO] [stdout]      |
[INFO] [stdout] 1333 |             Mode::Command => ("command", rgba!(1, 1, 0.5, 1)),
[INFO] [stdout]      |                                          ^^^^
[INFO] [stdout] 
[INFO] [stdout] 
[INFO] [stdout] error: cannot find macro `vec2` in this scope
[INFO] [stdout]     --> src/bufs/edit.rs:1338:5
[INFO] [stdout]      |
[INFO] [stdout] 1338 |                   vec2!(0, -vh + FONT_SIZE + LINE_SPACING * 2.0),
[INFO] [stdout]      |                   ^^^^ help: a macro with a similar name exists: `vec`
[INFO] [stdout] 
[INFO] [stdout] 
[INFO] [stdout] error: cannot find macro `vec2` in this scope
[INFO] [stdout]     --> src/bufs/edit.rs:1339:5
[INFO] [stdout]      |
[INFO] [stdout] 1339 |                   vec2!(vw, -vh),
[INFO] [stdout]      |                   ^^^^ help: a macro with a similar name exists: `vec`
[INFO] [stdout] 
[INFO] [stdout] 
[INFO] [stdout] error: cannot find macro `mat4` in this scope
[INFO] [stdout]     --> src/bufs/edit.rs:1345:4
[INFO] [stdout]      |
[INFO] [stdout] 1345 |             mat4!()
[INFO] [stdout]      |             ^^^^
[INFO] [stdout] 
[INFO] [stdout] 
[INFO] [stdout] error: cannot find macro `vec2` in this scope
[INFO] [stdout]     --> src/bufs/edit.rs:1346:9
[INFO] [stdout]      |
[INFO] [stdout] 1346 |                   .t2(vec2!(LINE_SPACING, -vh + LINE_SPACING))
[INFO] [stdout]      |                       ^^^^ help: a macro with a similar name exists: `vec`
[INFO] [stdout] 
[INFO] [stdout] 
[INFO] [stdout] error: cannot find macro `rgba` in this scope
[INFO] [stdout]     --> src/bufs/edit.rs:1351:12
[INFO] [stdout]      |
[INFO] [stdout] 1351 |                 .color(rgba!(0, 0, 0, 1))
[INFO] [stdout]      |                        ^^^^
[INFO] [stdout] 
[INFO] [stdout] 
[INFO] [stdout] error: cannot find macro `mat4` in this scope
[INFO] [stdout]     --> src/bufs/edit.rs:1355:4
[INFO] [stdout]      |
[INFO] [stdout] 1355 |             mat4!()
[INFO] [stdout]      |             ^^^^
[INFO] [stdout] 
[INFO] [stdout] 
[INFO] [stdout] error: cannot find macro `vec2` in this scope
[INFO] [stdout]     --> src/bufs/edit.rs:1356:9
[INFO] [stdout]      |
[INFO] [stdout] 1356 |                   .t2(vec2!(vw - LINE_SPACING, -vh + LINE_SPACING))
[INFO] [stdout]      |                       ^^^^ help: a macro with a similar name exists: `vec`
[INFO] [stdout] 
[INFO] [stdout] 
[INFO] [stdout] error: cannot find macro `rgba` in this scope
[INFO] [stdout]     --> src/bufs/edit.rs:1361:12
[INFO] [stdout]      |
[INFO] [stdout] 1361 |                 .color(rgba!(0, 0, 0, 1))
[INFO] [stdout]      |                        ^^^^
[INFO] [stdout] 
[INFO] [stdout] 
[INFO] [stdout] error: cannot find macro `vec2` in this scope
[INFO] [stdout]     --> src/bufs/edit.rs:1368:6
[INFO] [stdout]      |
[INFO] [stdout] 1368 |                       vec2!(0, -vh + FONT_SIZE + 4.0 + FONT_SIZE),
[INFO] [stdout]      |                       ^^^^ help: a macro with a similar name exists: `vec`
[INFO] [stdout] 
[INFO] [stdout] 
[INFO] [stdout] error: cannot find macro `vec2` in this scope
[INFO] [stdout]     --> src/bufs/edit.rs:1369:6
[INFO] [stdout]      |
[INFO] [stdout] 1369 |                       vec2!(vw, -vh + FONT_SIZE + 4.0),
[INFO] [stdout]      |                       ^^^^ help: a macro with a similar name exists: `vec`
[INFO] [stdout] 
[INFO] [stdout] 
[INFO] [stdout] error: cannot find macro `rgba` in this scope
[INFO] [stdout]     --> src/bufs/edit.rs:1371:12
[INFO] [stdout]      |
[INFO] [stdout] 1371 |                     .fill(rgba!(0, 0, 0, 1))
[INFO] [stdout]      |                           ^^^^
[INFO] [stdout] 
[INFO] [stdout] 
[INFO] [stdout] error: cannot find macro `mat4` in this scope
[INFO] [stdout]     --> src/bufs/edit.rs:1381:6
[INFO] [stdout]      |
[INFO] [stdout] 1381 |                     mat4!()
[INFO] [stdout]      |                     ^^^^
[INFO] [stdout] 
[INFO] [stdout] 
[INFO] [stdout] error: cannot find macro `vec2` in this scope
[INFO] [stdout]     --> src/bufs/edit.rs:1382:11
[INFO] [stdout]      |
[INFO] [stdout] 1382 |                           .t2(vec2!(0, -vh + FONT_SIZE + LINE_SPACING * 2.0))
[INFO] [stdout]      |                               ^^^^ help: a macro with a similar name exists: `vec`
[INFO] [stdout] 
[INFO] [stdout] 
[INFO] [stdout] error: cannot find macro `vec2` in this scope
[INFO] [stdout]     --> src/bufs/edit.rs:1385:20
[INFO] [stdout]      |
[INFO] [stdout] 1385 |                       &shapes::rect(vec2!(0), vec2!(12.0, FONT_SIZE)),
[INFO] [stdout]      |                                     ^^^^ help: a macro with a similar name exists: `vec`
[INFO] [stdout] 
[INFO] [stdout] 
[INFO] [stdout] error: cannot find macro `vec2` in this scope
[INFO] [stdout]     --> src/bufs/edit.rs:1385:30
[INFO] [stdout]      |
[INFO] [stdout] 1385 |                       &shapes::rect(vec2!(0), vec2!(12.0, FONT_SIZE)),
[INFO] [stdout]      |                                               ^^^^ help: a macro with a similar name exists: `vec`
[INFO] [stdout] 
[INFO] [stdout] 
[INFO] [stdout] error: cannot find macro `mat4` in this scope
[INFO] [stdout]     --> src/bufs/edit.rs:1390:5
[INFO] [stdout]      |
[INFO] [stdout] 1390 |                 mat4!()
[INFO] [stdout]      |                 ^^^^
[INFO] [stdout] 
[INFO] [stdout] 
[INFO] [stdout] error: cannot find macro `vec2` in this scope
[INFO] [stdout]     --> src/bufs/edit.rs:1391:10
[INFO] [stdout]      |
[INFO] [stdout] 1391 |                       .t2(vec2!(0, -vh + FONT_SIZE + LINE_SPACING * 2.0))
[INFO] [stdout]      |                           ^^^^ help: a macro with a similar name exists: `vec`
[INFO] [stdout] 
[INFO] [stdout] 
[INFO] [stdout] error: cannot find macro `vec2` in this scope
[INFO] [stdout]   --> src/bufs/img.rs:31:9
[INFO] [stdout]    |
[INFO] [stdout] 31 |               pos: vec2!(),
[INFO] [stdout]    |                    ^^^^ help: a macro with a similar name exists: `vec`
[INFO] [stdout] 
[INFO] [stdout] 
[INFO] [stdout] error: cannot find macro `vec2` in this scope
[INFO] [stdout]   --> src/bufs/img.rs:58:18
[INFO] [stdout]    |
[INFO] [stdout] 58 |                           self.pos = vec2!(0);
[INFO] [stdout]    |                                      ^^^^ help: a macro with a similar name exists: `vec`
[INFO] [stdout] 
[INFO] [stdout] 
[INFO] [stdout] error: cannot find macro `vec2` in this scope
[INFO] [stdout]   --> src/bufs/img.rs:73:19
[INFO] [stdout]    |
[INFO] [stdout] 73 |                           self.pos += vec2!(d.x, d.y);
[INFO] [stdout]    |                                       ^^^^ help: a macro with a similar name exists: `vec`
[INFO] [stdout] 
[INFO] [stdout] 
[INFO] [stdout] error: cannot find macro `vec2` in this scope
[INFO] [stdout]   --> src/bufs/img.rs:74:33
[INFO] [stdout]    |
[INFO] [stdout] 74 |                           self.pos = self.pos.clamp(vec2!(-200), vec2!(200));
[INFO] [stdout]    |                                                     ^^^^ help: a macro with a similar name exists: `vec`
[INFO] [stdout] 
[INFO] [stdout] 
[INFO] [stdout] error: cannot find macro `vec2` in this scope
[INFO] [stdout]   --> src/bufs/img.rs:74:46
[INFO] [stdout]    |
[INFO] [stdout] 74 |                           self.pos = self.pos.clamp(vec2!(-200), vec2!(200));
[INFO] [stdout]    |                                                                  ^^^^ help: a macro with a similar name exists: `vec`
[INFO] [stdout] 
[INFO] [stdout] 
[INFO] [stdout] error: cannot find macro `mat4` in this scope
[INFO] [stdout]    --> src/bufs/img.rs:107:5
[INFO] [stdout]     |
[INFO] [stdout] 107 |                 mat4!()
[INFO] [stdout]     |                 ^^^^
[INFO] [stdout] 
[INFO] [stdout] 
[INFO] [stdout] error: cannot find macro `vec2` in this scope
[INFO] [stdout]    --> src/bufs/img.rs:108:10
[INFO] [stdout]     |
[INFO] [stdout] 108 |                       .t2(vec2!(vw, -vh) * 0.5 + self.pos)
[INFO] [stdout]     |                           ^^^^ help: a macro with a similar name exists: `vec`
[INFO] [stdout] 
[INFO] [stdout] 
[INFO] [stdout] error: cannot find macro `vec2` in this scope
[INFO] [stdout]    --> src/bufs/img.rs:109:10
[INFO] [stdout]     |
[INFO] [stdout] 109 |                       .s2(vec2!(self.scale))
[INFO] [stdout]     |                           ^^^^ help: a macro with a similar name exists: `vec`
[INFO] [stdout] 
[INFO] [stdout] 
[INFO] [stdout] error: cannot find macro `mat4` in this scope
[INFO] [stdout]    --> src/bufs/img.rs:116:5
[INFO] [stdout]     |
[INFO] [stdout] 116 |                 mat4!()
[INFO] [stdout]     |                 ^^^^
[INFO] [stdout] 
[INFO] [stdout] 
[INFO] [stdout] error: cannot find macro `vec2` in this scope
[INFO] [stdout]    --> src/bufs/img.rs:117:10
[INFO] [stdout]     |
[INFO] [stdout] 117 |                       .t2(vec2!(24, -24))
[INFO] [stdout]     |                           ^^^^ help: a macro with a similar name exists: `vec`
[INFO] [stdout] 
[INFO] [stdout] 
[INFO] [stdout] error: cannot find macro `vec2` in this scope
[INFO] [stdout]   --> src/bufs/model.rs:34:9
[INFO] [stdout]    |
[INFO] [stdout] 34 |               pos: vec2!(0),
[INFO] [stdout]    |                    ^^^^ help: a macro with a similar name exists: `vec`
[INFO] [stdout] 
[INFO] [stdout] 
[INFO] [stdout] error: cannot find macro `vec2` in this scope
[INFO] [stdout]   --> src/bufs/model.rs:35:9
[INFO] [stdout]    |
[INFO] [stdout] 35 |               rot: vec2!(0),
[INFO] [stdout]    |                    ^^^^ help: a macro with a similar name exists: `vec`
[INFO] [stdout] 
[INFO] [stdout] 
[INFO] [stdout] error: cannot find macro `vec2` in this scope
[INFO] [stdout]    --> src/bufs/model.rs:171:20
[INFO] [stdout]     |
[INFO] [stdout] 171 |                   let dest_rot = vec2!(0);
[INFO] [stdout]     |                                  ^^^^ help: a macro with a similar name exists: `vec`
[INFO] [stdout] 
[INFO] [stdout] 
[INFO] [stdout] error: cannot find macro `vec2` in this scope
[INFO] [stdout]    --> src/bufs/model.rs:172:20
[INFO] [stdout]     |
[INFO] [stdout] 172 |                   let dest_pos = vec2!(0);
[INFO] [stdout]     |                                  ^^^^ help: a macro with a similar name exists: `vec`
[INFO] [stdout] 
[INFO] [stdout] 
[INFO] [stdout] error: cannot find macro `mat4` in this scope
[INFO] [stdout]    --> src/bufs/model.rs:196:15
[INFO] [stdout]     |
[INFO] [stdout] 196 |             gfx.push_t(mat4!()
[INFO] [stdout]     |                        ^^^^
[INFO] [stdout] 
[INFO] [stdout] 
[INFO] [stdout] error: cannot find macro `vec2` in this scope
[INFO] [stdout]    --> src/bufs/model.rs:197:20
[INFO] [stdout]     |
[INFO] [stdout] 197 |                   .t2(self.pos + vec2!(vw, vh) * vec2!(0.5, -0.5))
[INFO] [stdout]     |                                  ^^^^ help: a macro with a similar name exists: `vec`
[INFO] [stdout] 
[INFO] [stdout] 
[INFO] [stdout] error: cannot find macro `vec2` in this scope
[INFO] [stdout]    --> src/bufs/model.rs:197:36
[INFO] [stdout]     |
[INFO] [stdout] 197 |                   .t2(self.pos + vec2!(vw, vh) * vec2!(0.5, -0.5))
[INFO] [stdout]     |                                                  ^^^^ help: a macro with a similar name exists: `vec`
[INFO] [stdout] 
[INFO] [stdout] 
[INFO] [stdout] error: cannot find macro `vec3` in this scope
[INFO] [stdout]    --> src/bufs/model.rs:198:9
[INFO] [stdout]     |
[INFO] [stdout] 198 |                   .s3(vec3!(self.scale))
[INFO] [stdout]     |                       ^^^^ help: a macro with a similar name exists: `vec`
[INFO] [stdout] 
[INFO] [stdout] 
[INFO] [stdout] error: cannot find macro `mat4` in this scope
[INFO] [stdout]    --> src/bufs/model.rs:218:5
[INFO] [stdout]     |
[INFO] [stdout] 218 |                 mat4!()
[INFO] [stdout]     |                 ^^^^
[INFO] [stdout] 
[INFO] [stdout] 
[INFO] [stdout] error: cannot find macro `vec2` in this scope
[INFO] [stdout]    --> src/bufs/model.rs:219:10
[INFO] [stdout]     |
[INFO] [stdout] 219 |                       .t2(vec2!(24, -24))
[INFO] [stdout]     |                           ^^^^ help: a macro with a similar name exists: `vec`
[INFO] [stdout] 
[INFO] [stdout] 
[INFO] [stdout] error: cannot find macro `vec2` in this scope
[INFO] [stdout]    --> src/bufs/img.rs:117:10
[INFO] [stdout]     |
[INFO] [stdout] 117 |                       .t2(vec2!(24, -24))
[INFO] [stdout]     |                           ^^^^ help: a macro with a similar name exists: `vec`
[INFO] [stdout] 
[INFO] [stdout] 
[INFO] [stdout] error: cannot find macro `vec2` in this scope
[INFO] [stdout]   --> src/bufs/model.rs:34:9
[INFO] [stdout]    |
[INFO] [stdout] 34 |               pos: vec2!(0),
[INFO] [stdout]    |                    ^^^^ help: a macro with a similar name exists: `vec`
[INFO] [stdout] 
[INFO] [stdout] 
[INFO] [stdout] error: cannot find macro `vec2` in this scope
[INFO] [stdout]   --> src/bufs/model.rs:35:9
[INFO] [stdout]    |
[INFO] [stdout] 35 |               rot: vec2!(0),
[INFO] [stdout]    |                    ^^^^ help: a macro with a similar name exists: `vec`
[INFO] [stdout] 
[INFO] [stdout] 
[INFO] [stdout] error: cannot find macro `mat4` in this scope
[INFO] [stdout]    --> src/bufs/music.rs:133:5
[INFO] [stdout]     |
[INFO] [stdout] 133 |                 mat4!()
[INFO] [stdout]     |                 ^^^^
[INFO] [stdout] 
[INFO] [stdout] 
[INFO] [stdout] error: cannot find macro `vec2` in this scope
[INFO] [stdout]    --> src/bufs/model.rs:171:20
[INFO] [stdout]     |
[INFO] [stdout] 171 |                   let dest_rot = vec2!(0);
[INFO] [stdout]     |                                  ^^^^ help: a macro with a similar name exists: `vec`
[INFO] [stdout] 
[INFO] [stdout] 
[INFO] [stdout] error: cannot find macro `vec2` in this scope
[INFO] [stdout]    --> src/bufs/model.rs:172:20
[INFO] [stdout]     |
[INFO] [stdout] 172 |                   let dest_pos = vec2!(0);
[INFO] [stdout]     |                                  ^^^^ help: a macro with a similar name exists: `vec`
[INFO] [stdout] 
[INFO] [stdout] 
[INFO] [stdout] error: cannot find macro `mat4` in this scope
[INFO] [stdout]    --> src/bufs/model.rs:196:15
[INFO] [stdout]     |
[INFO] [stdout] 196 |             gfx.push_t(mat4!()
[INFO] [stdout]     |                        ^^^^
[INFO] [stdout] 
[INFO] [stdout] 
[INFO] [stdout] error: cannot find macro `vec2` in this scope
[INFO] [stdout]    --> src/bufs/model.rs:197:20
[INFO] [stdout]     |
[INFO] [stdout] 197 |                   .t2(self.pos + vec2!(vw, vh) * vec2!(0.5, -0.5))
[INFO] [stdout]     |                                  ^^^^ help: a macro with a similar name exists: `vec`
[INFO] [stdout] 
[INFO] [stdout] 
[INFO] [stdout] error: cannot find macro `vec2` in this scope
[INFO] [stdout]    --> src/bufs/music.rs:134:10
[INFO] [stdout]     |
[INFO] [stdout] 134 |                       .t2(vec2!(vw, -vh) * 0.5)
[INFO] [stdout]     |                           ^^^^ help: a macro with a similar name exists: `vec`
[INFO] [stdout] 
[INFO] [stdout] 
[INFO] [stdout] error: cannot find macro `vec2` in this scope
[INFO] [stdout]    --> src/bufs/model.rs:197:36
[INFO] [stdout]     |
[INFO] [stdout] 197 |                   .t2(self.pos + vec2!(vw, vh) * vec2!(0.5, -0.5))
[INFO] [stdout]     |                                                  ^^^^ help: a macro with a similar name exists: `vec`
[INFO] [stdout] 
[INFO] [stdout] 
[INFO] [stdout] error: cannot find macro `vec3` in this scope
[INFO] [stdout]    --> src/bufs/model.rs:198:9
[INFO] [stdout]     |
[INFO] [stdout] 198 |                   .s3(vec3!(self.scale))
[INFO] [stdout]     |                       ^^^^ help: a macro with a similar name exists: `vec`
[INFO] [stdout] 
[INFO] [stdout] 
[INFO] [stdout] error: cannot find macro `mat4` in this scope
[INFO] [stdout]    --> src/bufs/model.rs:218:5
[INFO] [stdout]     |
[INFO] [stdout] 218 |                 mat4!()
[INFO] [stdout]     |                 ^^^^
[INFO] [stdout] 
[INFO] [stdout] 
[INFO] [stdout] error: cannot find macro `vec2` in this scope
[INFO] [stdout]    --> src/bufs/model.rs:219:10
[INFO] [stdout]     |
[INFO] [stdout] 219 |                       .t2(vec2!(24, -24))
[INFO] [stdout]     |                           ^^^^ help: a macro with a similar name exists: `vec`
[INFO] [stdout] 
[INFO] [stdout] 
[INFO] [stdout] error: cannot find macro `vec2` in this scope
[INFO] [stdout]    --> src/bufs/music.rs:135:10
[INFO] [stdout]     |
[INFO] [stdout] 135 |                       .s2(vec2!(scale))
[INFO] [stdout]     |                           ^^^^ help: a macro with a similar name exists: `vec`
[INFO] [stdout] 
[INFO] [stdout] 
[INFO] [stdout] error: cannot find macro `mat4` in this scope
[INFO] [stdout]    --> src/bufs/music.rs:133:5
[INFO] [stdout]     |
[INFO] [stdout] 133 |                 mat4!()
[INFO] [stdout]     |                 ^^^^
[INFO] [stdout] 
[INFO] [stdout] 
[INFO] [stdout] error: cannot find macro `vec2` in this scope
[INFO] [stdout]    --> src/bufs/music.rs:134:10
[INFO] [stdout]     |
[INFO] [stdout] 134 |                       .t2(vec2!(vw, -vh) * 0.5)
[INFO] [stdout]     |                           ^^^^ help: a macro with a similar name exists: `vec`
[INFO] [stdout] 
[INFO] [stdout] 
[INFO] [stdout] error: cannot find macro `vec2` in this scope
[INFO] [stdout]    --> src/bufs/music.rs:135:10
[INFO] [stdout]     |
[INFO] [stdout] 135 |                       .s2(vec2!(scale))
[INFO] [stdout]     |                           ^^^^ help: a macro with a similar name exists: `vec`
[INFO] [stdout] 
[INFO] [stdout] 
[INFO] [stdout] error: cannot find macro `elog` in this scope
[INFO] [stdout]   --> src/term.rs:73:5
[INFO] [stdout]    |
[INFO] [stdout] 73 |                 elog!("{}", e);
[INFO] [stdout]    |                 ^^^^
[INFO] [stdout] 
[INFO] [stdout] 
[INFO] [stdout] error: cannot find macro `elog` in this scope
[INFO] [stdout]   --> src/term.rs:73:5
[INFO] [stdout]    |
[INFO] [stdout] 73 |                 elog!("{}", e);
[INFO] [stdout]    |                 ^^^^
[INFO] [stdout] 
[INFO] [stdout] 
[INFO] [stdout] error: cannot find macro `mat4` in this scope
[INFO] [stdout]    --> src/term.rs:138:4
[INFO] [stdout]     |
[INFO] [stdout] 138 |             mat4!()
[INFO] [stdout]     |             ^^^^
[INFO] [stdout] 
[INFO] [stdout] 
[INFO] [stdout] error: cannot find macro `rgba` in this scope
[INFO] [stdout]   --> src/main.rs:33:27
[INFO] [stdout]    |
[INFO] [stdout] 33 | const SBAR_COLOR: Color = rgba!(0, 0, 1, 1);
[INFO] [stdout]    |                           ^^^^
[INFO] [stdout] 
[INFO] [stdout] 
[INFO] [stdout] error: cannot find macro `vec2` in this scope
[INFO] [stdout]   --> src/main.rs:34:28
[INFO] [stdout]    |
[INFO] [stdout] 34 |   const SBAR_PADDING: Vec2 = vec2!(8, 6);
[INFO] [stdout]    |                              ^^^^ help: a macro with a similar name exists: `vec`
[INFO] [stdout] 
[INFO] [stdout] 
[INFO] [stdout] error: cannot find macro `rgba` in this scope
[INFO] [stdout]   --> src/main.rs:39:29
[INFO] [stdout]    |
[INFO] [stdout] 39 | const BUFBAR_COLOR: Color = rgba!(1, 0, 0.5, 1);
[INFO] [stdout]    |                             ^^^^
[INFO] [stdout] 
[INFO] [stdout] 
[INFO] [stdout] error: cannot find macro `mat4` in this scope
[INFO] [stdout]    --> src/term.rs:138:4
[INFO] [stdout]     |
[INFO] [stdout] 138 |             mat4!()
[INFO] [stdout]     |             ^^^^
[INFO] [stdout] 
[INFO] [stdout] 
[INFO] [stdout] error: cannot find macro `vec2` in this scope
[INFO] [stdout]   --> src/main.rs:40:30
[INFO] [stdout]    |
[INFO] [stdout] 40 |   const BUFBAR_PADDING: Vec2 = vec2!(8, 5);
[INFO] [stdout]    |                                ^^^^ help: a macro with a similar name exists: `vec`
[INFO] [stdout] 
[INFO] [stdout] 
[INFO] [stdout] error: cannot find macro `bmap` in this scope
[INFO] [stdout]    --> src/main.rs:386:13
[INFO] [stdout]     |
[INFO] [stdout] 386 |             buffers: bmap![],
[INFO] [stdout]     |                      ^^^^
[INFO] [stdout] 
[INFO] [stdout] 
[INFO] [stdout] error: cannot find macro `vecd` in this scope
[INFO] [stdout]    --> src/main.rs:390:9
[INFO] [stdout]     |
[INFO] [stdout] 390 |               log: vecd![],
[INFO] [stdout]     |                    ^^^^ help: a macro with a similar name exists: `vec`
[INFO] [stdout] 
[INFO] [stdout] 
[INFO] [stdout] error: cannot find macro `rgba` in this scope
[INFO] [stdout]   --> src/main.rs:33:27
[INFO] [stdout]    |
[INFO] [stdout] 33 | const SBAR_COLOR: Color = rgba!(0, 0, 1, 1);
[INFO] [stdout]    |                           ^^^^
[INFO] [stdout] 
[INFO] [stdout] 
[INFO] [stdout] error: cannot find macro `vec2` in this scope
[INFO] [stdout]    --> src/main.rs:564:16
[INFO] [stdout]     |
[INFO] [stdout] 564 |               top_right + vec2!(0, -SBAR_HEIGHT),
[INFO] [stdout]     |                           ^^^^ help: a macro with a similar name exists: `vec`
[INFO] [stdout] 
[INFO] [stdout] 
[INFO] [stdout] error: cannot find macro `vec2` in this scope
[INFO] [stdout]    --> src/main.rs:568:19
[INFO] [stdout]     |
[INFO] [stdout] 568 |                   &shapes::rect(vec2!(0), vec2!(gfx.width(), -SBAR_HEIGHT))
[INFO] [stdout]     |                                 ^^^^ help: a macro with a similar name exists: `vec`
[INFO] [stdout] 
[INFO] [stdout] 
[INFO] [stdout] error: cannot find macro `vec2` in this scope
[INFO] [stdout]    --> src/main.rs:568:29
[INFO] [stdout]     |
[INFO] [stdout] 568 |                   &shapes::rect(vec2!(0), vec2!(gfx.width(), -SBAR_HEIGHT))
[INFO] [stdout]     |                                           ^^^^ help: a macro with a similar name exists: `vec`
[INFO] [stdout] 
[INFO] [stdout] 
[INFO] [stdout] error: cannot find macro `vec2` in this scope
[INFO] [stdout]   --> src/main.rs:34:28
[INFO] [stdout]    |
[INFO] [stdout] 34 |   const SBAR_PADDING: Vec2 = vec2!(8, 6);
[INFO] [stdout]    |                              ^^^^ help: a macro with a similar name exists: `vec`
[INFO] [stdout] 
[INFO] [stdout] 
[INFO] [stdout] error: cannot find macro `mat4` in this scope
[INFO] [stdout]    --> src/main.rs:573:5
[INFO] [stdout]     |
[INFO] [stdout] 573 |                 mat4!()
[INFO] [stdout]     |                 ^^^^
[INFO] [stdout] 
[INFO] [stdout] 
[INFO] [stdout] error: cannot find macro `vec2` in this scope
[INFO] [stdout]    --> src/main.rs:574:10
[INFO] [stdout]     |
[INFO] [stdout] 574 |                       .t2(vec2!(SBAR_PADDING.x, -SBAR_PADDING.y))
[INFO] [stdout]     |                           ^^^^ help: a macro with a similar name exists: `vec`
[INFO] [stdout] 
[INFO] [stdout] 
[INFO] [stdout] error: cannot find macro `vec2` in this scope
[INFO] [stdout]    --> src/main.rs:592:16
[INFO] [stdout]     |
[INFO] [stdout] 592 |                   top_left + vec2!(0, -y),
[INFO] [stdout]     |                              ^^^^ help: a macro with a similar name exists: `vec`
[INFO] [stdout] 
[INFO] [stdout] 
[INFO] [stdout] error: cannot find macro `rgba` in this scope
[INFO] [stdout]   --> src/main.rs:39:29
[INFO] [stdout]    |
[INFO] [stdout] 39 | const BUFBAR_COLOR: Color = rgba!(1, 0, 0.5, 1);
[INFO] [stdout]    |                             ^^^^
[INFO] [stdout] 
[INFO] [stdout] 
[INFO] [stdout] error: cannot find macro `vec2` in this scope
[INFO] [stdout]    --> src/main.rs:593:17
[INFO] [stdout]     |
[INFO] [stdout] 593 |                   top_right + vec2!(0, -y - BUFBAR_HEIGHT),
[INFO] [stdout]     |                               ^^^^ help: a macro with a similar name exists: `vec`
[INFO] [stdout] 
[INFO] [stdout] 
[INFO] [stdout] error: cannot find macro `vec2` in this scope
[INFO] [stdout]    --> src/main.rs:597:20
[INFO] [stdout]     |
[INFO] [stdout] 597 |                       &shapes::rect(vec2!(0), vec2!(gfx.width(), -BUFBAR_HEIGHT))
[INFO] [stdout]     |                                     ^^^^ help: a macro with a similar name exists: `vec`
[INFO] [stdout] 
[INFO] [stdout] 
[INFO] [stdout] error: cannot find macro `vec2` in this scope
[INFO] [stdout]   --> src/main.rs:40:30
[INFO] [stdout]    |
[INFO] [stdout] 40 |   const BUFBAR_PADDING: Vec2 = vec2!(8, 5);
[INFO] [stdout]    |                                ^^^^ help: a macro with a similar name exists: `vec`
[INFO] [stdout] 
[INFO] [stdout] 
[INFO] [stdout] error: cannot find macro `bmap` in this scope
[INFO] [stdout]    --> src/main.rs:386:13
[INFO] [stdout]     |
[INFO] [stdout] 386 |             buffers: bmap![],
[INFO] [stdout]     |                      ^^^^
[INFO] [stdout] 
[INFO] [stdout] 
[INFO] [stdout] error: cannot find macro `vecd` in this scope
[INFO] [stdout]    --> src/main.rs:390:9
[INFO] [stdout]     |
[INFO] [stdout] 390 |               log: vecd![],
[INFO] [stdout]     |                    ^^^^ help: a macro with a similar name exists: `vec`
[INFO] [stdout] 
[INFO] [stdout] 
[INFO] [stdout] error: cannot find macro `vec2` in this scope
[INFO] [stdout]    --> src/main.rs:564:16
[INFO] [stdout]     |
[INFO] [stdout] 564 |               top_right + vec2!(0, -SBAR_HEIGHT),
[INFO] [stdout]     |                           ^^^^ help: a macro with a similar name exists: `vec`
[INFO] [stdout] 
[INFO] [stdout] 
[INFO] [stdout] error: cannot find macro `vec2` in this scope
[INFO] [stdout]    --> src/main.rs:568:19
[INFO] [stdout]     |
[INFO] [stdout] 568 |                   &shapes::rect(vec2!(0), vec2!(gfx.width(), -SBAR_HEIGHT))
[INFO] [stdout]     |                                 ^^^^ help: a macro with a similar name exists: `vec`
[INFO] [stdout] 
[INFO] [stdout] 
[INFO] [stdout] error: cannot find macro `vec2` in this scope
[INFO] [stdout]    --> src/main.rs:568:29
[INFO] [stdout]     |
[INFO] [stdout] 568 |                   &shapes::rect(vec2!(0), vec2!(gfx.width(), -SBAR_HEIGHT))
[INFO] [stdout]     |                                           ^^^^ help: a macro with a similar name exists: `vec`
[INFO] [stdout] 
[INFO] [stdout] 
[INFO] [stdout] error: cannot find macro `mat4` in this scope
[INFO] [stdout]    --> src/main.rs:573:5
[INFO] [stdout]     |
[INFO] [stdout] 573 |                 mat4!()
[INFO] [stdout]     |                 ^^^^
[INFO] [stdout] 
[INFO] [stdout] 
[INFO] [stdout] error: cannot find macro `vec2` in this scope
[INFO] [stdout]    --> src/main.rs:574:10
[INFO] [stdout]     |
[INFO] [stdout] 574 |                       .t2(vec2!(SBAR_PADDING.x, -SBAR_PADDING.y))
[INFO] [stdout]     |                           ^^^^ help: a macro with a similar name exists: `vec`
[INFO] [stdout] 
[INFO] [stdout] 
[INFO] [stdout] error: cannot find macro `vec2` in this scope
[INFO] [stdout]    --> src/main.rs:592:16
[INFO] [stdout]     |
[INFO] [stdout] 592 |                   top_left + vec2!(0, -y),
[INFO] [stdout]     |                              ^^^^ help: a macro with a similar name exists: `vec`
[INFO] [stdout] 
[INFO] [stdout] 
[INFO] [stdout] error: cannot find macro `vec2` in this scope
[INFO] [stdout]    --> src/main.rs:593:17
[INFO] [stdout]     |
[INFO] [stdout] 593 |                   top_right + vec2!(0, -y - BUFBAR_HEIGHT),
[INFO] [stdout]     |                               ^^^^ help: a macro with a similar name exists: `vec`
[INFO] [stdout] 
[INFO] [stdout] 
[INFO] [stdout] error: cannot find macro `vec2` in this scope
[INFO] [stdout]    --> src/main.rs:597:20
[INFO] [stdout]     |
[INFO] [stdout] 597 |                       &shapes::rect(vec2!(0), vec2!(gfx.width(), -BUFBAR_HEIGHT))
[INFO] [stdout]     |                                     ^^^^ help: a macro with a similar name exists: `vec`
[INFO] [stdout] 
[INFO] [stdout] 
[INFO] [stdout] error: cannot find macro `vec2` in this scope
[INFO] [stdout]    --> src/main.rs:597:30
[INFO] [stdout]     |
[INFO] [stdout] 597 |                       &shapes::rect(vec2!(0), vec2!(gfx.width(), -BUFBAR_HEIGHT))
[INFO] [stdout]     |                                               ^^^^ help: a macro with a similar name exists: `vec`
[INFO] [stdout] 
[INFO] [stdout] 
[INFO] [stdout] error: cannot find macro `mat4` in this scope
[INFO] [stdout]    --> src/main.rs:602:16
[INFO] [stdout]     |
[INFO] [stdout] 602 |                 gfx.push_t(mat4!().tx(self.bufbar_offset), |gfx| {
[INFO] [stdout]     |                            ^^^^
[INFO] [stdout] 
[INFO] [stdout] 
[INFO] [stdout] error: cannot find macro `vec2` in this scope
[INFO] [stdout]    --> src/main.rs:606:16
[INFO] [stdout]     |
[INFO] [stdout] 606 |                           let p1 = vec2!(i as f32 * BUFBAR_TAB_WIDTH, 0);
[INFO] [stdout]     |                                    ^^^^ help: a macro with a similar name exists: `vec`
[INFO] [stdout] 
[INFO] [stdout] 
[INFO] [stdout] error: cannot find macro `vec2` in this scope
[INFO] [stdout]    --> src/main.rs:607:21
[INFO] [stdout]     |
[INFO] [stdout] 607 |                           let p2 = p1 + vec2!(BUFBAR_TAB_WIDTH, -BUFBAR_HEIGHT);
[INFO] [stdout]     |                                         ^^^^ help: a macro with a similar name exists: `vec`
[INFO] [stdout] 
[INFO] [stdout] 
[INFO] [stdout] error: cannot find macro `mat4` in this scope
[INFO] [stdout]    --> src/main.rs:629:9
[INFO] [stdout]     |
[INFO] [stdout] 629 |                                 mat4!()
[INFO] [stdout]     |                                 ^^^^
[INFO] [stdout] 
[INFO] [stdout] 
[INFO] [stdout] error: cannot find macro `vec2` in this scope
[INFO] [stdout]    --> src/main.rs:597:30
[INFO] [stdout]     |
[INFO] [stdout] 597 |                       &shapes::rect(vec2!(0), vec2!(gfx.width(), -BUFBAR_HEIGHT))
[INFO] [stdout]     |                                               ^^^^ help: a macro with a similar name exists: `vec`
[INFO] [stdout] 
[INFO] [stdout] 
[INFO] [stdout] error: cannot find macro `mat4` in this scope
[INFO] [stdout]    --> src/main.rs:602:16
[INFO] [stdout]     |
[INFO] [stdout] 602 |                 gfx.push_t(mat4!().tx(self.bufbar_offset), |gfx| {
[INFO] [stdout]     |                            ^^^^
[INFO] [stdout] 
[INFO] [stdout] 
[INFO] [stdout] error: cannot find macro `vec2` in this scope
[INFO] [stdout]    --> src/main.rs:606:16
[INFO] [stdout]     |
[INFO] [stdout] 606 |                           let p1 = vec2!(i as f32 * BUFBAR_TAB_WIDTH, 0);
[INFO] [stdout]     |                                    ^^^^ help: a macro with a similar name exists: `vec`
[INFO] [stdout] 
[INFO] [stdout] 
[INFO] [stdout] error: cannot find macro `vec2` in this scope
[INFO] [stdout]    --> src/main.rs:607:21
[INFO] [stdout]     |
[INFO] [stdout] 607 |                           let p2 = p1 + vec2!(BUFBAR_TAB_WIDTH, -BUFBAR_HEIGHT);
[INFO] [stdout]     |                                         ^^^^ help: a macro with a similar name exists: `vec`
[INFO] [stdout] 
[INFO] [stdout] 
[INFO] [stdout] error: cannot find macro `mat4` in this scope
[INFO] [stdout]    --> src/main.rs:629:9
[INFO] [stdout]     |
[INFO] [stdout] 629 |                                 mat4!()
[INFO] [stdout]     |                                 ^^^^
[INFO] [stdout] 
[INFO] [stdout] 
[INFO] [stdout] error: cannot find macro `vec2` in this scope
[INFO] [stdout]    --> src/main.rs:630:31
[INFO] [stdout]     |
[INFO] [stdout] 630 |                                       .t2(BUFBAR_PADDING * vec2!(1, -1))
[INFO] [stdout]     |                                                            ^^^^ help: a macro with a similar name exists: `vec`
[INFO] [stdout] 
[INFO] [stdout] 
[INFO] [stdout] error: cannot find macro `vec2` in this scope
[INFO] [stdout]    --> src/main.rs:656:15
[INFO] [stdout]     |
[INFO] [stdout] 656 |               top_left + vec2!(0, -y),
[INFO] [stdout]     |                          ^^^^ help: a macro with a similar name exists: `vec`
[INFO] [stdout] 
[INFO] [stdout] 
[INFO] [stdout] error: cannot find macro `elog` in this scope
[INFO] [stdout]    --> src/main.rs:747:3
[INFO] [stdout]     |
[INFO] [stdout] 747 |         elog!("{}", e);
[INFO] [stdout]     |         ^^^^
[INFO] [stdout] 
[INFO] [stdout] 
[INFO] [stdout] error: cannot find macro `vec2` in this scope
[INFO] [stdout]    --> src/main.rs:630:31
[INFO] [stdout]     |
[INFO] [stdout] 630 |                                       .t2(BUFBAR_PADDING * vec2!(1, -1))
[INFO] [stdout]     |                                                            ^^^^ help: a macro with a similar name exists: `vec`
[INFO] [stdout] 
[INFO] [stdout] 
[INFO] [stdout] error: cannot find macro `vec2` in this scope
[INFO] [stdout]    --> src/main.rs:656:15
[INFO] [stdout]     |
[INFO] [stdout] 656 |               top_left + vec2!(0, -y),
[INFO] [stdout]     |                          ^^^^ help: a macro with a similar name exists: `vec`
[INFO] [stdout] 
[INFO] [stdout] 
[INFO] [stdout] error: cannot find macro `elog` in this scope
[INFO] [stdout]    --> src/main.rs:747:3
[INFO] [stdout]     |
[INFO] [stdout] 747 |         elog!("{}", e);
[INFO] [stdout]     |         ^^^^
[INFO] [stdout] 
[INFO] [stdout] 
[INFO] [stdout] error[E0433]: failed to resolve: use of undeclared type or module `input`
[INFO] [stdout]    --> src/browser.rs:348:43
[INFO] [stdout]     |
[INFO] [stdout] 348 |     pub fn event(&mut self, _: &mut Ctx, e: &input::Event) -> Result<()> {
[INFO] [stdout]     |                                              ^^^^^ use of undeclared type or module `input`
[INFO] [stdout] 
[INFO] [stdout] 
[INFO] [stdout] error[E0433]: failed to resolve: use of undeclared type or module `Key`
[INFO] [stdout]    --> src/browser.rs:356:6
[INFO] [stdout]     |
[INFO] [stdout] 356 |                     Key::Backspace => self.back(),
[INFO] [stdout]     |                     ^^^ use of undeclared type or module `Key`
[INFO] [stdout] 
[INFO] [stdout] 
[INFO] [stdout] error[E0433]: failed to resolve: use of undeclared type or module `Key`
[INFO] [stdout]    --> src/browser.rs:357:6
[INFO] [stdout]     |
[INFO] [stdout] 357 |                     Key::Enter => {
[INFO] [stdout]     |                     ^^^ use of undeclared type or module `Key`
[INFO] [stdout] 
[INFO] [stdout] 
[INFO] [stdout] error[E0433]: failed to resolve: use of undeclared type or module `Key`
[INFO] [stdout]    --> src/browser.rs:363:6
[INFO] [stdout]     |
[INFO] [stdout] 363 |                     Key::R => self.refresh()?,
[INFO] [stdout]     |                     ^^^ use of undeclared type or module `Key`
[INFO] [stdout] 
[INFO] [stdout] 
[INFO] [stdout] error[E0433]: failed to resolve: use of undeclared type or module `input`
[INFO] [stdout]    --> src/browser.rs:348:43
[INFO] [stdout]     |
[INFO] [stdout] 348 |     pub fn event(&mut self, _: &mut Ctx, e: &input::Event) -> Result<()> {
[INFO] [stdout]     |                                              ^^^^^ use of undeclared type or module `input`
[INFO] [stdout] 
[INFO] [stdout] 
[INFO] [stdout] error[E0433]: failed to resolve: use of undeclared type or module `Key`
[INFO] [stdout]    --> src/browser.rs:356:6
[INFO] [stdout]     |
[INFO] [stdout] 356 |                     Key::Backspace => self.back(),
[INFO] [stdout]     |                     ^^^ use of undeclared type or module `Key`
[INFO] [stdout] 
[INFO] [stdout] 
[INFO] [stdout] error[E0433]: failed to resolve: use of undeclared type or module `Key`
[INFO] [stdout]    --> src/browser.rs:357:6
[INFO] [stdout]     |
[INFO] [stdout] 357 |                     Key::Enter => {
[INFO] [stdout]     |                     ^^^ use of undeclared type or module `Key`
[INFO] [stdout] 
[INFO] [stdout] 
[INFO] [stdout] error[E0433]: failed to resolve: use of undeclared type or module `Key`
[INFO] [stdout]    --> src/browser.rs:370:6
[INFO] [stdout]     |
[INFO] [stdout] 370 |                     Key::J => self.move_down(),
[INFO] [stdout]     |                     ^^^ use of undeclared type or module `Key`
[INFO] [stdout] 
[INFO] [stdout] 
[INFO] [stdout] error[E0433]: failed to resolve: use of undeclared type or module `Key`
[INFO] [stdout]    --> src/browser.rs:363:6
[INFO] [stdout]     |
[INFO] [stdout] 363 |                     Key::R => self.refresh()?,
[INFO] [stdout]     |                     ^^^ use of undeclared type or module `Key`
[INFO] [stdout] 
[INFO] [stdout] 
[INFO] [stdout] error[E0433]: failed to resolve: use of undeclared type or module `Key`
[INFO] [stdout]    --> src/browser.rs:371:6
[INFO] [stdout]     |
[INFO] [stdout] 371 |                     Key::K => self.move_up(),
[INFO] [stdout]     |                     ^^^ use of undeclared type or module `Key`
[INFO] [stdout] 
[INFO] [stdout] 
[INFO] [stdout] error[E0433]: failed to resolve: use of undeclared type or module `Key`
[INFO] [stdout]    --> src/browser.rs:370:6
[INFO] [stdout]     |
[INFO] [stdout] 370 |                     Key::J => self.move_down(),
[INFO] [stdout]     |                     ^^^ use of undeclared type or module `Key`
[INFO] [stdout] 
[INFO] [stdout] 
[INFO] [stdout] error[E0433]: failed to resolve: use of undeclared type or module `Key`
[INFO] [stdout]    --> src/browser.rs:371:6
[INFO] [stdout]     |
[INFO] [stdout] 371 |                     Key::K => self.move_up(),
[INFO] [stdout]     |                     ^^^ use of undeclared type or module `Key`
[INFO] [stdout] 
[INFO] [stdout] 
[INFO] [stdout] error[E0433]: failed to resolve: use of undeclared type or module `shapes`
[INFO] [stdout]    --> src/browser.rs:451:6
[INFO] [stdout]     |
[INFO] [stdout] 451 |                 &shapes::rect(
[INFO] [stdout]     |                  ^^^^^^ use of undeclared type or module `shapes`
[INFO] [stdout] 
[INFO] [stdout] 
[INFO] [stdout] error[E0433]: failed to resolve: use of undeclared type or module `shapes`
[INFO] [stdout]    --> src/browser.rs:463:6
[INFO] [stdout]     |
[INFO] [stdout] 463 |                 &shapes::text("..")
[INFO] [stdout]     |                  ^^^^^^ use of undeclared type or module `shapes`
[INFO] [stdout] 
[INFO] [stdout] 
[INFO] [stdout] error[E0433]: failed to resolve: use of undeclared type or module `gfx`
[INFO] [stdout]    --> src/browser.rs:465:13
[INFO] [stdout]     |
[INFO] [stdout] 465 |                     .align(gfx::Origin::TopLeft)
[INFO] [stdout]     |                            ^^^ use of undeclared type or module `gfx`
[INFO] [stdout] 
[INFO] [stdout] 
[INFO] [stdout] error[E0433]: failed to resolve: use of undeclared type or module `shapes`
[INFO] [stdout]    --> src/browser.rs:451:6
[INFO] [stdout]     |
[INFO] [stdout] 451 |                 &shapes::rect(
[INFO] [stdout]     |                  ^^^^^^ use of undeclared type or module `shapes`
[INFO] [stdout] 
[INFO] [stdout] 
[INFO] [stdout] error[E0433]: failed to resolve: use of undeclared type or module `shapes`
[INFO] [stdout]    --> src/browser.rs:499:8
[INFO] [stdout]     |
[INFO] [stdout] 499 |                         &shapes::Text::from_chunks(&chunks)
[INFO] [stdout]     |                          ^^^^^^ use of undeclared type or module `shapes`
[INFO] [stdout] 
[INFO] [stdout] 
[INFO] [stdout] error[E0433]: failed to resolve: use of undeclared type or module `gfx`
[INFO] [stdout]    --> src/browser.rs:501:15
[INFO] [stdout]     |
[INFO] [stdout] 501 |                             .align(gfx::Origin::TopLeft)
[INFO] [stdout]     |                                    ^^^ use of undeclared type or module `gfx`
[INFO] [stdout] 
[INFO] [stdout] 
[INFO] [stdout] error[E0433]: failed to resolve: use of undeclared type or module `shapes`
[INFO] [stdout]    --> src/browser.rs:463:6
[INFO] [stdout]     |
[INFO] [stdout] 463 |                 &shapes::text("..")
[INFO] [stdout]     |                  ^^^^^^ use of undeclared type or module `shapes`
[INFO] [stdout] 
[INFO] [stdout] 
[INFO] [stdout] error[E0433]: failed to resolve: use of undeclared type or module `gfx`
[INFO] [stdout]    --> src/browser.rs:465:13
[INFO] [stdout]     |
[INFO] [stdout] 465 |                     .align(gfx::Origin::TopLeft)
[INFO] [stdout]     |                            ^^^ use of undeclared type or module `gfx`
[INFO] [stdout] 
[INFO] [stdout] 
[INFO] [stdout] error[E0433]: failed to resolve: use of undeclared type or module `shapes`
[INFO] [stdout]    --> src/browser.rs:499:8
[INFO] [stdout]     |
[INFO] [stdout] 499 |                         &shapes::Text::from_chunks(&chunks)
[INFO] [stdout]     |                          ^^^^^^ use of undeclared type or module `shapes`
[INFO] [stdout] 
[INFO] [stdout] 
[INFO] [stdout] error[E0433]: failed to resolve: use of undeclared type or module `gfx`
[INFO] [stdout]    --> src/browser.rs:501:15
[INFO] [stdout]     |
[INFO] [stdout] 501 |                             .align(gfx::Origin::TopLeft)
[INFO] [stdout]     |                                    ^^^ use of undeclared type or module `gfx`
[INFO] [stdout] 
[INFO] [stdout] 
[INFO] [stdout] error[E0433]: failed to resolve: use of undeclared type or module `input`
[INFO] [stdout]    --> src/bufs/edit.rs:940:39
[INFO] [stdout]     |
[INFO] [stdout] 940 |     fn event(&mut self, d: &mut Ctx, e: &input::Event) -> Result<()> {
[INFO] [stdout]     |                                          ^^^^^ use of undeclared type or module `input`
[INFO] [stdout] 
[INFO] [stdout] 
[INFO] [stdout] error[E0433]: failed to resolve: use of undeclared type or module `Event`
[INFO] [stdout]    --> src/bufs/edit.rs:946:4
[INFO] [stdout]     |
[INFO] [stdout] 946 |             Event::KeyPress(k) => {
[INFO] [stdout]     |             ^^^^^ use of undeclared type or module `Event`
[INFO] [stdout] 
[INFO] [stdout] 
[INFO] [stdout] error[E0433]: failed to resolve: use of undeclared type or module `Key`
[INFO] [stdout]    --> src/bufs/edit.rs:951:8
[INFO] [stdout]     |
[INFO] [stdout] 951 |                             Key::Enter if kmods.alt => {
[INFO] [stdout]     |                             ^^^ use of undeclared type or module `Key`
[INFO] [stdout] 
[INFO] [stdout] 
[INFO] [stdout] error[E0433]: failed to resolve: use of undeclared type or module `Key`
[INFO] [stdout]    --> src/bufs/edit.rs:955:8
[INFO] [stdout]     |
[INFO] [stdout] 955 |                             Key::Enter => self.mode = Mode::Insert,
[INFO] [stdout]     |                             ^^^ use of undeclared type or module `Key`
[INFO] [stdout] 
[INFO] [stdout] 
[INFO] [stdout] error[E0433]: failed to resolve: use of undeclared type or module `Key`
[INFO] [stdout]    --> src/bufs/edit.rs:956:8
[INFO] [stdout]     |
[INFO] [stdout] 956 |                             Key::W => self.save()?,
[INFO] [stdout]     |                             ^^^ use of undeclared type or module `Key`
[INFO] [stdout] 
[INFO] [stdout] 
[INFO] [stdout] error[E0433]: failed to resolve: use of undeclared type or module `Key`
[INFO] [stdout]    --> src/bufs/edit.rs:957:8
[INFO] [stdout]     |
[INFO] [stdout] 957 |                             Key::Backslash => {
[INFO] [stdout]     |                             ^^^ use of undeclared type or module `Key`
[INFO] [stdout] 
[INFO] [stdout] 
[INFO] [stdout] error[E0433]: failed to resolve: use of undeclared type or module `Key`
[INFO] [stdout]    --> src/bufs/edit.rs:965:8
[INFO] [stdout]     |
[INFO] [stdout] 965 |                             Key::Period if kmods.alt => {
[INFO] [stdout]     |                             ^^^ use of undeclared type or module `Key`
[INFO] [stdout] 
[INFO] [stdout] 
[INFO] [stdout] error[E0433]: failed to resolve: use of undeclared type or module `Key`
[INFO] [stdout]    --> src/bufs/edit.rs:976:8
[INFO] [stdout]     |
[INFO] [stdout] 976 |                             Key::Esc => self.mode = Mode::Normal,
[INFO] [stdout]     |                             ^^^ use of undeclared type or module `Key`
[INFO] [stdout] 
[INFO] [stdout] 
[INFO] [stdout] error[E0433]: failed to resolve: use of undeclared type or module `Key`
[INFO] [stdout]    --> src/bufs/edit.rs:983:8
[INFO] [stdout]     |
[INFO] [stdout] 983 |                             Key::Esc => self.mode = Mode::Normal,
[INFO] [stdout]     |                             ^^^ use of undeclared type or module `Key`
[INFO] [stdout] 
[INFO] [stdout] 
[INFO] [stdout] error[E0433]: failed to resolve: use of undeclared type or module `Key`
[INFO] [stdout]    --> src/bufs/edit.rs:984:8
[INFO] [stdout]     |
[INFO] [stdout] 984 |                             Key::Enter => {
[INFO] [stdout]     |                             ^^^ use of undeclared type or module `Key`
[INFO] [stdout] 
[INFO] [stdout] 
[INFO] [stdout] error[E0433]: failed to resolve: use of undeclared type or module `Event`
[INFO] [stdout]    --> src/bufs/edit.rs:996:4
[INFO] [stdout]     |
[INFO] [stdout] 996 |             Event::KeyPressRepeat(k) => {
[INFO] [stdout]     |             ^^^^^ use of undeclared type or module `Event`
[INFO] [stdout] 
[INFO] [stdout] 
[INFO] [stdout] error[E0433]: failed to resolve: use of undeclared type or module `Key`
[INFO] [stdout]     --> src/bufs/edit.rs:1003:8
[INFO] [stdout]      |
[INFO] [stdout] 1003 |                             Key::K => self.exec(Command::MoveUp),
[INFO] [stdout]      |                             ^^^ use of undeclared type or module `Key`
[INFO] [stdout] 
[INFO] [stdout] 
[INFO] [stdout] error[E0433]: failed to resolve: use of undeclared type or module `Key`
[INFO] [stdout]     --> src/bufs/edit.rs:1004:8
[INFO] [stdout]      |
[INFO] [stdout] 1004 |                             Key::J => self.exec(Command::MoveDown),
[INFO] [stdout]      |                             ^^^ use of undeclared type or module `Key`
[INFO] [stdout] 
[INFO] [stdout] 
[INFO] [stdout] error[E0433]: failed to resolve: use of undeclared type or module `Key`
[INFO] [stdout]     --> src/bufs/edit.rs:1005:8
[INFO] [stdout]      |
[INFO] [stdout] 1005 |                             Key::H => {
[INFO] [stdout]      |                             ^^^ use of undeclared type or module `Key`
[INFO] [stdout] 
[INFO] [stdout] 
[INFO] [stdout] error[E0433]: failed to resolve: use of undeclared type or module `Key`
[INFO] [stdout]     --> src/bufs/edit.rs:1012:8
[INFO] [stdout]      |
[INFO] [stdout] 1012 |                             Key::L => {
[INFO] [stdout]      |                             ^^^ use of undeclared type or module `Key`
[INFO] [stdout] 
[INFO] [stdout] 
[INFO] [stdout] error[E0433]: failed to resolve: use of undeclared type or module `Key`
[INFO] [stdout]     --> src/bufs/edit.rs:1019:8
[INFO] [stdout]      |
[INFO] [stdout] 1019 |                             Key::Left => self.exec(Command::MoveLeft),
[INFO] [stdout]      |                             ^^^ use of undeclared type or module `Key`
[INFO] [stdout] 
[INFO] [stdout] 
[INFO] [stdout] error[E0433]: failed to resolve: use of undeclared type or module `Key`
[INFO] [stdout]     --> src/bufs/edit.rs:1020:8
[INFO] [stdout]      |
[INFO] [stdout] 1020 |                             Key::Right => self.exec(Command::MoveRight),
[INFO] [stdout]      |                             ^^^ use of undeclared type or module `Key`
[INFO] [stdout] 
[INFO] [stdout] 
[INFO] [stdout] error[E0433]: failed to resolve: use of undeclared type or module `Key`
[INFO] [stdout]     --> src/bufs/edit.rs:1021:8
[INFO] [stdout]      |
[INFO] [stdout] 1021 |                             Key::Up => self.exec(Command::MoveUp),
[INFO] [stdout]      |                             ^^^ use of undeclared type or module `Key`
[INFO] [stdout] 
[INFO] [stdout] 
[INFO] [stdout] error[E0433]: failed to resolve: use of undeclared type or module `Key`
[INFO] [stdout]     --> src/bufs/edit.rs:1022:8
[INFO] [stdout]      |
[INFO] [stdout] 1022 |                             Key::Down => self.exec(Command::MoveDown),
[INFO] [stdout]      |                             ^^^ use of undeclared type or module `Key`
[INFO] [stdout] 
[INFO] [stdout] 
[INFO] [stdout] error[E0433]: failed to resolve: use of undeclared type or module `Key`
[INFO] [stdout]     --> src/bufs/edit.rs:1023:8
[INFO] [stdout]      |
[INFO] [stdout] 1023 |                             Key::D => {
[INFO] [stdout]      |                             ^^^ use of undeclared type or module `Key`
[INFO] [stdout] 
[INFO] [stdout] 
[INFO] [stdout] error[E0433]: failed to resolve: use of undeclared type or module `Key`
[INFO] [stdout]     --> src/bufs/edit.rs:1027:8
[INFO] [stdout]      |
[INFO] [stdout] 1027 |                             Key::U => {
[INFO] [stdout]      |                             ^^^ use of undeclared type or module `Key`
[INFO] [stdout] 
[INFO] [stdout] 
[INFO] [stdout] error[E0433]: failed to resolve: use of undeclared type or module `Key`
[INFO] [stdout]     --> src/bufs/edit.rs:1031:8
[INFO] [stdout]      |
[INFO] [stdout] 1031 |                             Key::O => {
[INFO] [stdout]      |                             ^^^ use of undeclared type or module `Key`
[INFO] [stdout] 
[INFO] [stdout] 
[INFO] [stdout] error[E0433]: failed to resolve: use of undeclared type or module `Key`
[INFO] [stdout]     --> src/bufs/edit.rs:1035:8
[INFO] [stdout]      |
[INFO] [stdout] 1035 |                             Key::Semicolon if kmods.alt => {
[INFO] [stdout]      |                             ^^^ use of undeclared type or module `Key`
[INFO] [stdout] 
[INFO] [stdout] 
[INFO] [stdout] error[E0433]: failed to resolve: use of undeclared type or module `Key`
[INFO] [stdout]     --> src/bufs/edit.rs:1040:8
[INFO] [stdout]      |
[INFO] [stdout] 1040 |                             Key::Quote if kmods.alt => {
[INFO] [stdout]      |                             ^^^ use of undeclared type or module `Key`
[INFO] [stdout] 
[INFO] [stdout] 
[INFO] [stdout] error[E0433]: failed to resolve: use of undeclared type or module `Key`
[INFO] [stdout]     --> src/bufs/edit.rs:1054:8
[INFO] [stdout]      |
[INFO] [stdout] 1054 |                             Key::Backspace => {
[INFO] [stdout]      |                             ^^^ use of undeclared type or module `Key`
[INFO] [stdout] 
[INFO] [stdout] 
[INFO] [stdout] error[E0433]: failed to resolve: use of undeclared type or module `Key`
[INFO] [stdout]     --> src/bufs/edit.rs:1075:8
[INFO] [stdout]      |
[INFO] [stdout] 1075 |                             Key::Enter => {
[INFO] [stdout]      |                             ^^^ use of undeclared type or module `Key`
[INFO] [stdout] 
[INFO] [stdout] 
[INFO] [stdout] error[E0433]: failed to resolve: use of undeclared type or module `Key`
[INFO] [stdout]     --> src/bufs/edit.rs:1121:8
[INFO] [stdout]      |
[INFO] [stdout] 1121 |                             Key::Left => self.exec(Command::MoveLeft),
[INFO] [stdout]      |                             ^^^ use of undeclared type or module `Key`
[INFO] [stdout] 
[INFO] [stdout] 
[INFO] [stdout] error[E0433]: failed to resolve: use of undeclared type or module `Key`
[INFO] [stdout]     --> src/bufs/edit.rs:1122:8
[INFO] [stdout]      |
[INFO] [stdout] 1122 |                             Key::Right => self.exec(Command::MoveRight),
[INFO] [stdout]      |                             ^^^ use of undeclared type or module `Key`
[INFO] [stdout] 
[INFO] [stdout] 
[INFO] [stdout] error[E0433]: failed to resolve: use of undeclared type or module `Key`
[INFO] [stdout]     --> src/bufs/edit.rs:1123:8
[INFO] [stdout]      |
[INFO] [stdout] 1123 |                             Key::Tab => {
[INFO] [stdout]      |                             ^^^ use of undeclared type or module `Key`
[INFO] [stdout] 
[INFO] [stdout] 
[INFO] [stdout] error[E0433]: failed to resolve: use of undeclared type or module `Key`
[INFO] [stdout]     --> src/bufs/edit.rs:1136:8
[INFO] [stdout]      |
[INFO] [stdout] 1136 |                             Key::Backspace if kmods.alt => self.cmd_bar.del_word(),
[INFO] [stdout]      |                             ^^^ use of undeclared type or module `Key`
[INFO] [stdout] 
[INFO] [stdout] 
[INFO] [stdout] error[E0433]: failed to resolve: use of undeclared type or module `Key`
[INFO] [stdout]     --> src/bufs/edit.rs:1137:8
[INFO] [stdout]      |
[INFO] [stdout] 1137 |                             Key::Backspace => self.cmd_bar.del(),
[INFO] [stdout]      |                             ^^^ use of undeclared type or module `Key`
[INFO] [stdout] 
[INFO] [stdout] 
[INFO] [stdout] error[E0433]: failed to resolve: use of undeclared type or module `Key`
[INFO] [stdout]     --> src/bufs/edit.rs:1138:8
[INFO] [stdout]      |
[INFO] [stdout] 1138 |                             Key::Left => self.cmd_bar.move_left(),
[INFO] [stdout]      |                             ^^^ use of undeclared type or module `Key`
[INFO] [stdout] 
[INFO] [stdout] 
[INFO] [stdout] error[E0433]: failed to resolve: use of undeclared type or module `Key`
[INFO] [stdout]     --> src/bufs/edit.rs:1139:8
[INFO] [stdout]      |
[INFO] [stdout] 1139 |                             Key::Right => self.cmd_bar.move_right(),
[INFO] [stdout]      |                             ^^^ use of undeclared type or module `Key`
[INFO] [stdout] 
[INFO] [stdout] 
[INFO] [stdout] error[E0433]: failed to resolve: use of undeclared type or module `Event`
[INFO] [stdout]     --> src/bufs/edit.rs:1148:4
[INFO] [stdout]      |
[INFO] [stdout] 1148 |             Event::CharInput(ch) => {
[INFO] [stdout]      |             ^^^^^ use of undeclared type or module `Event`
[INFO] [stdout] 
[INFO] [stdout] 
[INFO] [stdout] error[E0433]: failed to resolve: use of undeclared type or module `input`
[INFO] [stdout]    --> src/bufs/edit.rs:940:39
[INFO] [stdout]     |
[INFO] [stdout] 940 |     fn event(&mut self, d: &mut Ctx, e: &input::Event) -> Result<()> {
[INFO] [stdout]     |                                          ^^^^^ use of undeclared type or module `input`
[INFO] [stdout] 
[INFO] [stdout] 
[INFO] [stdout] error[E0433]: failed to resolve: use of undeclared type or module `Event`
[INFO] [stdout]    --> src/bufs/edit.rs:946:4
[INFO] [stdout]     |
[INFO] [stdout] 946 |             Event::KeyPress(k) => {
[INFO] [stdout]     |             ^^^^^ use of undeclared type or module `Event`
[INFO] [stdout] 
[INFO] [stdout] 
[INFO] [stdout] error[E0433]: failed to resolve: use of undeclared type or module `Key`
[INFO] [stdout]    --> src/bufs/edit.rs:951:8
[INFO] [stdout]     |
[INFO] [stdout] 951 |                             Key::Enter if kmods.alt => {
[INFO] [stdout]     |                             ^^^ use of undeclared type or module `Key`
[INFO] [stdout] 
[INFO] [stdout] 
[INFO] [stdout] error[E0433]: failed to resolve: use of undeclared type or module `Key`
[INFO] [stdout]    --> src/bufs/edit.rs:955:8
[INFO] [stdout]     |
[INFO] [stdout] 955 |                             Key::Enter => self.mode = Mode::Insert,
[INFO] [stdout]     |                             ^^^ use of undeclared type or module `Key`
[INFO] [stdout] 
[INFO] [stdout] 
[INFO] [stdout] error[E0433]: failed to resolve: use of undeclared type or module `Key`
[INFO] [stdout]    --> src/bufs/edit.rs:956:8
[INFO] [stdout]     |
[INFO] [stdout] 956 |                             Key::W => self.save()?,
[INFO] [stdout]     |                             ^^^ use of undeclared type or module `Key`
[INFO] [stdout] 
[INFO] [stdout] 
[INFO] [stdout] error[E0433]: failed to resolve: use of undeclared type or module `Key`
[INFO] [stdout]    --> src/bufs/edit.rs:957:8
[INFO] [stdout]     |
[INFO] [stdout] 957 |                             Key::Backslash => {
[INFO] [stdout]     |                             ^^^ use of undeclared type or module `Key`
[INFO] [stdout] 
[INFO] [stdout] 
[INFO] [stdout] error[E0433]: failed to resolve: use of undeclared type or module `Key`
[INFO] [stdout]    --> src/bufs/edit.rs:965:8
[INFO] [stdout]     |
[INFO] [stdout] 965 |                             Key::Period if kmods.alt => {
[INFO] [stdout]     |                             ^^^ use of undeclared type or module `Key`
[INFO] [stdout] 
[INFO] [stdout] 
[INFO] [stdout] error[E0433]: failed to resolve: use of undeclared type or module `Key`
[INFO] [stdout]    --> src/bufs/edit.rs:976:8
[INFO] [stdout]     |
[INFO] [stdout] 976 |                             Key::Esc => self.mode = Mode::Normal,
[INFO] [stdout]     |                             ^^^ use of undeclared type or module `Key`
[INFO] [stdout] 
[INFO] [stdout] 
[INFO] [stdout] error[E0433]: failed to resolve: use of undeclared type or module `Event`
[INFO] [stdout]     --> src/bufs/edit.rs:1196:4
[INFO] [stdout]      |
[INFO] [stdout] 1196 |             Event::Wheel(d, _) => {
[INFO] [stdout]      |             ^^^^^ use of undeclared type or module `Event`
[INFO] [stdout] 
[INFO] [stdout] 
[INFO] [stdout] error[E0433]: failed to resolve: use of undeclared type or module `Key`
[INFO] [stdout]    --> src/bufs/edit.rs:983:8
[INFO] [stdout]     |
[INFO] [stdout] 983 |                             Key::Esc => self.mode = Mode::Normal,
[INFO] [stdout]     |                             ^^^ use of undeclared type or module `Key`
[INFO] [stdout] 
[INFO] [stdout] 
[INFO] [stdout] error[E0433]: failed to resolve: use of undeclared type or module `Key`
[INFO] [stdout]    --> src/bufs/edit.rs:984:8
[INFO] [stdout]     |
[INFO] [stdout] 984 |                             Key::Enter => {
[INFO] [stdout]     |                             ^^^ use of undeclared type or module `Key`
[INFO] [stdout] 
[INFO] [stdout] 
[INFO] [stdout] error[E0433]: failed to resolve: use of undeclared type or module `Event`
[INFO] [stdout]    --> src/bufs/edit.rs:996:4
[INFO] [stdout]     |
[INFO] [stdout] 996 |             Event::KeyPressRepeat(k) => {
[INFO] [stdout]     |             ^^^^^ use of undeclared type or module `Event`
[INFO] [stdout] 
[INFO] [stdout] 
[INFO] [stdout] error[E0433]: failed to resolve: use of undeclared type or module `Key`
[INFO] [stdout]     --> src/bufs/edit.rs:1003:8
[INFO] [stdout]      |
[INFO] [stdout] 1003 |                             Key::K => self.exec(Command::MoveUp),
[INFO] [stdout]      |                             ^^^ use of undeclared type or module `Key`
[INFO] [stdout] 
[INFO] [stdout] 
[INFO] [stdout] error[E0433]: failed to resolve: use of undeclared type or module `Key`
[INFO] [stdout]     --> src/bufs/edit.rs:1004:8
[INFO] [stdout]      |
[INFO] [stdout] 1004 |                             Key::J => self.exec(Command::MoveDown),
[INFO] [stdout]      |                             ^^^ use of undeclared type or module `Key`
[INFO] [stdout] 
[INFO] [stdout] 
[INFO] [stdout] error[E0433]: failed to resolve: use of undeclared type or module `Key`
[INFO] [stdout]     --> src/bufs/edit.rs:1005:8
[INFO] [stdout]      |
[INFO] [stdout] 1005 |                             Key::H => {
[INFO] [stdout]      |                             ^^^ use of undeclared type or module `Key`
[INFO] [stdout] 
[INFO] [stdout] 
[INFO] [stdout] error[E0433]: failed to resolve: use of undeclared type or module `Key`
[INFO] [stdout]     --> src/bufs/edit.rs:1012:8
[INFO] [stdout]      |
[INFO] [stdout] 1012 |                             Key::L => {
[INFO] [stdout]      |                             ^^^ use of undeclared type or module `Key`
[INFO] [stdout] 
[INFO] [stdout] 
[INFO] [stdout] error[E0433]: failed to resolve: use of undeclared type or module `Key`
[INFO] [stdout]     --> src/bufs/edit.rs:1019:8
[INFO] [stdout]      |
[INFO] [stdout] 1019 |                             Key::Left => self.exec(Command::MoveLeft),
[INFO] [stdout]      |                             ^^^ use of undeclared type or module `Key`
[INFO] [stdout] 
[INFO] [stdout] 
[INFO] [stdout] error[E0433]: failed to resolve: use of undeclared type or module `Key`
[INFO] [stdout]     --> src/bufs/edit.rs:1020:8
[INFO] [stdout]      |
[INFO] [stdout] 1020 |                             Key::Right => self.exec(Command::MoveRight),
[INFO] [stdout]      |                             ^^^ use of undeclared type or module `Key`
[INFO] [stdout] 
[INFO] [stdout] 
[INFO] [stdout] error[E0433]: failed to resolve: use of undeclared type or module `Key`
[INFO] [stdout]     --> src/bufs/edit.rs:1021:8
[INFO] [stdout]      |
[INFO] [stdout] 1021 |                             Key::Up => self.exec(Command::MoveUp),
[INFO] [stdout]      |                             ^^^ use of undeclared type or module `Key`
[INFO] [stdout] 
[INFO] [stdout] 
[INFO] [stdout] error[E0433]: failed to resolve: use of undeclared type or module `Key`
[INFO] [stdout]     --> src/bufs/edit.rs:1022:8
[INFO] [stdout]      |
[INFO] [stdout] 1022 |                             Key::Down => self.exec(Command::MoveDown),
[INFO] [stdout]      |                             ^^^ use of undeclared type or module `Key`
[INFO] [stdout] 
[INFO] [stdout] 
[INFO] [stdout] error[E0433]: failed to resolve: use of undeclared type or module `Key`
[INFO] [stdout]     --> src/bufs/edit.rs:1023:8
[INFO] [stdout]      |
[INFO] [stdout] 1023 |                             Key::D => {
[INFO] [stdout]      |                             ^^^ use of undeclared type or module `Key`
[INFO] [stdout] 
[INFO] [stdout] 
[INFO] [stdout] error[E0433]: failed to resolve: use of undeclared type or module `Key`
[INFO] [stdout]     --> src/bufs/edit.rs:1027:8
[INFO] [stdout]      |
[INFO] [stdout] 1027 |                             Key::U => {
[INFO] [stdout]      |                             ^^^ use of undeclared type or module `Key`
[INFO] [stdout] 
[INFO] [stdout] 
[INFO] [stdout] error[E0433]: failed to resolve: use of undeclared type or module `Key`
[INFO] [stdout]     --> src/bufs/edit.rs:1031:8
[INFO] [stdout]      |
[INFO] [stdout] 1031 |                             Key::O => {
[INFO] [stdout]      |                             ^^^ use of undeclared type or module `Key`
[INFO] [stdout] 
[INFO] [stdout] 
[INFO] [stdout] error[E0433]: failed to resolve: use of undeclared type or module `Key`
[INFO] [stdout]     --> src/bufs/edit.rs:1035:8
[INFO] [stdout]      |
[INFO] [stdout] 1035 |                             Key::Semicolon if kmods.alt => {
[INFO] [stdout]      |                             ^^^ use of undeclared type or module `Key`
[INFO] [stdout] 
[INFO] [stdout] 
[INFO] [stdout] error[E0433]: failed to resolve: use of undeclared type or module `Key`
[INFO] [stdout]     --> src/bufs/edit.rs:1040:8
[INFO] [stdout]      |
[INFO] [stdout] 1040 |                             Key::Quote if kmods.alt => {
[INFO] [stdout]      |                             ^^^ use of undeclared type or module `Key`
[INFO] [stdout] 
[INFO] [stdout] 
[INFO] [stdout] error[E0433]: failed to resolve: use of undeclared type or module `Key`
[INFO] [stdout]     --> src/bufs/edit.rs:1054:8
[INFO] [stdout]      |
[INFO] [stdout] 1054 |                             Key::Backspace => {
[INFO] [stdout]      |                             ^^^ use of undeclared type or module `Key`
[INFO] [stdout] 
[INFO] [stdout] 
[INFO] [stdout] error[E0433]: failed to resolve: use of undeclared type or module `Key`
[INFO] [stdout]     --> src/bufs/edit.rs:1075:8
[INFO] [stdout]      |
[INFO] [stdout] 1075 |                             Key::Enter => {
[INFO] [stdout]      |                             ^^^ use of undeclared type or module `Key`
[INFO] [stdout] 
[INFO] [stdout] 
[INFO] [stdout] error[E0433]: failed to resolve: use of undeclared type or module `Key`
[INFO] [stdout]     --> src/bufs/edit.rs:1121:8
[INFO] [stdout]      |
[INFO] [stdout] 1121 |                             Key::Left => self.exec(Command::MoveLeft),
[INFO] [stdout]      |                             ^^^ use of undeclared type or module `Key`
[INFO] [stdout] 
[INFO] [stdout] 
[INFO] [stdout] error[E0433]: failed to resolve: use of undeclared type or module `Key`
[INFO] [stdout]     --> src/bufs/edit.rs:1122:8
[INFO] [stdout]      |
[INFO] [stdout] 1122 |                             Key::Right => self.exec(Command::MoveRight),
[INFO] [stdout]      |                             ^^^ use of undeclared type or module `Key`
[INFO] [stdout] 
[INFO] [stdout] 
[INFO] [stdout] error[E0433]: failed to resolve: use of undeclared type or module `Key`
[INFO] [stdout]     --> src/bufs/edit.rs:1123:8
[INFO] [stdout]      |
[INFO] [stdout] 1123 |                             Key::Tab => {
[INFO] [stdout]      |                             ^^^ use of undeclared type or module `Key`
[INFO] [stdout] 
[INFO] [stdout] 
[INFO] [stdout] error[E0433]: failed to resolve: use of undeclared type or module `Key`
[INFO] [stdout]     --> src/bufs/edit.rs:1136:8
[INFO] [stdout]      |
[INFO] [stdout] 1136 |                             Key::Backspace if kmods.alt => self.cmd_bar.del_word(),
[INFO] [stdout]      |                             ^^^ use of undeclared type or module `Key`
[INFO] [stdout] 
[INFO] [stdout] 
[INFO] [stdout] error[E0433]: failed to resolve: use of undeclared type or module `Key`
[INFO] [stdout]     --> src/bufs/edit.rs:1137:8
[INFO] [stdout]      |
[INFO] [stdout] 1137 |                             Key::Backspace => self.cmd_bar.del(),
[INFO] [stdout]      |                             ^^^ use of undeclared type or module `Key`
[INFO] [stdout] 
[INFO] [stdout] 
[INFO] [stdout] error[E0433]: failed to resolve: use of undeclared type or module `Key`
[INFO] [stdout]     --> src/bufs/edit.rs:1138:8
[INFO] [stdout]      |
[INFO] [stdout] 1138 |                             Key::Left => self.cmd_bar.move_left(),
[INFO] [stdout]      |                             ^^^ use of undeclared type or module `Key`
[INFO] [stdout] 
[INFO] [stdout] 
[INFO] [stdout] error[E0433]: failed to resolve: use of undeclared type or module `Key`
[INFO] [stdout]     --> src/bufs/edit.rs:1139:8
[INFO] [stdout]      |
[INFO] [stdout] 1139 |                             Key::Right => self.cmd_bar.move_right(),
[INFO] [stdout]      |                             ^^^ use of undeclared type or module `Key`
[INFO] [stdout] 
[INFO] [stdout] 
[INFO] [stdout] error[E0433]: failed to resolve: use of undeclared type or module `Event`
[INFO] [stdout]     --> src/bufs/edit.rs:1148:4
[INFO] [stdout]      |
[INFO] [stdout] 1148 |             Event::CharInput(ch) => {
[INFO] [stdout]      |             ^^^^^ use of undeclared type or module `Event`
[INFO] [stdout] 
[INFO] [stdout] 
[INFO] [stdout] error[E0433]: failed to resolve: use of undeclared type or module `Event`
[INFO] [stdout]     --> src/bufs/edit.rs:1196:4
[INFO] [stdout]      |
[INFO] [stdout] 1196 |             Event::Wheel(d, _) => {
[INFO] [stdout]      |             ^^^^^ use of undeclared type or module `Event`
[INFO] [stdout] 
[INFO] [stdout] 
[INFO] [stdout] error[E0433]: failed to resolve: use of undeclared type or module `shapes`
[INFO] [stdout]     --> src/bufs/edit.rs:1263:14
[INFO] [stdout]      |
[INFO] [stdout] 1263 |                         return shapes::TextChunk::colored(&c.text, c.color);
[INFO] [stdout]      |                                ^^^^^^ use of undeclared type or module `shapes`
[INFO] [stdout] 
[INFO] [stdout] 
[INFO] [stdout] error[E0433]: failed to resolve: use of undeclared type or module `shapes`
[INFO] [stdout]     --> src/bufs/edit.rs:1265:21
[INFO] [stdout]      |
[INFO] [stdout] 1265 |                     .collect::<Vec<shapes::TextChunk>>();
[INFO] [stdout]      |                                    ^^^^^^ use of undeclared type or module `shapes`
[INFO] [stdout] 
[INFO] [stdout] 
[INFO] [stdout] error[E0433]: failed to resolve: use of undeclared type or module `shapes`
[INFO] [stdout]     --> src/bufs/edit.rs:1263:14
[INFO] [stdout]      |
[INFO] [stdout] 1263 |                         return shapes::TextChunk::colored(&c.text, c.color);
[INFO] [stdout]      |                                ^^^^^^ use of undeclared type or module `shapes`
[INFO] [stdout] 
[INFO] [stdout] 
[INFO] [stdout] error[E0433]: failed to resolve: use of undeclared type or module `shapes`
[INFO] [stdout]     --> src/bufs/edit.rs:1265:21
[INFO] [stdout]      |
[INFO] [stdout] 1265 |                     .collect::<Vec<shapes::TextChunk>>();
[INFO] [stdout]      |                                    ^^^^^^ use of undeclared type or module `shapes`
[INFO] [stdout] 
[INFO] [stdout] 
[INFO] [stdout] error[E0433]: failed to resolve: use of undeclared type or module `shapes`
[INFO] [stdout]     --> src/bufs/edit.rs:1267:17
[INFO] [stdout]      |
[INFO] [stdout] 1267 |                 let ftext = shapes::Text::from_chunks(&chunks)
[INFO] [stdout]      |                             ^^^^^^ use of undeclared type or module `shapes`
[INFO] [stdout] 
[INFO] [stdout] 
[INFO] [stdout] error[E0433]: failed to resolve: use of undeclared type or module `gfx`
[INFO] [stdout]     --> src/bufs/edit.rs:1268:13
[INFO] [stdout]      |
[INFO] [stdout] 1268 |                     .align(gfx::Origin::TopLeft)
[INFO] [stdout]      |                            ^^^ use of undeclared type or module `gfx`
[INFO] [stdout] 
[INFO] [stdout] 
[INFO] [stdout] error[E0433]: failed to resolve: use of undeclared type or module `shapes`
[INFO] [stdout]     --> src/bufs/edit.rs:1290:9
[INFO] [stdout]      |
[INFO] [stdout] 1290 |                             &shapes::rect(
[INFO] [stdout]      |                              ^^^^^^ use of undeclared type or module `shapes`
[INFO] [stdout] 
[INFO] [stdout] 
[INFO] [stdout] error[E0433]: failed to resolve: use of undeclared type or module `shapes`
[INFO] [stdout]     --> src/bufs/edit.rs:1267:17
[INFO] [stdout]      |
[INFO] [stdout] 1267 |                 let ftext = shapes::Text::from_chunks(&chunks)
[INFO] [stdout]      |                             ^^^^^^ use of undeclared type or module `shapes`
[INFO] [stdout] 
[INFO] [stdout] 
[INFO] [stdout] error[E0433]: failed to resolve: use of undeclared type or module `gfx`
[INFO] [stdout]     --> src/bufs/edit.rs:1268:13
[INFO] [stdout]      |
[INFO] [stdout] 1268 |                     .align(gfx::Origin::TopLeft)
[INFO] [stdout]      |                            ^^^ use of undeclared type or module `gfx`
[INFO] [stdout] 
[INFO] [stdout] 
[INFO] [stdout] error[E0433]: failed to resolve: use of undeclared type or module `shapes`
[INFO] [stdout]     --> src/bufs/edit.rs:1300:9
[INFO] [stdout]      |
[INFO] [stdout] 1300 |                             &shapes::rect(
[INFO] [stdout]      |                              ^^^^^^ use of undeclared type or module `shapes`
[INFO] [stdout] 
[INFO] [stdout] 
[INFO] [stdout] error[E0433]: failed to resolve: use of undeclared type or module `shapes`
[INFO] [stdout]     --> src/bufs/edit.rs:1290:9
[INFO] [stdout]      |
[INFO] [stdout] 1290 |                             &shapes::rect(
[INFO] [stdout]      |                              ^^^^^^ use of undeclared type or module `shapes`
[INFO] [stdout] 
[INFO] [stdout] 
[INFO] [stdout] error[E0433]: failed to resolve: use of undeclared type or module `shapes`
[INFO] [stdout]     --> src/bufs/edit.rs:1337:5
[INFO] [stdout]      |
[INFO] [stdout] 1337 |             &shapes::rect(
[INFO] [stdout]      |              ^^^^^^ use of undeclared type or module `shapes`
[INFO] [stdout] 
[INFO] [stdout] 
[INFO] [stdout] error[E0433]: failed to resolve: use of undeclared type or module `shapes`
[INFO] [stdout]     --> src/bufs/edit.rs:1300:9
[INFO] [stdout]      |
[INFO] [stdout] 1300 |                             &shapes::rect(
[INFO] [stdout]      |                              ^^^^^^ use of undeclared type or module `shapes`
[INFO] [stdout] 
[INFO] [stdout] 
[INFO] [stdout] error[E0433]: failed to resolve: use of undeclared type or module `shapes`
[INFO] [stdout]     --> src/bufs/edit.rs:1348:5
[INFO] [stdout]      |
[INFO] [stdout] 1348 |             &shapes::text(&format!("{}", m.to_uppercase()))
[INFO] [stdout]      |              ^^^^^^ use of undeclared type or module `shapes`
[INFO] [stdout] 
[INFO] [stdout] 
[INFO] [stdout] error[E0433]: failed to resolve: use of undeclared type or module `Origin`
[INFO] [stdout]     --> src/bufs/edit.rs:1349:12
[INFO] [stdout]      |
[INFO] [stdout] 1349 |                 .align(Origin::BottomLeft)
[INFO] [stdout]      |                        ^^^^^^ use of undeclared type or module `Origin`
[INFO] [stdout] 
[INFO] [stdout] 
[INFO] [stdout] error[E0433]: failed to resolve: use of undeclared type or module `shapes`
[INFO] [stdout]     --> src/bufs/edit.rs:1337:5
[INFO] [stdout]      |
[INFO] [stdout] 1337 |             &shapes::rect(
[INFO] [stdout]      |              ^^^^^^ use of undeclared type or module `shapes`
[INFO] [stdout] 
[INFO] [stdout] 
[INFO] [stdout] error[E0433]: failed to resolve: use of undeclared type or module `shapes`
[INFO] [stdout]     --> src/bufs/edit.rs:1348:5
[INFO] [stdout]      |
[INFO] [stdout] 1348 |             &shapes::text(&format!("{}", m.to_uppercase()))
[INFO] [stdout]      |              ^^^^^^ use of undeclared type or module `shapes`
[INFO] [stdout] 
[INFO] [stdout] 
[INFO] [stdout] error[E0433]: failed to resolve: use of undeclared type or module `Origin`
[INFO] [stdout]     --> src/bufs/edit.rs:1349:12
[INFO] [stdout]      |
[INFO] [stdout] 1349 |                 .align(Origin::BottomLeft)
[INFO] [stdout]      |                        ^^^^^^ use of undeclared type or module `Origin`
[INFO] [stdout] 
[INFO] [stdout] 
[INFO] [stdout] error[E0433]: failed to resolve: use of undeclared type or module `shapes`
[INFO] [stdout]     --> src/bufs/edit.rs:1358:5
[INFO] [stdout]      |
[INFO] [stdout] 1358 |             &shapes::text(&format!("{}", self.cursor))
[INFO] [stdout]      |              ^^^^^^ use of undeclared type or module `shapes`
[INFO] [stdout] 
[INFO] [stdout] 
[INFO] [stdout] error[E0433]: failed to resolve: use of undeclared type or module `Origin`
[INFO] [stdout]     --> src/bufs/edit.rs:1359:12
[INFO] [stdout]      |
[INFO] [stdout] 1359 |                 .align(Origin::BottomRight)
[INFO] [stdout]      |                        ^^^^^^ use of undeclared type or module `Origin`
[INFO] [stdout] 
[INFO] [stdout] 
[INFO] [stdout] error[E0433]: failed to resolve: use of undeclared type or module `shapes`
[INFO] [stdout]     --> src/bufs/edit.rs:1367:6
[INFO] [stdout]      |
[INFO] [stdout] 1367 |                 &shapes::rect(
[INFO] [stdout]      |                  ^^^^^^ use of undeclared type or module `shapes`
[INFO] [stdout] 
[INFO] [stdout] 
[INFO] [stdout] error[E0433]: failed to resolve: use of undeclared type or module `shapes`
[INFO] [stdout]     --> src/bufs/edit.rs:1358:5
[INFO] [stdout]      |
[INFO] [stdout] 1358 |             &shapes::text(&format!("{}", self.cursor))
[INFO] [stdout]      |              ^^^^^^ use of undeclared type or module `shapes`
[INFO] [stdout] 
[INFO] [stdout] 
[INFO] [stdout] error[E0433]: failed to resolve: use of undeclared type or module `Origin`
[INFO] [stdout]     --> src/bufs/edit.rs:1359:12
[INFO] [stdout]      |
[INFO] [stdout] 1359 |                 .align(Origin::BottomRight)
[INFO] [stdout]      |                        ^^^^^^ use of undeclared type or module `Origin`
[INFO] [stdout] 
[INFO] [stdout] 
[INFO] [stdout] error[E0433]: failed to resolve: use of undeclared type or module `shapes`
[INFO] [stdout]     --> src/bufs/edit.rs:1374:18
[INFO] [stdout]      |
[INFO] [stdout] 1374 |             let cmd_bar = shapes::text(self.cmd_bar.content())
[INFO] [stdout]      |                           ^^^^^^ use of undeclared type or module `shapes`
[INFO] [stdout] 
[INFO] [stdout] 
[INFO] [stdout] error[E0433]: failed to resolve: use of undeclared type or module `Origin`
[INFO] [stdout]     --> src/bufs/edit.rs:1375:12
[INFO] [stdout]      |
[INFO] [stdout] 1375 |                 .align(Origin::BottomLeft)
[INFO] [stdout]      |                        ^^^^^^ use of undeclared type or module `Origin`
[INFO] [stdout] 
[INFO] [stdout] 
[INFO] [stdout] error[E0433]: failed to resolve: use of undeclared type or module `shapes`
[INFO] [stdout]     --> src/bufs/edit.rs:1367:6
[INFO] [stdout]      |
[INFO] [stdout] 1367 |                 &shapes::rect(
[INFO] [stdout]      |                  ^^^^^^ use of undeclared type or module `shapes`
[INFO] [stdout] 
[INFO] [stdout] 
[INFO] [stdout] error[E0433]: failed to resolve: use of undeclared type or module `shapes`
[INFO] [stdout]     --> src/bufs/edit.rs:1385:7
[INFO] [stdout]      |
[INFO] [stdout] 1385 |                     &shapes::rect(vec2!(0), vec2!(12.0, FONT_SIZE)),
[INFO] [stdout]      |                      ^^^^^^ use of undeclared type or module `shapes`
[INFO] [stdout] 
[INFO] [stdout] 
[INFO] [stdout] error[E0433]: failed to resolve: use of undeclared type or module `task`
[INFO] [stdout]   --> src/bufs/img.rs:10:8
[INFO] [stdout]    |
[INFO] [stdout] 10 |     task: task::Task<Result<Vec<u8>>>,
[INFO] [stdout]    |           ^^^^ use of undeclared type or module `task`
[INFO] [stdout] 
[INFO] [stdout] 
[INFO] [stdout] error[E0433]: failed to resolve: use of undeclared type or module `gfx`
[INFO] [stdout]   --> src/bufs/img.rs:11:14
[INFO] [stdout]    |
[INFO] [stdout] 11 |     tex: Option<gfx::Texture>,
[INFO] [stdout]    |                 ^^^ use of undeclared type or module `gfx`
[INFO] [stdout] 
[INFO] [stdout] 
[INFO] [stdout] error[E0433]: failed to resolve: use of undeclared type or module `shapes`
[INFO] [stdout]     --> src/bufs/edit.rs:1374:18
[INFO] [stdout]      |
[INFO] [stdout] 1374 |             let cmd_bar = shapes::text(self.cmd_bar.content())
[INFO] [stdout]      |                           ^^^^^^ use of undeclared type or module `shapes`
[INFO] [stdout] 
[INFO] [stdout] 
[INFO] [stdout] error[E0433]: failed to resolve: use of undeclared type or module `Origin`
[INFO] [stdout]     --> src/bufs/edit.rs:1375:12
[INFO] [stdout]      |
[INFO] [stdout] 1375 |                 .align(Origin::BottomLeft)
[INFO] [stdout]      |                        ^^^^^^ use of undeclared type or module `Origin`
[INFO] [stdout] 
[INFO] [stdout] 
[INFO] [stdout] error[E0433]: failed to resolve: use of undeclared type or module `shapes`
[INFO] [stdout]     --> src/bufs/edit.rs:1385:7
[INFO] [stdout]      |
[INFO] [stdout] 1385 |                     &shapes::rect(vec2!(0), vec2!(12.0, FONT_SIZE)),
[INFO] [stdout]      |                      ^^^^^^ use of undeclared type or module `shapes`
[INFO] [stdout] 
[INFO] [stdout] 
[INFO] [stdout] error[E0433]: failed to resolve: use of undeclared type or module `task`
[INFO] [stdout]   --> src/bufs/img.rs:25:10
[INFO] [stdout]    |
[INFO] [stdout] 25 |             task: task::Task::new(move || {
[INFO] [stdout]    |                   ^^^^ use of undeclared type or module `task`
[INFO] [stdout] 
[INFO] [stdout] 
[INFO] [stdout] error[E0433]: failed to resolve: use of undeclared type or module `task`
[INFO] [stdout]   --> src/bufs/img.rs:10:8
[INFO] [stdout]    |
[INFO] [stdout] 10 |     task: task::Task<Result<Vec<u8>>>,
[INFO] [stdout]    |           ^^^^ use of undeclared type or module `task`
[INFO] [stdout] 
[INFO] [stdout] 
[INFO] [stdout] error[E0433]: failed to resolve: use of undeclared type or module `gfx`
[INFO] [stdout]   --> src/bufs/img.rs:11:14
[INFO] [stdout]    |
[INFO] [stdout] 11 |     tex: Option<gfx::Texture>,
[INFO] [stdout]    |                 ^^^ use of undeclared type or module `gfx`
[INFO] [stdout] 
[INFO] [stdout] 
[INFO] [stdout] error[E0433]: failed to resolve: use of undeclared type or module `fs`
[INFO] [stdout]   --> src/bufs/img.rs:26:12
[INFO] [stdout]    |
[INFO] [stdout] 26 |                 return fs::read(path2);
[INFO] [stdout]    |                        ^^ use of undeclared type or module `fs`
[INFO] [stdout] 
[INFO] [stdout] 
[INFO] [stdout] error[E0433]: failed to resolve: use of undeclared type or module `task`
[INFO] [stdout]   --> src/bufs/img.rs:25:10
[INFO] [stdout]    |
[INFO] [stdout] 25 |             task: task::Task::new(move || {
[INFO] [stdout]    |                   ^^^^ use of undeclared type or module `task`
[INFO] [stdout] 
[INFO] [stdout] 
[INFO] [stdout] error[E0433]: failed to resolve: use of undeclared type or module `input`
[INFO] [stdout]   --> src/bufs/img.rs:49:39
[INFO] [stdout]    |
[INFO] [stdout] 49 |     fn event(&mut self, d: &mut Ctx, e: &input::Event) -> Result<()> {
[INFO] [stdout]    |                                          ^^^^^ use of undeclared type or module `input`
[INFO] [stdout] 
[INFO] [stdout] 
[INFO] [stdout] error[E0433]: failed to resolve: use of undeclared type or module `Event`
[INFO] [stdout]   --> src/bufs/img.rs:55:4
[INFO] [stdout]    |
[INFO] [stdout] 55 |             Event::KeyPress(k) => {
[INFO] [stdout]    |             ^^^^^ use of undeclared type or module `Event`
[INFO] [stdout] 
[INFO] [stdout] 
[INFO] [stdout] error[E0433]: failed to resolve: use of undeclared type or module `Key`
[INFO] [stdout]   --> src/bufs/img.rs:57:6
[INFO] [stdout]    |
[INFO] [stdout] 57 |                     Key::Space => {
[INFO] [stdout]    |                     ^^^ use of undeclared type or module `Key`
[INFO] [stdout] 
[INFO] [stdout] 
[INFO] [stdout] error[E0433]: failed to resolve: use of undeclared type or module `Event`
[INFO] [stdout]   --> src/bufs/img.rs:65:4
[INFO] [stdout]    |
[INFO] [stdout] 65 |             Event::Wheel(d, p) => {
[INFO] [stdout]    |             ^^^^^ use of undeclared type or module `Event`
[INFO] [stdout] 
[INFO] [stdout] 
[INFO] [stdout] error[E0433]: failed to resolve: use of undeclared type or module `input`
[INFO] [stdout]   --> src/bufs/img.rs:67:12
[INFO] [stdout]    |
[INFO] [stdout] 67 |                 if let input::ScrollPhase::Solid = p {
[INFO] [stdout]    |                        ^^^^^ use of undeclared type or module `input`
[INFO] [stdout] 
[INFO] [stdout] 
[INFO] [stdout] error[E0433]: failed to resolve: use of undeclared type or module `fs`
[INFO] [stdout]   --> src/bufs/img.rs:26:12
[INFO] [stdout]    |
[INFO] [stdout] 26 |                 return fs::read(path2);
[INFO] [stdout]    |                        ^^ use of undeclared type or module `fs`
[INFO] [stdout] 
[INFO] [stdout] 
[INFO] [stdout] error[E0433]: failed to resolve: use of undeclared type or module `input`
[INFO] [stdout]   --> src/bufs/img.rs:49:39
[INFO] [stdout]    |
[INFO] [stdout] 49 |     fn event(&mut self, d: &mut Ctx, e: &input::Event) -> Result<()> {
[INFO] [stdout]    |                                          ^^^^^ use of undeclared type or module `input`
[INFO] [stdout] 
[INFO] [stdout] 
[INFO] [stdout] error[E0433]: failed to resolve: use of undeclared type or module `Event`
[INFO] [stdout]   --> src/bufs/img.rs:55:4
[INFO] [stdout]    |
[INFO] [stdout] 55 |             Event::KeyPress(k) => {
[INFO] [stdout]    |             ^^^^^ use of undeclared type or module `Event`
[INFO] [stdout] 
[INFO] [stdout] 
[INFO] [stdout] error[E0433]: failed to resolve: use of undeclared type or module `Key`
[INFO] [stdout]   --> src/bufs/img.rs:57:6
[INFO] [stdout]    |
[INFO] [stdout] 57 |                     Key::Space => {
[INFO] [stdout]    |                     ^^^ use of undeclared type or module `Key`
[INFO] [stdout] 
[INFO] [stdout] 
[INFO] [stdout] error[E0433]: failed to resolve: use of undeclared type or module `Event`
[INFO] [stdout]   --> src/bufs/img.rs:65:4
[INFO] [stdout]    |
[INFO] [stdout] 65 |             Event::Wheel(d, p) => {
[INFO] [stdout]    |             ^^^^^ use of undeclared type or module `Event`
[INFO] [stdout] 
[INFO] [stdout] 
[INFO] [stdout] error[E0433]: failed to resolve: use of undeclared type or module `input`
[INFO] [stdout]   --> src/bufs/img.rs:67:12
[INFO] [stdout]    |
[INFO] [stdout] 67 |                 if let input::ScrollPhase::Solid = p {
[INFO] [stdout]    |                        ^^^^^ use of undeclared type or module `input`
[INFO] [stdout] 
[INFO] [stdout] 
[INFO] [stdout] error[E0433]: failed to resolve: use of undeclared type or module `gfx`
[INFO] [stdout]   --> src/bufs/img.rs:93:16
[INFO] [stdout]    |
[INFO] [stdout] 93 |                 self.tex = gfx::Texture::from_bytes(d.gfx, &data).ok();
[INFO] [stdout]    |                            ^^^ use of undeclared type or module `gfx`
[INFO] [stdout] 
[INFO] [stdout] 
[INFO] [stdout] error[E0433]: failed to resolve: use of undeclared type or module `gfx`
[INFO] [stdout]   --> src/bufs/img.rs:93:16
[INFO] [stdout]    |
[INFO] [stdout] 93 |                 self.tex = gfx::Texture::from_bytes(d.gfx, &data).ok();
[INFO] [stdout]    |                            ^^^ use of undeclared type or module `gfx`
[INFO] [stdout] 
[INFO] [stdout] 
[INFO] [stdout] error[E0433]: failed to resolve: use of undeclared type or module `shapes`
[INFO] [stdout]    --> src/bufs/img.rs:111:6
[INFO] [stdout]     |
[INFO] [stdout] 111 |                 &shapes::sprite(tex)
[INFO] [stdout]     |                  ^^^^^^ use of undeclared type or module `shapes`
[INFO] [stdout] 
[INFO] [stdout] 
[INFO] [stdout] error[E0433]: failed to resolve: use of undeclared type or module `shapes`
[INFO] [stdout]    --> src/bufs/img.rs:119:6
[INFO] [stdout]     |
[INFO] [stdout] 119 |                 &shapes::text("loading...")
[INFO] [stdout]     |                  ^^^^^^ use of undeclared type or module `shapes`
[INFO] [stdout] 
[INFO] [stdout] 
[INFO] [stdout] error[E0433]: failed to resolve: use of undeclared type or module `shapes`
[INFO] [stdout]    --> src/bufs/img.rs:111:6
[INFO] [stdout]     |
[INFO] [stdout] 111 |                 &shapes::sprite(tex)
[INFO] [stdout]     |                  ^^^^^^ use of undeclared type or module `shapes`
[INFO] [stdout] 
[INFO] [stdout] 
[INFO] [stdout] error[E0433]: failed to resolve: use of undeclared type or module `gfx`
[INFO] [stdout]  --> src/bufs/model.rs:9:10
[INFO] [stdout]   |
[INFO] [stdout] 9 |     shader: gfx::Shader<()>,
[INFO] [stdout]   |             ^^^ use of undeclared type or module `gfx`
[INFO] [stdout] 
[INFO] [stdout] 
[INFO] [stdout] error[E0433]: failed to resolve: use of undeclared type or module `task`
[INFO] [stdout]   --> src/bufs/model.rs:11:8
[INFO] [stdout]    |
[INFO] [stdout] 11 |     task: task::Task<Result<ModelData>>,
[INFO] [stdout]    |           ^^^^ use of undeclared type or module `task`
[INFO] [stdout] 
[INFO] [stdout] 
[INFO] [stdout] error[E0433]: failed to resolve: use of undeclared type or module `shapes`
[INFO] [stdout]    --> src/bufs/img.rs:119:6
[INFO] [stdout]     |
[INFO] [stdout] 119 |                 &shapes::text("loading...")
[INFO] [stdout]     |                  ^^^^^^ use of undeclared type or module `shapes`
[INFO] [stdout] 
[INFO] [stdout] 
[INFO] [stdout] error[E0433]: failed to resolve: use of undeclared type or module `gfx`
[INFO] [stdout]  --> src/bufs/model.rs:9:10
[INFO] [stdout]   |
[INFO] [stdout] 9 |     shader: gfx::Shader<()>,
[INFO] [stdout]   |             ^^^ use of undeclared type or module `gfx`
[INFO] [stdout] 
[INFO] [stdout] 
[INFO] [stdout] error[E0433]: failed to resolve: use of undeclared type or module `task`
[INFO] [stdout]   --> src/bufs/model.rs:11:8
[INFO] [stdout]    |
[INFO] [stdout] 11 |     task: task::Task<Result<ModelData>>,
[INFO] [stdout]    |           ^^^^ use of undeclared type or module `task`
[INFO] [stdout] 
[INFO] [stdout] 
[INFO] [stdout] error[E0433]: failed to resolve: use of undeclared type or module `task`
[INFO] [stdout]   --> src/bufs/model.rs:29:10
[INFO] [stdout]    |
[INFO] [stdout] 29 |             task: task::Task::new(move || {
[INFO] [stdout]    |                   ^^^^ use of undeclared type or module `task`
[INFO] [stdout] 
[INFO] [stdout] 
[INFO] [stdout] error[E0433]: failed to resolve: use of undeclared type or module `Model`
[INFO] [stdout]   --> src/bufs/model.rs:30:12
[INFO] [stdout]    |
[INFO] [stdout] 30 |                 return Model::load_file(path2);
[INFO] [stdout]    |                        ^^^^^ use of undeclared type or module `Model`
[INFO] [stdout] 
[INFO] [stdout] 
[INFO] [stdout] error[E0433]: failed to resolve: use of undeclared type or module `gfx`
[INFO] [stdout]   --> src/bufs/model.rs:33:12
[INFO] [stdout]    |
[INFO] [stdout] 33 |             shader: gfx::Shader::from_frag(d.gfx, include_str!("normal.frag"))?,
[INFO] [stdout]    |                     ^^^ use of undeclared type or module `gfx`
[INFO] [stdout] 
[INFO] [stdout] 
[INFO] [stdout] error[E0433]: failed to resolve: use of undeclared type or module `task`
[INFO] [stdout]   --> src/bufs/model.rs:29:10
[INFO] [stdout]    |
[INFO] [stdout] 29 |             task: task::Task::new(move || {
[INFO] [stdout]    |                   ^^^^ use of undeclared type or module `task`
[INFO] [stdout] 
[INFO] [stdout] 
[INFO] [stdout] error[E0433]: failed to resolve: use of undeclared type or module `input`
[INFO] [stdout]   --> src/bufs/model.rs:55:39
[INFO] [stdout]    |
[INFO] [stdout] 55 |     fn event(&mut self, d: &mut Ctx, e: &input::Event) -> Result<()> {
[INFO] [stdout]    |                                          ^^^^^ use of undeclared type or module `input`
[INFO] [stdout] 
[INFO] [stdout] 
[INFO] [stdout] error[E0433]: failed to resolve: use of undeclared type or module `Key`
[INFO] [stdout]   --> src/bufs/model.rs:66:6
[INFO] [stdout]    |
[INFO] [stdout] 66 |                     Key::F => d.window.toggle_fullscreen(),
[INFO] [stdout]    |                     ^^^ use of undeclared type or module `Key`
[INFO] [stdout] 
[INFO] [stdout] 
[INFO] [stdout] error[E0433]: failed to resolve: use of undeclared type or module `Key`
[INFO] [stdout]   --> src/bufs/model.rs:67:6
[INFO] [stdout]    |
[INFO] [stdout] 67 |                     Key::Esc => d.window.quit(),
[INFO] [stdout]    |                     ^^^ use of undeclared type or module `Key`
[INFO] [stdout] 
[INFO] [stdout] 
[INFO] [stdout] error[E0433]: failed to resolve: use of undeclared type or module `Key`
[INFO] [stdout]   --> src/bufs/model.rs:68:6
[INFO] [stdout]    |
[INFO] [stdout] 68 |                     Key::Q if mods.meta => d.window.quit(),
[INFO] [stdout]    |                     ^^^ use of undeclared type or module `Key`
[INFO] [stdout] 
[INFO] [stdout] 
[INFO] [stdout] error[E0433]: failed to resolve: use of undeclared type or module `Key`
[INFO] [stdout]   --> src/bufs/model.rs:69:6
[INFO] [stdout]    |
[INFO] [stdout] 69 |                     Key::Space => self.resetting = true,
[INFO] [stdout]    |                     ^^^ use of undeclared type or module `Key`
[INFO] [stdout] 
[INFO] [stdout] 
[INFO] [stdout] error[E0433]: failed to resolve: use of undeclared type or module `Model`
[INFO] [stdout]   --> src/bufs/model.rs:30:12
[INFO] [stdout]    |
[INFO] [stdout] 30 |                 return Model::load_file(path2);
[INFO] [stdout]    |                        ^^^^^ use of undeclared type or module `Model`
[INFO] [stdout] 
[INFO] [stdout] 
[INFO] [stdout] error[E0433]: failed to resolve: use of undeclared type or module `input`
[INFO] [stdout]   --> src/bufs/model.rs:77:12
[INFO] [stdout]    |
[INFO] [stdout] 77 |                 if let input::ScrollPhase::Solid = phase {
[INFO] [stdout]    |                        ^^^^^ use of undeclared type or module `input`
[INFO] [stdout] 
[INFO] [stdout] 
[INFO] [stdout] error[E0433]: failed to resolve: use of undeclared type or module `Mouse`
[INFO] [stdout]    --> src/bufs/model.rs:100:28
[INFO] [stdout]     |
[INFO] [stdout] 100 |                 if d.window.mouse_down(Mouse::Left) {
[INFO] [stdout]     |                                        ^^^^^ use of undeclared type or module `Mouse`
[INFO] [stdout] 
[INFO] [stdout] 
[INFO] [stdout] error[E0433]: failed to resolve: use of undeclared type or module `gfx`
[INFO] [stdout]   --> src/bufs/model.rs:33:12
[INFO] [stdout]    |
[INFO] [stdout] 33 |             shader: gfx::Shader::from_frag(d.gfx, include_str!("normal.frag"))?,
[INFO] [stdout]    |                     ^^^ use of undeclared type or module `gfx`
[INFO] [stdout] 
[INFO] [stdout] 
[INFO] [stdout] error[E0433]: failed to resolve: use of undeclared type or module `input`
[INFO] [stdout]   --> src/bufs/model.rs:55:39
[INFO] [stdout]    |
[INFO] [stdout] 55 |     fn event(&mut self, d: &mut Ctx, e: &input::Event) -> Result<()> {
[INFO] [stdout]    |                                          ^^^^^ use of undeclared type or module `input`
[INFO] [stdout] 
[INFO] [stdout] 
[INFO] [stdout] error[E0433]: failed to resolve: use of undeclared type or module `Model`
[INFO] [stdout]    --> src/bufs/model.rs:137:18
[INFO] [stdout]     |
[INFO] [stdout] 137 |                 self.model = Model::from_data(d.gfx, data).ok();
[INFO] [stdout]     |                              ^^^^^ use of undeclared type or module `Model`
[INFO] [stdout] 
[INFO] [stdout] 
[INFO] [stdout] error[E0433]: failed to resolve: use of undeclared type or module `Key`
[INFO] [stdout]    --> src/bufs/model.rs:146:25
[INFO] [stdout]     |
[INFO] [stdout] 146 |             if d.window.key_down(Key::A) {
[INFO] [stdout]     |                                  ^^^ use of undeclared type or module `Key`
[INFO] [stdout] 
[INFO] [stdout] 
[INFO] [stdout] error[E0433]: failed to resolve: use of undeclared type or module `Key`
[INFO] [stdout]    --> src/bufs/model.rs:151:25
[INFO] [stdout]     |
[INFO] [stdout] 151 |             if d.window.key_down(Key::D) {
[INFO] [stdout]     |                                  ^^^ use of undeclared type or module `Key`
[INFO] [stdout] 
[INFO] [stdout] 
[INFO] [stdout] error[E0433]: failed to resolve: use of undeclared type or module `Key`
[INFO] [stdout]    --> src/bufs/model.rs:156:25
[INFO] [stdout]     |
[INFO] [stdout] 156 |             if d.window.key_down(Key::W) {
[INFO] [stdout]     |                                  ^^^ use of undeclared type or module `Key`
[INFO] [stdout] 
[INFO] [stdout] 
[INFO] [stdout] error[E0433]: failed to resolve: use of undeclared type or module `Key`
[INFO] [stdout]    --> src/bufs/model.rs:161:25
[INFO] [stdout]     |
[INFO] [stdout] 161 |             if d.window.key_down(Key::S) {
[INFO] [stdout]     |                                  ^^^ use of undeclared type or module `Key`
[INFO] [stdout] 
[INFO] [stdout] 
[INFO] [stdout] error[E0433]: failed to resolve: use of undeclared type or module `Key`
[INFO] [stdout]   --> src/bufs/model.rs:66:6
[INFO] [stdout]    |
[INFO] [stdout] 66 |                     Key::F => d.window.toggle_fullscreen(),
[INFO] [stdout]    |                     ^^^ use of undeclared type or module `Key`
[INFO] [stdout] 
[INFO] [stdout] 
[INFO] [stdout] error[E0433]: failed to resolve: use of undeclared type or module `Key`
[INFO] [stdout]   --> src/bufs/model.rs:67:6
[INFO] [stdout]    |
[INFO] [stdout] 67 |                     Key::Esc => d.window.quit(),
[INFO] [stdout]    |                     ^^^ use of undeclared type or module `Key`
[INFO] [stdout] 
[INFO] [stdout] 
[INFO] [stdout] error[E0433]: failed to resolve: use of undeclared type or module `Key`
[INFO] [stdout]   --> src/bufs/model.rs:68:6
[INFO] [stdout]    |
[INFO] [stdout] 68 |                     Key::Q if mods.meta => d.window.quit(),
[INFO] [stdout]    |                     ^^^ use of undeclared type or module `Key`
[INFO] [stdout] 
[INFO] [stdout] 
[INFO] [stdout] error[E0433]: failed to resolve: use of undeclared type or module `Key`
[INFO] [stdout]   --> src/bufs/model.rs:69:6
[INFO] [stdout]    |
[INFO] [stdout] 69 |                     Key::Space => self.resetting = true,
[INFO] [stdout]    |                     ^^^ use of undeclared type or module `Key`
[INFO] [stdout] 
[INFO] [stdout] 
[INFO] [stdout] error[E0433]: failed to resolve: use of undeclared type or module `input`
[INFO] [stdout]   --> src/bufs/model.rs:77:12
[INFO] [stdout]    |
[INFO] [stdout] 77 |                 if let input::ScrollPhase::Solid = phase {
[INFO] [stdout]    |                        ^^^^^ use of undeclared type or module `input`
[INFO] [stdout] 
[INFO] [stdout] 
[INFO] [stdout] error[E0433]: failed to resolve: use of undeclared type or module `shapes`
[INFO] [stdout]    --> src/bufs/model.rs:206:8
[INFO] [stdout]     |
[INFO] [stdout] 206 |                         &shapes::model(&model)
[INFO] [stdout]     |                          ^^^^^^ use of undeclared type or module `shapes`
[INFO] [stdout] 
[INFO] [stdout] 
[INFO] [stdout] error[E0433]: failed to resolve: use of undeclared type or module `Mouse`
[INFO] [stdout]    --> src/bufs/model.rs:100:28
[INFO] [stdout]     |
[INFO] [stdout] 100 |                 if d.window.mouse_down(Mouse::Left) {
[INFO] [stdout]     |                                        ^^^^^ use of undeclared type or module `Mouse`
[INFO] [stdout] 
[INFO] [stdout] 
[INFO] [stdout] error[E0433]: failed to resolve: use of undeclared type or module `shapes`
[INFO] [stdout]    --> src/bufs/model.rs:221:6
[INFO] [stdout]     |
[INFO] [stdout] 221 |                 &shapes::text("loading...")
[INFO] [stdout]     |                  ^^^^^^ use of undeclared type or module `shapes`
[INFO] [stdout] 
[INFO] [stdout] 
[INFO] [stdout] error[E0433]: failed to resolve: use of undeclared type or module `task`
[INFO] [stdout]   --> src/bufs/music.rs:11:8
[INFO] [stdout]    |
[INFO] [stdout] 11 |     task: task::Task<Result<Vec<u8>>>,
[INFO] [stdout]    |           ^^^^ use of undeclared type or module `task`
[INFO] [stdout] 
[INFO] [stdout] 
[INFO] [stdout] error[E0433]: failed to resolve: use of undeclared type or module `audio`
[INFO] [stdout]   --> src/bufs/music.rs:12:16
[INFO] [stdout]    |
[INFO] [stdout] 12 |     track: Option<audio::Track>,
[INFO] [stdout]    |                   ^^^^^ use of undeclared type or module `audio`
[INFO] [stdout] 
[INFO] [stdout] 
[INFO] [stdout] error[E0433]: failed to resolve: use of undeclared type or module `gfx`
[INFO] [stdout]   --> src/bufs/music.rs:13:16
[INFO] [stdout]    |
[INFO] [stdout] 13 |     cover: Option<gfx::Texture>,
[INFO] [stdout]    |                   ^^^ use of undeclared type or module `gfx`
[INFO] [stdout] 
[INFO] [stdout] 
[INFO] [stdout] error[E0433]: failed to resolve: use of undeclared type or module `task`
[INFO] [stdout]   --> src/bufs/music.rs:28:10
[INFO] [stdout]    |
[INFO] [stdout] 28 |             task: task::Task::new(move || {
[INFO] [stdout]    |                   ^^^^ use of undeclared type or module `task`
[INFO] [stdout] 
[INFO] [stdout] 
[INFO] [stdout] error[E0433]: failed to resolve: use of undeclared type or module `fs`
[INFO] [stdout]   --> src/bufs/music.rs:29:12
[INFO] [stdout]    |
[INFO] [stdout] 29 |                 return fs::read(path2);
[INFO] [stdout]    |                        ^^ use of undeclared type or module `fs`
[INFO] [stdout] 
[INFO] [stdout] 
[INFO] [stdout] error[E0433]: failed to resolve: use of undeclared type or module `input`
[INFO] [stdout]   --> src/bufs/music.rs:54:39
[INFO] [stdout]    |
[INFO] [stdout] 54 |     fn event(&mut self, d: &mut Ctx, e: &input::Event) -> Result<()> {
[INFO] [stdout]    |                                          ^^^^^ use of undeclared type or module `input`
[INFO] [stdout] 
[INFO] [stdout] 
[INFO] [stdout] error[E0433]: failed to resolve: use of undeclared type or module `Event`
[INFO] [stdout]   --> src/bufs/music.rs:60:4
[INFO] [stdout]    |
[INFO] [stdout] 60 |             Event::KeyPress(k) => {
[INFO] [stdout]    |             ^^^^^ use of undeclared type or module `Event`
[INFO] [stdout] 
[INFO] [stdout] 
[INFO] [stdout] error[E0433]: failed to resolve: use of undeclared type or module `Key`
[INFO] [stdout]   --> src/bufs/music.rs:62:6
[INFO] [stdout]    |
[INFO] [stdout] 62 |                     Key::Space => {
[INFO] [stdout]    |                     ^^^ use of undeclared type or module `Key`
[INFO] [stdout] 
[INFO] [stdout] 
[INFO] [stdout] error[E0433]: failed to resolve: use of undeclared type or module `Model`
[INFO] [stdout]    --> src/bufs/model.rs:137:18
[INFO] [stdout]     |
[INFO] [stdout] 137 |                 self.model = Model::from_data(d.gfx, data).ok();
[INFO] [stdout]     |                              ^^^^^ use of undeclared type or module `Model`
[INFO] [stdout] 
[INFO] [stdout] 
[INFO] [stdout] error[E0433]: failed to resolve: use of undeclared type or module `Key`
[INFO] [stdout]    --> src/bufs/model.rs:146:25
[INFO] [stdout]     |
[INFO] [stdout] 146 |             if d.window.key_down(Key::A) {
[INFO] [stdout]     |                                  ^^^ use of undeclared type or module `Key`
[INFO] [stdout] 
[INFO] [stdout] 
[INFO] [stdout] error[E0433]: failed to resolve: use of undeclared type or module `Key`
[INFO] [stdout]    --> src/bufs/model.rs:151:25
[INFO] [stdout]     |
[INFO] [stdout] 151 |             if d.window.key_down(Key::D) {
[INFO] [stdout]     |                                  ^^^ use of undeclared type or module `Key`
[INFO] [stdout] 
[INFO] [stdout] 
[INFO] [stdout] error[E0433]: failed to resolve: use of undeclared type or module `Key`
[INFO] [stdout]    --> src/bufs/model.rs:156:25
[INFO] [stdout]     |
[INFO] [stdout] 156 |             if d.window.key_down(Key::W) {
[INFO] [stdout]     |                                  ^^^ use of undeclared type or module `Key`
[INFO] [stdout] 
[INFO] [stdout] 
[INFO] [stdout] error[E0433]: failed to resolve: use of undeclared type or module `Key`
[INFO] [stdout]    --> src/bufs/model.rs:161:25
[INFO] [stdout]     |
[INFO] [stdout] 161 |             if d.window.key_down(Key::S) {
[INFO] [stdout]     |                                  ^^^ use of undeclared type or module `Key`
[INFO] [stdout] 
[INFO] [stdout] 
[INFO] [stdout] error[E0433]: failed to resolve: use of undeclared type or module `gfx`
[INFO] [stdout]   --> src/bufs/music.rs:98:20
[INFO] [stdout]    |
[INFO] [stdout] 98 |                         self.cover = gfx::Texture::from_bytes(d.gfx, &p.data).ok();
[INFO] [stdout]    |                                      ^^^ use of undeclared type or module `gfx`
[INFO] [stdout] 
[INFO] [stdout] 
[INFO] [stdout] error[E0433]: failed to resolve: use of undeclared type or module `audio`
[INFO] [stdout]    --> src/bufs/music.rs:103:24
[INFO] [stdout]     |
[INFO] [stdout] 103 |                 if let Ok(track) = audio::Track::from_bytes(d.audio, &data) {
[INFO] [stdout]     |                                    ^^^^^ use of undeclared type or module `audio`
[INFO] [stdout] 
[INFO] [stdout] 
[INFO] [stdout] error[E0433]: failed to resolve: use of undeclared type or module `shapes`
[INFO] [stdout]    --> src/bufs/model.rs:206:8
[INFO] [stdout]     |
[INFO] [stdout] 206 |                         &shapes::model(&model)
[INFO] [stdout]     |                          ^^^^^^ use of undeclared type or module `shapes`
[INFO] [stdout] 
[INFO] [stdout] 
[INFO] [stdout] error[E0433]: failed to resolve: use of undeclared type or module `shapes`
[INFO] [stdout]    --> src/bufs/music.rs:137:6
[INFO] [stdout]     |
[INFO] [stdout] 137 |                 &shapes::sprite(cover)
[INFO] [stdout]     |                  ^^^^^^ use of undeclared type or module `shapes`
[INFO] [stdout] 
[INFO] [stdout] 
[INFO] [stdout] error[E0433]: failed to resolve: use of undeclared type or module `shapes`
[INFO] [stdout]    --> src/bufs/model.rs:221:6
[INFO] [stdout]     |
[INFO] [stdout] 221 |                 &shapes::text("loading...")
[INFO] [stdout]     |                  ^^^^^^ use of undeclared type or module `shapes`
[INFO] [stdout] 
[INFO] [stdout] 
[INFO] [stdout] error[E0433]: failed to resolve: use of undeclared type or module `task`
[INFO] [stdout]   --> src/bufs/music.rs:11:8
[INFO] [stdout]    |
[INFO] [stdout] 11 |     task: task::Task<Result<Vec<u8>>>,
[INFO] [stdout]    |           ^^^^ use of undeclared type or module `task`
[INFO] [stdout] 
[INFO] [stdout] 
[INFO] [stdout] error[E0433]: failed to resolve: use of undeclared type or module `audio`
[INFO] [stdout]   --> src/bufs/music.rs:12:16
[INFO] [stdout]    |
[INFO] [stdout] 12 |     track: Option<audio::Track>,
[INFO] [stdout]    |                   ^^^^^ use of undeclared type or module `audio`
[INFO] [stdout] 
[INFO] [stdout] 
[INFO] [stdout] error[E0433]: failed to resolve: use of undeclared type or module `gfx`
[INFO] [stdout]   --> src/bufs/music.rs:13:16
[INFO] [stdout]    |
[INFO] [stdout] 13 |     cover: Option<gfx::Texture>,
[INFO] [stdout]    |                   ^^^ use of undeclared type or module `gfx`
[INFO] [stdout] 
[INFO] [stdout] 
[INFO] [stdout] error[E0433]: failed to resolve: use of undeclared type or module `task`
[INFO] [stdout]   --> src/bufs/music.rs:28:10
[INFO] [stdout]    |
[INFO] [stdout] 28 |             task: task::Task::new(move || {
[INFO] [stdout]    |                   ^^^^ use of undeclared type or module `task`
[INFO] [stdout] 
[INFO] [stdout] 
[INFO] [stdout] error[E0433]: failed to resolve: use of undeclared type or module `fs`
[INFO] [stdout]   --> src/bufs/music.rs:29:12
[INFO] [stdout]    |
[INFO] [stdout] 29 |                 return fs::read(path2);
[INFO] [stdout]    |                        ^^ use of undeclared type or module `fs`
[INFO] [stdout] 
[INFO] [stdout] 
[INFO] [stdout] error[E0433]: failed to resolve: use of undeclared type or module `Event`
[INFO] [stdout]   --> src/term.rs:89:4
[INFO] [stdout]    |
[INFO] [stdout] 89 |             Event::KeyPress(k) => {
[INFO] [stdout]    |             ^^^^^ use of undeclared type or module `Event`
[INFO] [stdout] 
[INFO] [stdout] 
[INFO] [stdout] error[E0433]: failed to resolve: use of undeclared type or module `Key`
[INFO] [stdout]   --> src/term.rs:91:6
[INFO] [stdout]    |
[INFO] [stdout] 91 |                     Key::Enter => {
[INFO] [stdout]    |                     ^^^ use of undeclared type or module `Key`
[INFO] [stdout] 
[INFO] [stdout] 
[INFO] [stdout] error[E0433]: failed to resolve: use of undeclared type or module `Event`
[INFO] [stdout]   --> src/term.rs:99:4
[INFO] [stdout]    |
[INFO] [stdout] 99 |             Event::KeyPressRepeat(k) => {
[INFO] [stdout]    |             ^^^^^ use of undeclared type or module `Event`
[INFO] [stdout] 
[INFO] [stdout] 
[INFO] [stdout] error[E0433]: failed to resolve: use of undeclared type or module `input`
[INFO] [stdout]   --> src/bufs/music.rs:54:39
[INFO] [stdout]    |
[INFO] [stdout] 54 |     fn event(&mut self, d: &mut Ctx, e: &input::Event) -> Result<()> {
[INFO] [stdout]    |                                          ^^^^^ use of undeclared type or module `input`
[INFO] [stdout] 
[INFO] [stdout] 
[INFO] [stdout] error[E0433]: failed to resolve: use of undeclared type or module `Key`
[INFO] [stdout]    --> src/term.rs:101:6
[INFO] [stdout]     |
[INFO] [stdout] 101 |                     Key::Backspace => self.input.del(),
[INFO] [stdout]     |                     ^^^ use of undeclared type or module `Key`
[INFO] [stdout] 
[INFO] [stdout] 
[INFO] [stdout] error[E0433]: failed to resolve: use of undeclared type or module `Event`
[INFO] [stdout]   --> src/bufs/music.rs:60:4
[INFO] [stdout]    |
[INFO] [stdout] 60 |             Event::KeyPress(k) => {
[INFO] [stdout]    |             ^^^^^ use of undeclared type or module `Event`
[INFO] [stdout] 
[INFO] [stdout] 
[INFO] [stdout] error[E0433]: failed to resolve: use of undeclared type or module `Event`
[INFO] [stdout]    --> src/term.rs:105:4
[INFO] [stdout]     |
[INFO] [stdout] 105 |             Event::CharInput(ch) => {
[INFO] [stdout]     |             ^^^^^ use of undeclared type or module `Event`
[INFO] [stdout] 
[INFO] [stdout] 
[INFO] [stdout] error[E0433]: failed to resolve: use of undeclared type or module `Key`
[INFO] [stdout]   --> src/bufs/music.rs:62:6
[INFO] [stdout]    |
[INFO] [stdout] 62 |                     Key::Space => {
[INFO] [stdout]    |                     ^^^ use of undeclared type or module `Key`
[INFO] [stdout] 
[INFO] [stdout] 
[INFO] [stdout] error[E0433]: failed to resolve: use of undeclared type or module `gfx`
[INFO] [stdout]   --> src/bufs/music.rs:98:20
[INFO] [stdout]    |
[INFO] [stdout] 98 |                         self.cover = gfx::Texture::from_bytes(d.gfx, &p.data).ok();
[INFO] [stdout]    |                                      ^^^ use of undeclared type or module `gfx`
[INFO] [stdout] 
[INFO] [stdout] 
[INFO] [stdout] error[E0433]: failed to resolve: use of undeclared type or module `shapes`
[INFO] [stdout]    --> src/term.rs:132:5
[INFO] [stdout]     |
[INFO] [stdout] 132 |             &shapes::text(&format!("> {}", cmd))
[INFO] [stdout]     |              ^^^^^^ use of undeclared type or module `shapes`
[INFO] [stdout] 
[INFO] [stdout] 
[INFO] [stdout] error[E0433]: failed to resolve: use of undeclared type or module `Origin`
[INFO] [stdout]    --> src/term.rs:133:12
[INFO] [stdout]     |
[INFO] [stdout] 133 |                 .align(Origin::TopLeft)
[INFO] [stdout]     |                        ^^^^^^ use of undeclared type or module `Origin`
[INFO] [stdout] 
[INFO] [stdout] 
[INFO] [stdout] error[E0433]: failed to resolve: use of undeclared type or module `shapes`
[INFO] [stdout]    --> src/term.rs:141:5
[INFO] [stdout]     |
[INFO] [stdout] 141 |             &shapes::text(&self.output)
[INFO] [stdout]     |              ^^^^^^ use of undeclared type or module `shapes`
[INFO] [stdout] 
[INFO] [stdout] 
[INFO] [stdout] error[E0433]: failed to resolve: use of undeclared type or module `Origin`
[INFO] [stdout]    --> src/term.rs:142:12
[INFO] [stdout]     |
[INFO] [stdout] 142 |                 .align(Origin::TopLeft)
[INFO] [stdout]     |                        ^^^^^^ use of undeclared type or module `Origin`
[INFO] [stdout] 
[INFO] [stdout] 
[INFO] [stdout] error[E0433]: failed to resolve: use of undeclared type or module `audio`
[INFO] [stdout]    --> src/bufs/music.rs:103:24
[INFO] [stdout]     |
[INFO] [stdout] 103 |                 if let Ok(track) = audio::Track::from_bytes(d.audio, &data) {
[INFO] [stdout]     |                                    ^^^^^ use of undeclared type or module `audio`
[INFO] [stdout] 
[INFO] [stdout] 
[INFO] [stdout] error[E0433]: failed to resolve: use of undeclared type or module `data`
[INFO] [stdout]   --> src/session.rs:21:10
[INFO] [stdout]    |
[INFO] [stdout] 21 |         return data::load(PROJ, ENTRY);
[INFO] [stdout]    |                ^^^^ use of undeclared type or module `data`
[INFO] [stdout] 
[INFO] [stdout] 
[INFO] [stdout] error[E0433]: failed to resolve: use of undeclared type or module `data`
[INFO] [stdout]   --> src/session.rs:25:10
[INFO] [stdout]    |
[INFO] [stdout] 25 |         return data::save(PROJ, ENTRY, self);
[INFO] [stdout]    |                ^^^^ use of undeclared type or module `data`
[INFO] [stdout] 
[INFO] [stdout] 
[INFO] [stdout] error[E0433]: failed to resolve: use of undeclared type or module `shapes`
[INFO] [stdout]    --> src/bufs/music.rs:137:6
[INFO] [stdout]     |
[INFO] [stdout] 137 |                 &shapes::sprite(cover)
[INFO] [stdout]     |                  ^^^^^^ use of undeclared type or module `shapes`
[INFO] [stdout] 
[INFO] [stdout] 
[INFO] [stdout] error[E0433]: failed to resolve: use of undeclared type or module `input`
[INFO] [stdout]   --> src/main.rs:69:39
[INFO] [stdout]    |
[INFO] [stdout] 69 |     fn event(&mut self, _: &mut Ctx, _: &input::Event) -> Result<()> {
[INFO] [stdout]    |                                          ^^^^^ use of undeclared type or module `input`
[INFO] [stdout] 
[INFO] [stdout] 
[INFO] [stdout] error[E0433]: failed to resolve: use of undeclared type or module `Event`
[INFO] [stdout]   --> src/term.rs:89:4
[INFO] [stdout]    |
[INFO] [stdout] 89 |             Event::KeyPress(k) => {
[INFO] [stdout]    |             ^^^^^ use of undeclared type or module `Event`
[INFO] [stdout] 
[INFO] [stdout] 
[INFO] [stdout] error[E0433]: failed to resolve: use of undeclared type or module `Key`
[INFO] [stdout]   --> src/term.rs:91:6
[INFO] [stdout]    |
[INFO] [stdout] 91 |                     Key::Enter => {
[INFO] [stdout]    |                     ^^^ use of undeclared type or module `Key`
[INFO] [stdout] 
[INFO] [stdout] 
[INFO] [stdout] error[E0433]: failed to resolve: use of undeclared type or module `Event`
[INFO] [stdout]   --> src/term.rs:99:4
[INFO] [stdout]    |
[INFO] [stdout] 99 |             Event::KeyPressRepeat(k) => {
[INFO] [stdout]    |             ^^^^^ use of undeclared type or module `Event`
[INFO] [stdout] 
[INFO] [stdout] 
[INFO] [stdout] error[E0433]: failed to resolve: use of undeclared type or module `Key`
[INFO] [stdout]    --> src/term.rs:101:6
[INFO] [stdout]     |
[INFO] [stdout] 101 |                     Key::Backspace => self.input.del(),
[INFO] [stdout]     |                     ^^^ use of undeclared type or module `Key`
[INFO] [stdout] 
[INFO] [stdout] 
[INFO] [stdout] error[E0433]: failed to resolve: use of undeclared type or module `Event`
[INFO] [stdout]    --> src/term.rs:105:4
[INFO] [stdout]     |
[INFO] [stdout] 105 |             Event::CharInput(ch) => {
[INFO] [stdout]     |             ^^^^^ use of undeclared type or module `Event`
[INFO] [stdout] 
[INFO] [stdout] 
[INFO] [stdout] error[E0433]: failed to resolve: use of undeclared type or module `fs`
[INFO] [stdout]    --> src/main.rs:293:20
[INFO] [stdout]     |
[INFO] [stdout] 293 |         if let Ok(ext) = fs::extname(path) {
[INFO] [stdout]     |                          ^^ use of undeclared type or module `fs`
[INFO] [stdout] 
[INFO] [stdout] 
[INFO] [stdout] error[E0433]: failed to resolve: use of undeclared type or module `input`
[INFO] [stdout]    --> src/main.rs:403:39
[INFO] [stdout]     |
[INFO] [stdout] 403 |     fn event(&mut self, d: &mut Ctx, e: &input::Event) -> Result<()> {
[INFO] [stdout]     |                                          ^^^^^ use of undeclared type or module `input`
[INFO] [stdout] 
[INFO] [stdout] 
[INFO] [stdout] error[E0433]: failed to resolve: use of undeclared type or module `Event`
[INFO] [stdout]    --> src/main.rs:413:6
[INFO] [stdout]     |
[INFO] [stdout] 413 |                     Event::KeyPress(k) => {
[INFO] [stdout]     |                     ^^^^^ use of undeclared type or module `Event`
[INFO] [stdout] 
[INFO] [stdout] 
[INFO] [stdout] error[E0433]: failed to resolve: use of undeclared type or module `Key`
[INFO] [stdout]    --> src/main.rs:415:8
[INFO] [stdout]     |
[INFO] [stdout] 415 |                             Key::W if kmods.alt => self.close_cur_buf(),
[INFO] [stdout]     |                             ^^^ use of undeclared type or module `Key`
[INFO] [stdout] 
[INFO] [stdout] 
[INFO] [stdout] error[E0433]: failed to resolve: use of undeclared type or module `Event`
[INFO] [stdout]    --> src/main.rs:424:6
[INFO] [stdout]     |
[INFO] [stdout] 424 |                     Event::KeyPress(k) => {
[INFO] [stdout]     |                     ^^^^^ use of undeclared type or module `Event`
[INFO] [stdout] 
[INFO] [stdout] 
[INFO] [stdout] error[E0433]: failed to resolve: use of undeclared type or module `Key`
[INFO] [stdout]    --> src/main.rs:426:8
[INFO] [stdout]     |
[INFO] [stdout] 426 |                             Key::Enter => {
[INFO] [stdout]     |                             ^^^ use of undeclared type or module `Key`
[INFO] [stdout] 
[INFO] [stdout] 
[INFO] [stdout] error[E0433]: failed to resolve: use of undeclared type or module `Event`
[INFO] [stdout]    --> src/main.rs:444:4
[INFO] [stdout]     |
[INFO] [stdout] 444 |             Event::KeyPress(k) => {
[INFO] [stdout]     |             ^^^^^ use of undeclared type or module `Event`
[INFO] [stdout] 
[INFO] [stdout] 
[INFO] [stdout] error[E0433]: failed to resolve: use of undeclared type or module `Key`
[INFO] [stdout]    --> src/main.rs:446:6
[INFO] [stdout]     |
[INFO] [stdout] 446 |                     Key::Key1 if kmods.alt => self.to_buf_n(0),
[INFO] [stdout]     |                     ^^^ use of undeclared type or module `Key`
[INFO] [stdout] 
[INFO] [stdout] 
[INFO] [stdout] error[E0433]: failed to resolve: use of undeclared type or module `Key`
[INFO] [stdout]    --> src/main.rs:447:6
[INFO] [stdout]     |
[INFO] [stdout] 447 |                     Key::Key2 if kmods.alt => self.to_buf_n(1),
[INFO] [stdout]     |                     ^^^ use of undeclared type or module `Key`
[INFO] [stdout] 
[INFO] [stdout] 
[INFO] [stdout] error[E0433]: failed to resolve: use of undeclared type or module `Key`
[INFO] [stdout]    --> src/main.rs:448:6
[INFO] [stdout]     |
[INFO] [stdout] 448 |                     Key::Key3 if kmods.alt => self.to_buf_n(2),
[INFO] [stdout]     |                     ^^^ use of undeclared type or module `Key`
[INFO] [stdout] 
[INFO] [stdout] 
[INFO] [stdout] error[E0433]: failed to resolve: use of undeclared type or module `Key`
[INFO] [stdout]    --> src/main.rs:449:6
[INFO] [stdout]     |
[INFO] [stdout] 449 |                     Key::Key4 if kmods.alt => self.to_buf_n(3),
[INFO] [stdout]     |                     ^^^ use of undeclared type or module `Key`
[INFO] [stdout] 
[INFO] [stdout] 
[INFO] [stdout] error[E0433]: failed to resolve: use of undeclared type or module `Key`
[INFO] [stdout]    --> src/main.rs:450:6
[INFO] [stdout]     |
[INFO] [stdout] 450 |                     Key::Key5 if kmods.alt => self.to_buf_n(4),
[INFO] [stdout]     |                     ^^^ use of undeclared type or module `Key`
[INFO] [stdout] 
[INFO] [stdout] 
[INFO] [stdout] error[E0433]: failed to resolve: use of undeclared type or module `Key`
[INFO] [stdout]    --> src/main.rs:451:6
[INFO] [stdout]     |
[INFO] [stdout] 451 |                     Key::Key6 if kmods.alt => self.to_buf_n(5),
[INFO] [stdout]     |                     ^^^ use of undeclared type or module `Key`
[INFO] [stdout] 
[INFO] [stdout] 
[INFO] [stdout] error[E0433]: failed to resolve: use of undeclared type or module `Key`
[INFO] [stdout]    --> src/main.rs:452:6
[INFO] [stdout]     |
[INFO] [stdout] 452 |                     Key::Key7 if kmods.alt => self.to_buf_n(6),
[INFO] [stdout]     |                     ^^^ use of undeclared type or module `Key`
[INFO] [stdout] 
[INFO] [stdout] 
[INFO] [stdout] error[E0433]: failed to resolve: use of undeclared type or module `Key`
[INFO] [stdout]    --> src/main.rs:453:6
[INFO] [stdout]     |
[INFO] [stdout] 453 |                     Key::Key8 if kmods.alt => self.to_buf_n(7),
[INFO] [stdout]     |                     ^^^ use of undeclared type or module `Key`
[INFO] [stdout] 
[INFO] [stdout] 
[INFO] [stdout] error[E0433]: failed to resolve: use of undeclared type or module `Key`
[INFO] [stdout]    --> src/main.rs:454:6
[INFO] [stdout]     |
[INFO] [stdout] 454 |                     Key::Key9 if kmods.alt => self.to_buf_n(8),
[INFO] [stdout]     |                     ^^^ use of undeclared type or module `Key`
[INFO] [stdout] 
[INFO] [stdout] 
[INFO] [stdout] error[E0433]: failed to resolve: use of undeclared type or module `Key`
[INFO] [stdout]    --> src/main.rs:455:6
[INFO] [stdout]     |
[INFO] [stdout] 455 |                     Key::Q if kmods.alt => self.to_prev_buf(),
[INFO] [stdout]     |                     ^^^ use of undeclared type or module `Key`
[INFO] [stdout] 
[INFO] [stdout] 
[INFO] [stdout] error[E0433]: failed to resolve: use of undeclared type or module `Key`
[INFO] [stdout]    --> src/main.rs:456:6
[INFO] [stdout]     |
[INFO] [stdout] 456 |                     Key::E if kmods.alt => self.to_next_buf(),
[INFO] [stdout]     |                     ^^^ use of undeclared type or module `Key`
[INFO] [stdout] 
[INFO] [stdout] 
[INFO] [stdout] error[E0433]: failed to resolve: use of undeclared type or module `Key`
[INFO] [stdout]    --> src/main.rs:457:6
[INFO] [stdout]     |
[INFO] [stdout] 457 |                     Key::F1 => self.to_bookmark(0)?,
[INFO] [stdout]     |                     ^^^ use of undeclared type or module `Key`
[INFO] [stdout] 
[INFO] [stdout] 
[INFO] [stdout] error[E0433]: failed to resolve: use of undeclared type or module `Key`
[INFO] [stdout]    --> src/main.rs:458:6
[INFO] [stdout]     |
[INFO] [stdout] 458 |                     Key::F2 => self.to_bookmark(1)?,
[INFO] [stdout]     |                     ^^^ use of undeclared type or module `Key`
[INFO] [stdout] 
[INFO] [stdout] 
[INFO] [stdout] error[E0433]: failed to resolve: use of undeclared type or module `Key`
[INFO] [stdout]    --> src/main.rs:459:6
[INFO] [stdout]     |
[INFO] [stdout] 459 |                     Key::F3 => self.to_bookmark(2)?,
[INFO] [stdout]     |                     ^^^ use of undeclared type or module `Key`
[INFO] [stdout] 
[INFO] [stdout] 
[INFO] [stdout] error[E0433]: failed to resolve: use of undeclared type or module `Key`
[INFO] [stdout]    --> src/main.rs:460:6
[INFO] [stdout]     |
[INFO] [stdout] 460 |                     Key::F4 => self.to_bookmark(3)?,
[INFO] [stdout]     |                     ^^^ use of undeclared type or module `Key`
[INFO] [stdout] 
[INFO] [stdout] 
[INFO] [stdout] error[E0433]: failed to resolve: use of undeclared type or module `Key`
[INFO] [stdout]    --> src/main.rs:461:6
[INFO] [stdout]     |
[INFO] [stdout] 461 |                     Key::F5 => self.to_bookmark(4)?,
[INFO] [stdout]     |                     ^^^ use of undeclared type or module `Key`
[INFO] [stdout] 
[INFO] [stdout] 
[INFO] [stdout] error[E0433]: failed to resolve: use of undeclared type or module `Key`
[INFO] [stdout]    --> src/main.rs:462:6
[INFO] [stdout]     |
[INFO] [stdout] 462 |                     Key::F6 => self.to_bookmark(5)?,
[INFO] [stdout]     |                     ^^^ use of undeclared type or module `Key`
[INFO] [stdout] 
[INFO] [stdout] 
[INFO] [stdout] error[E0433]: failed to resolve: use of undeclared type or module `Key`
[INFO] [stdout]    --> src/main.rs:463:6
[INFO] [stdout]     |
[INFO] [stdout] 463 |                     Key::F7 => self.to_bookmark(6)?,
[INFO] [stdout]     |                     ^^^ use of undeclared type or module `Key`
[INFO] [stdout] 
[INFO] [stdout] 
[INFO] [stdout] error[E0433]: failed to resolve: use of undeclared type or module `Key`
[INFO] [stdout]    --> src/main.rs:464:6
[INFO] [stdout]     |
[INFO] [stdout] 464 |                     Key::F8 => self.to_bookmark(7)?,
[INFO] [stdout]     |                     ^^^ use of undeclared type or module `Key`
[INFO] [stdout] 
[INFO] [stdout] 
[INFO] [stdout] error[E0433]: failed to resolve: use of undeclared type or module `Key`
[INFO] [stdout]    --> src/main.rs:465:6
[INFO] [stdout]     |
[INFO] [stdout] 465 |                     Key::F9 => self.to_bookmark(8)?,
[INFO] [stdout]     |                     ^^^ use of undeclared type or module `Key`
[INFO] [stdout] 
[INFO] [stdout] 
[INFO] [stdout] error[E0433]: failed to resolve: use of undeclared type or module `Key`
[INFO] [stdout]    --> src/main.rs:466:6
[INFO] [stdout]     |
[INFO] [stdout] 466 |                     Key::F10 => self.to_bookmark(9)?,
[INFO] [stdout]     |                     ^^^ use of undeclared type or module `Key`
[INFO] [stdout] 
[INFO] [stdout] 
[INFO] [stdout] error[E0433]: failed to resolve: use of undeclared type or module `Key`
[INFO] [stdout]    --> src/main.rs:467:6
[INFO] [stdout]     |
[INFO] [stdout] 467 |                     Key::Q if kmods.meta => d.window.quit(),
[INFO] [stdout]     |                     ^^^ use of undeclared type or module `Key`
[INFO] [stdout] 
[INFO] [stdout] 
[INFO] [stdout] error[E0433]: failed to resolve: use of undeclared type or module `Key`
[INFO] [stdout]    --> src/main.rs:468:6
[INFO] [stdout]     |
[INFO] [stdout] 468 |                     Key::F if kmods.meta => d.window.toggle_fullscreen(),
[INFO] [stdout]     |                     ^^^ use of undeclared type or module `Key`
[INFO] [stdout] 
[INFO] [stdout] 
[INFO] [stdout] error[E0433]: failed to resolve: use of undeclared type or module `Key`
[INFO] [stdout]    --> src/main.rs:475:6
[INFO] [stdout]     |
[INFO] [stdout] 475 |                     Key::Tab => {
[INFO] [stdout]     |                     ^^^ use of undeclared type or module `Key`
[INFO] [stdout] 
[INFO] [stdout] 
[INFO] [stdout] error[E0433]: failed to resolve: use of undeclared type or module `shapes`
[INFO] [stdout]    --> src/term.rs:132:5
[INFO] [stdout]     |
[INFO] [stdout] 132 |             &shapes::text(&format!("> {}", cmd))
[INFO] [stdout]     |              ^^^^^^ use of undeclared type or module `shapes`
[INFO] [stdout] 
[INFO] [stdout] 
[INFO] [stdout] error[E0433]: failed to resolve: use of undeclared type or module `Origin`
[INFO] [stdout]    --> src/term.rs:133:12
[INFO] [stdout]     |
[INFO] [stdout] 133 |                 .align(Origin::TopLeft)
[INFO] [stdout]     |                        ^^^^^^ use of undeclared type or module `Origin`
[INFO] [stdout] 
[INFO] [stdout] 
[INFO] [stdout] error[E0433]: failed to resolve: use of undeclared type or module `Origin`
[INFO] [stdout]    --> src/main.rs:556:30
[INFO] [stdout]     |
[INFO] [stdout] 556 |         let top_left = d.gfx.coord(Origin::TopLeft);
[INFO] [stdout]     |                                    ^^^^^^ use of undeclared type or module `Origin`
[INFO] [stdout] 
[INFO] [stdout] 
[INFO] [stdout] error[E0433]: failed to resolve: use of undeclared type or module `Origin`
[INFO] [stdout]    --> src/main.rs:557:31
[INFO] [stdout]     |
[INFO] [stdout] 557 |         let top_right = d.gfx.coord(Origin::TopRight);
[INFO] [stdout]     |                                     ^^^^^^ use of undeclared type or module `Origin`
[INFO] [stdout] 
[INFO] [stdout] 
[INFO] [stdout] error[E0433]: failed to resolve: use of undeclared type or module `Origin`
[INFO] [stdout]    --> src/main.rs:558:31
[INFO] [stdout]     |
[INFO] [stdout] 558 |         let bot_right = d.gfx.coord(Origin::BottomRight);
[INFO] [stdout]     |                                     ^^^^^^ use of undeclared type or module `Origin`
[INFO] [stdout] 
[INFO] [stdout] 
[INFO] [stdout] error[E0433]: failed to resolve: use of undeclared type or module `shapes`
[INFO] [stdout]    --> src/main.rs:568:6
[INFO] [stdout]     |
[INFO] [stdout] 568 |                 &shapes::rect(vec2!(0), vec2!(gfx.width(), -SBAR_HEIGHT))
[INFO] [stdout]     |                  ^^^^^^ use of undeclared type or module `shapes`
[INFO] [stdout] 
[INFO] [stdout] 
[INFO] [stdout] error[E0433]: failed to resolve: use of undeclared type or module `shapes`
[INFO] [stdout]    --> src/term.rs:141:5
[INFO] [stdout]     |
[INFO] [stdout] 141 |             &shapes::text(&self.output)
[INFO] [stdout]     |              ^^^^^^ use of undeclared type or module `shapes`
[INFO] [stdout] 
[INFO] [stdout] 
[INFO] [stdout] error[E0433]: failed to resolve: use of undeclared type or module `Origin`
[INFO] [stdout]    --> src/term.rs:142:12
[INFO] [stdout]     |
[INFO] [stdout] 142 |                 .align(Origin::TopLeft)
[INFO] [stdout]     |                        ^^^^^^ use of undeclared type or module `Origin`
[INFO] [stdout] 
[INFO] [stdout] 
[INFO] [stdout] error[E0433]: failed to resolve: use of undeclared type or module `shapes`
[INFO] [stdout]    --> src/main.rs:576:6
[INFO] [stdout]     |
[INFO] [stdout] 576 |                 &shapes::text(&format!("{}", display_path(self.cur_path())))
[INFO] [stdout]     |                  ^^^^^^ use of undeclared type or module `shapes`
[INFO] [stdout] 
[INFO] [stdout] 
[INFO] [stdout] error[E0433]: failed to resolve: use of undeclared type or module `Origin`
[INFO] [stdout]    --> src/main.rs:578:13
[INFO] [stdout]     |
[INFO] [stdout] 578 |                     .align(Origin::TopLeft)
[INFO] [stdout]     |                            ^^^^^^ use of undeclared type or module `Origin`
[INFO] [stdout] 
[INFO] [stdout] 
[INFO] [stdout] error[E0433]: failed to resolve: use of undeclared type or module `shapes`
[INFO] [stdout]    --> src/main.rs:597:7
[INFO] [stdout]     |
[INFO] [stdout] 597 |                     &shapes::rect(vec2!(0), vec2!(gfx.width(), -BUFBAR_HEIGHT))
[INFO] [stdout]     |                      ^^^^^^ use of undeclared type or module `shapes`
[INFO] [stdout] 
[INFO] [stdout] 
[INFO] [stdout] error[E0433]: failed to resolve: use of undeclared type or module `shapes`
[INFO] [stdout]    --> src/main.rs:611:10
[INFO] [stdout]     |
[INFO] [stdout] 611 |                                 &shapes::rect(p1, p2)
[INFO] [stdout]     |                                  ^^^^^^ use of undeclared type or module `shapes`
[INFO] [stdout] 
[INFO] [stdout] 
[INFO] [stdout] error[E0433]: failed to resolve: use of undeclared type or module `data`
[INFO] [stdout]   --> src/session.rs:21:10
[INFO] [stdout]    |
[INFO] [stdout] 21 |         return data::load(PROJ, ENTRY);
[INFO] [stdout]    |                ^^^^ use of undeclared type or module `data`
[INFO] [stdout] 
[INFO] [stdout] 
[INFO] [stdout] error[E0433]: failed to resolve: use of undeclared type or module `shapes`
[INFO] [stdout]    --> src/main.rs:632:10
[INFO] [stdout]     |
[INFO] [stdout] 632 |                                 &shapes::text(&title)
[INFO] [stdout]     |                                  ^^^^^^ use of undeclared type or module `shapes`
[INFO] [stdout] 
[INFO] [stdout] 
[INFO] [stdout] error[E0433]: failed to resolve: use of undeclared type or module `Origin`
[INFO] [stdout]    --> src/main.rs:634:17
[INFO] [stdout]     |
[INFO] [stdout] 634 |                                     .align(Origin::TopLeft)
[INFO] [stdout]     |                                            ^^^^^^ use of undeclared type or module `Origin`
[INFO] [stdout] 
[INFO] [stdout] 
[INFO] [stdout] error[E0433]: failed to resolve: use of undeclared type or module `data`
[INFO] [stdout]   --> src/session.rs:25:10
[INFO] [stdout]    |
[INFO] [stdout] 25 |         return data::save(PROJ, ENTRY, self);
[INFO] [stdout]    |                ^^^^ use of undeclared type or module `data`
[INFO] [stdout] 
[INFO] [stdout] 
[INFO] [stdout] error[E0412]: cannot find type `Input` in this scope
[INFO] [stdout]   --> src/browser.rs:37:9
[INFO] [stdout]    |
[INFO] [stdout] 37 |     input: Input,
[INFO] [stdout]    |            ^^^^^ not found in this scope
[INFO] [stdout]    |
[INFO] [stdout] help: consider importing this trait
[INFO] [stdout]    |
[INFO] [stdout] 3  | use regex::internal::Input;
[INFO] [stdout]    |
[INFO] [stdout] 
[INFO] [stdout] 
[INFO] [stdout] error[E0433]: failed to resolve: use of undeclared type or module `Input`
[INFO] [stdout]   --> src/browser.rs:77:11
[INFO] [stdout]    |
[INFO] [stdout] 77 |             input: Input::new(),
[INFO] [stdout]    |                    ^^^^^ not found in this scope
[INFO] [stdout]    |
[INFO] [stdout] help: consider importing this trait
[INFO] [stdout]    |
[INFO] [stdout] 3  | use regex::internal::Input;
[INFO] [stdout]    |
[INFO] [stdout] 
[INFO] [stdout] 
[INFO] [stdout] error[E0412]: cannot find type `Ctx` in this scope
[INFO] [stdout]    --> src/browser.rs:348:34
[INFO] [stdout]     |
[INFO] [stdout] 348 |     pub fn event(&mut self, _: &mut Ctx, e: &input::Event) -> Result<()> {
[INFO] [stdout]     |                                     ^^^ not found in this scope
[INFO] [stdout] 
[INFO] [stdout] 
[INFO] [stdout] error[E0531]: cannot find tuple struct or tuple variant `KeyPress` in this scope
[INFO] [stdout]    --> src/browser.rs:354:4
[INFO] [stdout]     |
[INFO] [stdout] 354 |             KeyPress(k) => {
[INFO] [stdout]     |             ^^^^^^^^ not found in this scope
[INFO] [stdout] 
[INFO] [stdout] 
[INFO] [stdout] error[E0531]: cannot find tuple struct or tuple variant `KeyPressRepeat` in this scope
[INFO] [stdout]    --> src/browser.rs:368:4
[INFO] [stdout]     |
[INFO] [stdout] 368 |             KeyPressRepeat(k) => {
[INFO] [stdout]     |             ^^^^^^^^^^^^^^ not found in this scope
[INFO] [stdout] 
[INFO] [stdout] 
[INFO] [stdout] error[E0531]: cannot find tuple struct or tuple variant `Wheel` in this scope
[INFO] [stdout]    --> src/browser.rs:376:4
[INFO] [stdout]     |
[INFO] [stdout] 376 |             Wheel(d, _) => {
[INFO] [stdout]     |             ^^^^^ not found in this scope
[INFO] [stdout] 
[INFO] [stdout] 
[INFO] [stdout] error[E0531]: cannot find tuple struct or tuple variant `CharInput` in this scope
[INFO] [stdout]    --> src/browser.rs:392:4
[INFO] [stdout]     |
[INFO] [stdout] 392 |             CharInput(ch) => {
[INFO] [stdout]     |             ^^^^^^^^^ not found in this scope
[INFO] [stdout] 
[INFO] [stdout] 
[INFO] [stdout] error[E0412]: cannot find type `Ctx` in this scope
[INFO] [stdout]    --> src/browser.rs:411:35
[INFO] [stdout]     |
[INFO] [stdout] 411 |     pub fn update(&mut self, d: &mut Ctx) -> Result<()> {
[INFO] [stdout]     |                                      ^^^ not found in this scope
[INFO] [stdout] 
[INFO] [stdout] 
[INFO] [stdout] error[E0412]: cannot find type `Gfx` in this scope
[INFO] [stdout]    --> src/browser.rs:436:31
[INFO] [stdout]     |
[INFO] [stdout] 436 |     pub fn draw(&self, gfx: &mut Gfx) -> Result<()> {
[INFO] [stdout]     |                                  ^^^ not found in this scope
[INFO] [stdout] 
[INFO] [stdout] 
[INFO] [stdout] error[E0433]: failed to resolve: use of undeclared type or module `shapes`
[INFO] [stdout]    --> src/browser.rs:486:15
[INFO] [stdout]     |
[INFO] [stdout] 486 |                         shapes::TextChunk::colored(&t1, color)
[INFO] [stdout]     |                                 ^^^^^^^^^ not found in `shapes`
[INFO] [stdout]     |
[INFO] [stdout] help: consider importing this struct
[INFO] [stdout]     |
[INFO] [stdout] 3   | use crate::bufs::edit::TextChunk;
[INFO] [stdout]     |
[INFO] [stdout] 
[INFO] [stdout] 
[INFO] [stdout] error[E0433]: failed to resolve: use of undeclared type or module `shapes`
[INFO] [stdout]    --> src/browser.rs:491:28
[INFO] [stdout]     |
[INFO] [stdout] 491 |                             chunks.push(shapes::TextChunk::colored(" [*]", rgba!(1, 1, 0.5, 1)));
[INFO] [stdout]     |                                                 ^^^^^^^^^ not found in `shapes`
[INFO] [stdout]     |
[INFO] [stdout] help: consider importing this struct
[INFO] [stdout]     |
[INFO] [stdout] 3   | use crate::bufs::edit::TextChunk;
[INFO] [stdout]     |
[INFO] [stdout] 
[INFO] [stdout] 
[INFO] [stdout] error[E0412]: cannot find type `Input` in this scope
[INFO] [stdout]    --> src/bufs/edit.rs:129:11
[INFO] [stdout]     |
[INFO] [stdout] 129 |     cmd_bar: Input,
[INFO] [stdout]     |              ^^^^^ not found in this scope
[INFO] [stdout]     |
[INFO] [stdout] help: consider importing this trait
[INFO] [stdout]     |
[INFO] [stdout] 5   | use regex::internal::Input;
[INFO] [stdout]     |
[INFO] [stdout] 
[INFO] [stdout] 
[INFO] [stdout] error[E0412]: cannot find type `Color` in this scope
[INFO] [stdout]    --> src/bufs/edit.rs:166:9
[INFO] [stdout]     |
[INFO] [stdout] 166 |     color: Color,
[INFO] [stdout]     |            ^^^^^ not found in this scope
[INFO] [stdout]     |
[INFO] [stdout] help: consider importing this struct
[INFO] [stdout]     |
[INFO] [stdout] 5   | use syntect::highlighting::Color;
[INFO] [stdout]     |
[INFO] [stdout] 
[INFO] [stdout] 
[INFO] [stdout] error[E0433]: failed to resolve: use of undeclared type or module `Input`
[INFO] [stdout]    --> src/bufs/edit.rs:257:13
[INFO] [stdout]     |
[INFO] [stdout] 257 |             cmd_bar: Input::new(),
[INFO] [stdout]     |                      ^^^^^ not found in this scope
[INFO] [stdout]     |
[INFO] [stdout] help: consider importing this trait
[INFO] [stdout]     |
[INFO] [stdout] 5   | use regex::internal::Input;
[INFO] [stdout]     |
[INFO] [stdout] 
[INFO] [stdout] 
[INFO] [stdout] error[E0412]: cannot find type `Ctx` in this scope
[INFO] [stdout]    --> src/bufs/edit.rs:940:30
[INFO] [stdout]     |
[INFO] [stdout] 940 |     fn event(&mut self, d: &mut Ctx, e: &input::Event) -> Result<()> {
[INFO] [stdout]     |                                 ^^^ not found in this scope
[INFO] [stdout] 
[INFO] [stdout] 
[INFO] [stdout] error[E0433]: failed to resolve: use of undeclared type or module `Input`
[INFO] [stdout]     --> src/bufs/edit.rs:1165:24
[INFO] [stdout]      |
[INFO] [stdout] 1165 |                                 self.cmd_bar = Input::new();
[INFO] [stdout]      |                                                ^^^^^ not found in this scope
[INFO] [stdout]      |
[INFO] [stdout] help: consider importing this trait
[INFO] [stdout]      |
[INFO] [stdout] 5    | use regex::internal::Input;
[INFO] [stdout]      |
[INFO] [stdout] 
[INFO] [stdout] 
[INFO] [stdout] error[E0412]: cannot find type `Ctx` in this scope
[INFO] [stdout]     --> src/bufs/edit.rs:1224:31
[INFO] [stdout]      |
[INFO] [stdout] 1224 |     fn update(&mut self, d: &mut Ctx) -> Result<()> {
[INFO] [stdout]      |                                  ^^^ not found in this scope
[INFO] [stdout] 
[INFO] [stdout] 
[INFO] [stdout] error[E0412]: cannot find type `Gfx` in this scope
[INFO] [stdout]     --> src/bufs/edit.rs:1244:27
[INFO] [stdout]      |
[INFO] [stdout] 1244 |     fn draw(&self, gfx: &mut Gfx) -> Result<()> {
[INFO] [stdout]      |                              ^^^ not found in this scope
[INFO] [stdout] 
[INFO] [stdout] 
[INFO] [stdout] error[E0412]: cannot find type `Vec2` in this scope
[INFO] [stdout]    --> src/bufs/img.rs:13:7
[INFO] [stdout]     |
[INFO] [stdout] 13  |       pos: Vec2,
[INFO] [stdout]     |            ^^^^ help: a struct with a similar name exists: `Vec`
[INFO] [stdout] 
[INFO] [stdout] 
[INFO] [stdout] error[E0412]: cannot find type `Ctx` in this scope
[INFO] [stdout]   --> src/bufs/img.rs:49:30
[INFO] [stdout]    |
[INFO] [stdout] 49 |     fn event(&mut self, d: &mut Ctx, e: &input::Event) -> Result<()> {
[INFO] [stdout]    |                                 ^^^ not found in this scope
[INFO] [stdout] 
[INFO] [stdout] 
[INFO] [stdout] error[E0412]: cannot find type `Ctx` in this scope
[INFO] [stdout]   --> src/bufs/img.rs:89:31
[INFO] [stdout]    |
[INFO] [stdout] 89 |     fn update(&mut self, d: &mut Ctx) -> Result<()> {
[INFO] [stdout]    |                                  ^^^ not found in this scope
[INFO] [stdout] 
[INFO] [stdout] 
[INFO] [stdout] error[E0412]: cannot find type `Gfx` in this scope
[INFO] [stdout]    --> src/bufs/img.rs:101:27
[INFO] [stdout]     |
[INFO] [stdout] 101 |     fn draw(&self, gfx: &mut Gfx) -> Result<()> {
[INFO] [stdout]     |                              ^^^ not found in this scope
[INFO] [stdout] 
[INFO] [stdout] 
[INFO] [stdout] error[E0412]: cannot find type `ModelData` in this scope
[INFO] [stdout]   --> src/bufs/model.rs:11:26
[INFO] [stdout]    |
[INFO] [stdout] 8  | pub struct ModelViewer {
[INFO] [stdout]    |                       - help: you might be missing a type parameter: `<ModelData>`
[INFO] [stdout] ...
[INFO] [stdout] 11 |     task: task::Task<Result<ModelData>>,
[INFO] [stdout]    |                             ^^^^^^^^^ not found in this scope
[INFO] [stdout] 
[INFO] [stdout] 
[INFO] [stdout] error[E0412]: cannot find type `Model` in this scope
[INFO] [stdout]   --> src/bufs/model.rs:12:16
[INFO] [stdout]    |
[INFO] [stdout] 8  | pub struct ModelViewer {
[INFO] [stdout]    |                       - help: you might be missing a type parameter: `<Model>`
[INFO] [stdout] ...
[INFO] [stdout] 12 |     model: Option<Model>,
[INFO] [stdout]    |                   ^^^^^ not found in this scope
[INFO] [stdout] 
[INFO] [stdout] 
[INFO] [stdout] error[E0412]: cannot find type `Vec2` in this scope
[INFO] [stdout]    --> src/bufs/model.rs:13:7
[INFO] [stdout]     |
[INFO] [stdout] 13  |       rot: Vec2,
[INFO] [stdout]     |            ^^^^ help: a struct with a similar name exists: `Vec`
[INFO] [stdout] 
[INFO] [stdout] 
[INFO] [stdout] error[E0412]: cannot find type `Vec2` in this scope
[INFO] [stdout]    --> src/bufs/model.rs:14:7
[INFO] [stdout]     |
[INFO] [stdout] 14  |       pos: Vec2,
[INFO] [stdout]     |            ^^^^ help: a struct with a similar name exists: `Vec`
[INFO] [stdout] 
[INFO] [stdout] 
[INFO] [stdout] error[E0412]: cannot find type `Ctx` in this scope
[INFO] [stdout]   --> src/bufs/model.rs:22:21
[INFO] [stdout]    |
[INFO] [stdout] 22 |     pub fn new(d: &mut Ctx, path: impl AsRef<Path>) -> Result<Self> {
[INFO] [stdout]    |                        ^^^ not found in this scope
[INFO] [stdout] 
[INFO] [stdout] 
[INFO] [stdout] error[E0412]: cannot find type `Ctx` in this scope
[INFO] [stdout]   --> src/bufs/model.rs:55:30
[INFO] [stdout]    |
[INFO] [stdout] 55 |     fn event(&mut self, d: &mut Ctx, e: &input::Event) -> Result<()> {
[INFO] [stdout]    |                                 ^^^ not found in this scope
[INFO] [stdout] 
[INFO] [stdout] 
[INFO] [stdout] error[E0531]: cannot find tuple struct or tuple variant `KeyPress` in this scope
[INFO] [stdout]   --> src/bufs/model.rs:61:4
[INFO] [stdout]    |
[INFO] [stdout] 61 |             KeyPress(k) => {
[INFO] [stdout]    |             ^^^^^^^^ not found in this scope
[INFO] [stdout] 
[INFO] [stdout] 
[INFO] [stdout] error[E0531]: cannot find tuple struct or tuple variant `Wheel` in this scope
[INFO] [stdout]   --> src/bufs/model.rs:75:4
[INFO] [stdout]    |
[INFO] [stdout] 75 |             Wheel(s, phase) => {
[INFO] [stdout]    |             ^^^^^ not found in this scope
[INFO] [stdout] 
[INFO] [stdout] 
[INFO] [stdout] error[E0531]: cannot find tuple struct or tuple variant `MouseMove` in this scope
[INFO] [stdout]   --> src/bufs/model.rs:98:4
[INFO] [stdout]    |
[INFO] [stdout] 98 |             MouseMove(delta) => {
[INFO] [stdout]    |             ^^^^^^^^^ not found in this scope
[INFO] [stdout] 
[INFO] [stdout] 
[INFO] [stdout] error[E0412]: cannot find type `Ctx` in this scope
[INFO] [stdout]    --> src/bufs/model.rs:133:31
[INFO] [stdout]     |
[INFO] [stdout] 133 |     fn update(&mut self, d: &mut Ctx) -> Result<()> {
[INFO] [stdout]     |                                  ^^^ not found in this scope
[INFO] [stdout] 
[INFO] [stdout] 
[INFO] [stdout] error[E0412]: cannot find type `Gfx` in this scope
[INFO] [stdout]    --> src/bufs/model.rs:188:27
[INFO] [stdout]     |
[INFO] [stdout] 188 |     fn draw(&self, gfx: &mut Gfx) -> Result<()> {
[INFO] [stdout]     |                              ^^^ not found in this scope
[INFO] [stdout] 
[INFO] [stdout] 
[INFO] [stdout] error[E0412]: cannot find type `Ctx` in this scope
[INFO] [stdout]   --> src/bufs/music.rs:54:30
[INFO] [stdout]    |
[INFO] [stdout] 54 |     fn event(&mut self, d: &mut Ctx, e: &input::Event) -> Result<()> {
[INFO] [stdout]    |                                 ^^^ not found in this scope
[INFO] [stdout] 
[INFO] [stdout] 
[INFO] [stdout] error[E0412]: cannot find type `Ctx` in this scope
[INFO] [stdout]   --> src/bufs/music.rs:83:31
[INFO] [stdout]    |
[INFO] [stdout] 83 |     fn update(&mut self, d: &mut Ctx) -> Result<()> {
[INFO] [stdout]    |                                  ^^^ not found in this scope
[INFO] [stdout] 
[INFO] [stdout] 
[INFO] [stdout] error[E0412]: cannot find type `Gfx` in this scope
[INFO] [stdout]    --> src/bufs/music.rs:116:27
[INFO] [stdout]     |
[INFO] [stdout] 116 |     fn draw(&self, gfx: &mut Gfx) -> Result<()> {
[INFO] [stdout]     |                              ^^^ not found in this scope
[INFO] [stdout] 
[INFO] [stdout] 
[INFO] [stdout] error[E0412]: cannot find type `Input` in this scope
[INFO] [stdout]   --> src/term.rs:10:9
[INFO] [stdout]    |
[INFO] [stdout] 10 |     input: Input,
[INFO] [stdout]    |            ^^^^^ not found in this scope
[INFO] [stdout]    |
[INFO] [stdout] help: consider importing this trait
[INFO] [stdout]    |
[INFO] [stdout] 3  | use regex::internal::Input;
[INFO] [stdout]    |
[INFO] [stdout] 
[INFO] [stdout] 
[INFO] [stdout] error[E0433]: failed to resolve: use of undeclared type or module `Input`
[INFO] [stdout]   --> src/term.rs:20:11
[INFO] [stdout]    |
[INFO] [stdout] 20 |             input: Input::new(),
[INFO] [stdout]    |                    ^^^^^ not found in this scope
[INFO] [stdout]    |
[INFO] [stdout] help: consider importing this trait
[INFO] [stdout]    |
[INFO] [stdout] 3  | use regex::internal::Input;
[INFO] [stdout]    |
[INFO] [stdout] 
[INFO] [stdout] 
[INFO] [stdout] error[E0412]: cannot find type `Ctx` in this scope
[INFO] [stdout]   --> src/term.rs:86:34
[INFO] [stdout]    |
[INFO] [stdout] 86 |     pub fn event(&mut self, d: &mut Ctx, e: &Event) -> Result<()> {
[INFO] [stdout]    |                                     ^^^ not found in this scope
[INFO] [stdout] 
[INFO] [stdout] 
[INFO] [stdout] error[E0412]: cannot find type `Event` in this scope
[INFO] [stdout]   --> src/term.rs:86:43
[INFO] [stdout]    |
[INFO] [stdout] 86 |     pub fn event(&mut self, d: &mut Ctx, e: &Event) -> Result<()> {
[INFO] [stdout]    |                                              ^^^^^ not found in this scope
[INFO] [stdout]    |
[INFO] [stdout] help: there is an enum variant `id3::frame::SynchronisedLyricsType::Event`; try using the variant's enum
[INFO] [stdout]    |
[INFO] [stdout] 86 |     pub fn event(&mut self, d: &mut Ctx, e: &id3::frame::SynchronisedLyricsType) -> Result<()> {
[INFO] [stdout]    |                                              ^^^^^^^^^^^^^^^^^^^^^^^^^^^^^^^^^^
[INFO] [stdout] 
[INFO] [stdout] 
[INFO] [stdout] error[E0433]: failed to resolve: use of undeclared type or module `Input`
[INFO] [stdout]   --> src/term.rs:93:20
[INFO] [stdout]    |
[INFO] [stdout] 93 |                         self.input = Input::new();
[INFO] [stdout]    |                                      ^^^^^ not found in this scope
[INFO] [stdout]    |
[INFO] [stdout] help: consider importing this trait
[INFO] [stdout]    |
[INFO] [stdout] 3  | use regex::internal::Input;
[INFO] [stdout]    |
[INFO] [stdout] 
[INFO] [stdout] 
[INFO] [stdout] error[E0412]: cannot find type `Ctx` in this scope
[INFO] [stdout]    --> src/term.rs:115:35
[INFO] [stdout]     |
[INFO] [stdout] 115 |     pub fn update(&mut self, d: &mut Ctx) -> Result<()> {
[INFO] [stdout]     |                                      ^^^ not found in this scope
[INFO] [stdout] 
[INFO] [stdout] 
[INFO] [stdout] error[E0412]: cannot find type `Gfx` in this scope
[INFO] [stdout]    --> src/term.rs:127:31
[INFO] [stdout]     |
[INFO] [stdout] 127 |     pub fn draw(&self, gfx: &mut Gfx) -> Result<()> {
[INFO] [stdout]     |                                  ^^^ not found in this scope
[INFO] [stdout] 
[INFO] [stdout] 
[INFO] [stdout] error[E0412]: cannot find type `Color` in this scope
[INFO] [stdout]   --> src/main.rs:33:19
[INFO] [stdout]    |
[INFO] [stdout] 33 | const SBAR_COLOR: Color = rgba!(0, 0, 1, 1);
[INFO] [stdout]    |                   ^^^^^ not found in this scope
[INFO] [stdout]    |
[INFO] [stdout] help: consider importing this struct
[INFO] [stdout]    |
[INFO] [stdout] 9  | use syntect::highlighting::Color;
[INFO] [stdout]    |
[INFO] [stdout] 
[INFO] [stdout] 
[INFO] [stdout] error[E0412]: cannot find type `Vec2` in this scope
[INFO] [stdout]    --> src/main.rs:34:21
[INFO] [stdout]     |
[INFO] [stdout] 34  |   const SBAR_PADDING: Vec2 = vec2!(8, 6);
[INFO] [stdout]     |                       ^^^^ help: a struct with a similar name exists: `Vec`
[INFO] [stdout] 
[INFO] [stdout] 
[INFO] [stdout] error[E0412]: cannot find type `Color` in this scope
[INFO] [stdout]   --> src/main.rs:39:21
[INFO] [stdout]    |
[INFO] [stdout] 39 | const BUFBAR_COLOR: Color = rgba!(1, 0, 0.5, 1);
[INFO] [stdout]    |                     ^^^^^ not found in this scope
[INFO] [stdout]    |
[INFO] [stdout] help: consider importing this struct
[INFO] [stdout]    |
[INFO] [stdout] 9  | use syntect::highlighting::Color;
[INFO] [stdout]    |
[INFO] [stdout] 
[INFO] [stdout] 
[INFO] [stdout] error[E0412]: cannot find type `Vec2` in this scope
[INFO] [stdout]    --> src/main.rs:40:23
[INFO] [stdout]     |
[INFO] [stdout] 40  |   const BUFBAR_PADDING: Vec2 = vec2!(8, 5);
[INFO] [stdout]     |                         ^^^^ help: a struct with a similar name exists: `Vec`
[INFO] [stdout] 
[INFO] [stdout] 
[INFO] [stdout] error[E0412]: cannot find type `Ctx` in this scope
[INFO] [stdout]   --> src/main.rs:69:30
[INFO] [stdout]    |
[INFO] [stdout] 69 |     fn event(&mut self, _: &mut Ctx, _: &input::Event) -> Result<()> {
[INFO] [stdout]    |                                 ^^^ not found in this scope
[INFO] [stdout] 
[INFO] [stdout] 
[INFO] [stdout] error[E0412]: cannot find type `Ctx` in this scope
[INFO] [stdout]   --> src/main.rs:72:31
[INFO] [stdout]    |
[INFO] [stdout] 72 |     fn update(&mut self, _: &mut Ctx) -> Result<()> {
[INFO] [stdout]    |                                  ^^^ not found in this scope
[INFO] [stdout] 
[INFO] [stdout] 
[INFO] [stdout] error[E0412]: cannot find type `Gfx` in this scope
[INFO] [stdout]   --> src/main.rs:75:25
[INFO] [stdout]    |
[INFO] [stdout] 75 |     fn draw(&self, _: &mut Gfx) -> Result<()> {
[INFO] [stdout]    |                            ^^^ not found in this scope
[INFO] [stdout] 
[INFO] [stdout] 
[INFO] [stdout] error[E0412]: cannot find type `Ctx` in this scope
[INFO] [stdout]    --> src/main.rs:282:29
[INFO] [stdout]     |
[INFO] [stdout] 282 |     fn open(&mut self, d: &mut Ctx, path: impl AsRef<Path>) -> Result<()> {
[INFO] [stdout]     |                                ^^^ not found in this scope
[INFO] [stdout] 
[INFO] [stdout] 
[INFO] [stdout] error[E0405]: cannot find trait `State` in this scope
[INFO] [stdout]    --> src/main.rs:359:6
[INFO] [stdout]     |
[INFO] [stdout] 359 | impl State for App {
[INFO] [stdout]     |      ^^^^^ not found in this scope
[INFO] [stdout] 
[INFO] [stdout] 
[INFO] [stdout] error[E0412]: cannot find type `Ctx` in this scope
[INFO] [stdout]    --> src/main.rs:361:18
[INFO] [stdout]     |
[INFO] [stdout] 361 |     fn init(d: &mut Ctx) -> Result<Self> {
[INFO] [stdout]     |                     ^^^ not found in this scope
[INFO] [stdout] 
[INFO] [stdout] 
[INFO] [stdout] error[E0412]: cannot find type `Ctx` in this scope
[INFO] [stdout]    --> src/main.rs:403:30
[INFO] [stdout]     |
[INFO] [stdout] 403 |     fn event(&mut self, d: &mut Ctx, e: &input::Event) -> Result<()> {
[INFO] [stdout]     |                                 ^^^ not found in this scope
[INFO] [stdout] 
[INFO] [stdout] 
[INFO] [stdout] error[E0412]: cannot find type `Ctx` in this scope
[INFO] [stdout]    --> src/main.rs:512:31
[INFO] [stdout]     |
[INFO] [stdout] 512 |     fn update(&mut self, d: &mut Ctx) -> Result<()> {
[INFO] [stdout]     |                                  ^^^ not found in this scope
[INFO] [stdout] 
[INFO] [stdout] 
[INFO] [stdout] error[E0412]: cannot find type `Ctx` in this scope
[INFO] [stdout]    --> src/main.rs:554:25
[INFO] [stdout]     |
[INFO] [stdout] 554 |     fn draw(&self, d: &mut Ctx) -> Result<()> {
[INFO] [stdout]     |                            ^^^ not found in this scope
[INFO] [stdout] 
[INFO] [stdout] 
[INFO] [stdout] error[E0412]: cannot find type `Ctx` in this scope
[INFO] [stdout]    --> src/main.rs:682:29
[INFO] [stdout]     |
[INFO] [stdout] 682 |     fn quit(&mut self, _: &mut Ctx) -> Result<()> {
[INFO] [stdout]     |                                ^^^ not found in this scope
[INFO] [stdout] 
[INFO] [stdout] 
[INFO] [stdout] error[E0425]: cannot find function `launcher` in this scope
[INFO] [stdout]    --> src/main.rs:742:18
[INFO] [stdout]     |
[INFO] [stdout] 742 |     if let Err(e) = launcher()
[INFO] [stdout]     |                     ^^^^^^^^ not found in this scope
[INFO] [stdout] 
[INFO] [stdout] 
[INFO] [stdout] warning: unused import: `std::io::Write`
[INFO] [stdout]   --> src/term.rs:48:9
[INFO] [stdout]    |
[INFO] [stdout] 48 |                 use std::io::Write;
[INFO] [stdout]    |                     ^^^^^^^^^^^^^^
[INFO] [stdout]    |
[INFO] [stdout]    = note: `#[warn(unused_imports)]` on by default
[INFO] [stdout] 
[INFO] [stdout] 
[INFO] [stdout] warning: unused import: `crate::*`
[INFO] [stdout]  --> src/conf.rs:6:5
[INFO] [stdout]   |
[INFO] [stdout] 6 | use crate::*;
[INFO] [stdout]   |     ^^^^^^^^
[INFO] [stdout] 
[INFO] [stdout] 
[INFO] [stdout] warning: unused import: `dirty::*`
[INFO] [stdout]   --> src/main.rs:25:5
[INFO] [stdout]    |
[INFO] [stdout] 25 | use dirty::*;
[INFO] [stdout]    |     ^^^^^^^^
[INFO] [stdout] 
[INFO] [stdout] 
[INFO] [stdout] error[E0433]: failed to resolve: use of undeclared type or module `input`
[INFO] [stdout]   --> src/main.rs:69:39
[INFO] [stdout]    |
[INFO] [stdout] 69 |     fn event(&mut self, _: &mut Ctx, _: &input::Event) -> Result<()> {
[INFO] [stdout]    |                                          ^^^^^ use of undeclared type or module `input`
[INFO] [stdout] 
[INFO] [stdout] 
[INFO] [stdout] error: aborting due to 320 previous errors; 3 warnings emitted
[INFO] [stdout] 
[INFO] [stdout] 
[INFO] [stderr] error: could not compile `space55`.
[INFO] [stdout] Some errors have detailed explanations: E0405, E0412, E0425, E0432, E0433, E0531.
[INFO] [stdout] 
[INFO] [stderr] 
[INFO] [stdout] For more information about an error, try `rustc --explain E0405`.
[INFO] [stdout] 
[INFO] [stderr] To learn more, run the command again with --verbose.
[INFO] [stdout] error[E0433]: failed to resolve: use of undeclared type or module `fs`
[INFO] [stdout]    --> src/main.rs:293:20
[INFO] [stdout]     |
[INFO] [stdout] 293 |         if let Ok(ext) = fs::extname(path) {
[INFO] [stdout]     |                          ^^ use of undeclared type or module `fs`
[INFO] [stdout] 
[INFO] [stdout] 
[INFO] [stderr] warning: build failed, waiting for other jobs to finish...
[INFO] [stdout] error[E0433]: failed to resolve: use of undeclared type or module `input`
[INFO] [stdout]    --> src/main.rs:403:39
[INFO] [stdout]     |
[INFO] [stdout] 403 |     fn event(&mut self, d: &mut Ctx, e: &input::Event) -> Result<()> {
[INFO] [stdout]     |                                          ^^^^^ use of undeclared type or module `input`
[INFO] [stdout] 
[INFO] [stdout] 
[INFO] [stdout] error[E0433]: failed to resolve: use of undeclared type or module `Event`
[INFO] [stdout]    --> src/main.rs:413:6
[INFO] [stdout]     |
[INFO] [stdout] 413 |                     Event::KeyPress(k) => {
[INFO] [stdout]     |                     ^^^^^ use of undeclared type or module `Event`
[INFO] [stdout] 
[INFO] [stdout] 
[INFO] [stdout] error[E0433]: failed to resolve: use of undeclared type or module `Key`
[INFO] [stdout]    --> src/main.rs:415:8
[INFO] [stdout]     |
[INFO] [stdout] 415 |                             Key::W if kmods.alt => self.close_cur_buf(),
[INFO] [stdout]     |                             ^^^ use of undeclared type or module `Key`
[INFO] [stdout] 
[INFO] [stdout] 
[INFO] [stdout] error[E0433]: failed to resolve: use of undeclared type or module `Event`
[INFO] [stdout]    --> src/main.rs:424:6
[INFO] [stdout]     |
[INFO] [stdout] 424 |                     Event::KeyPress(k) => {
[INFO] [stdout]     |                     ^^^^^ use of undeclared type or module `Event`
[INFO] [stdout] 
[INFO] [stdout] 
[INFO] [stdout] error[E0433]: failed to resolve: use of undeclared type or module `Key`
[INFO] [stdout]    --> src/main.rs:426:8
[INFO] [stdout]     |
[INFO] [stdout] 426 |                             Key::Enter => {
[INFO] [stdout]     |                             ^^^ use of undeclared type or module `Key`
[INFO] [stdout] 
[INFO] [stdout] 
[INFO] [stdout] error[E0433]: failed to resolve: use of undeclared type or module `Event`
[INFO] [stdout]    --> src/main.rs:444:4
[INFO] [stdout]     |
[INFO] [stdout] 444 |             Event::KeyPress(k) => {
[INFO] [stdout]     |             ^^^^^ use of undeclared type or module `Event`
[INFO] [stdout] 
[INFO] [stdout] 
[INFO] [stdout] error[E0433]: failed to resolve: use of undeclared type or module `Key`
[INFO] [stdout]    --> src/main.rs:446:6
[INFO] [stdout]     |
[INFO] [stdout] 446 |                     Key::Key1 if kmods.alt => self.to_buf_n(0),
[INFO] [stdout]     |                     ^^^ use of undeclared type or module `Key`
[INFO] [stdout] 
[INFO] [stdout] 
[INFO] [stdout] error[E0433]: failed to resolve: use of undeclared type or module `Key`
[INFO] [stdout]    --> src/main.rs:447:6
[INFO] [stdout]     |
[INFO] [stdout] 447 |                     Key::Key2 if kmods.alt => self.to_buf_n(1),
[INFO] [stdout]     |                     ^^^ use of undeclared type or module `Key`
[INFO] [stdout] 
[INFO] [stdout] 
[INFO] [stdout] error[E0433]: failed to resolve: use of undeclared type or module `Key`
[INFO] [stdout]    --> src/main.rs:448:6
[INFO] [stdout]     |
[INFO] [stdout] 448 |                     Key::Key3 if kmods.alt => self.to_buf_n(2),
[INFO] [stdout]     |                     ^^^ use of undeclared type or module `Key`
[INFO] [stdout] 
[INFO] [stdout] 
[INFO] [stdout] error[E0433]: failed to resolve: use of undeclared type or module `Key`
[INFO] [stdout]    --> src/main.rs:449:6
[INFO] [stdout]     |
[INFO] [stdout] 449 |                     Key::Key4 if kmods.alt => self.to_buf_n(3),
[INFO] [stdout]     |                     ^^^ use of undeclared type or module `Key`
[INFO] [stdout] 
[INFO] [stdout] 
[INFO] [stdout] error[E0433]: failed to resolve: use of undeclared type or module `Key`
[INFO] [stdout]    --> src/main.rs:450:6
[INFO] [stdout]     |
[INFO] [stdout] 450 |                     Key::Key5 if kmods.alt => self.to_buf_n(4),
[INFO] [stdout]     |                     ^^^ use of undeclared type or module `Key`
[INFO] [stdout] 
[INFO] [stdout] 
[INFO] [stdout] error[E0433]: failed to resolve: use of undeclared type or module `Key`
[INFO] [stdout]    --> src/main.rs:451:6
[INFO] [stdout]     |
[INFO] [stdout] 451 |                     Key::Key6 if kmods.alt => self.to_buf_n(5),
[INFO] [stdout]     |                     ^^^ use of undeclared type or module `Key`
[INFO] [stdout] 
[INFO] [stdout] 
[INFO] [stdout] error[E0433]: failed to resolve: use of undeclared type or module `Key`
[INFO] [stdout]    --> src/main.rs:452:6
[INFO] [stdout]     |
[INFO] [stdout] 452 |                     Key::Key7 if kmods.alt => self.to_buf_n(6),
[INFO] [stdout]     |                     ^^^ use of undeclared type or module `Key`
[INFO] [stdout] 
[INFO] [stdout] 
[INFO] [stdout] error[E0433]: failed to resolve: use of undeclared type or module `Key`
[INFO] [stdout]    --> src/main.rs:453:6
[INFO] [stdout]     |
[INFO] [stdout] 453 |                     Key::Key8 if kmods.alt => self.to_buf_n(7),
[INFO] [stdout]     |                     ^^^ use of undeclared type or module `Key`
[INFO] [stdout] 
[INFO] [stdout] 
[INFO] [stdout] error[E0433]: failed to resolve: use of undeclared type or module `Key`
[INFO] [stdout]    --> src/main.rs:454:6
[INFO] [stdout]     |
[INFO] [stdout] 454 |                     Key::Key9 if kmods.alt => self.to_buf_n(8),
[INFO] [stdout]     |                     ^^^ use of undeclared type or module `Key`
[INFO] [stdout] 
[INFO] [stdout] 
[INFO] [stdout] error[E0433]: failed to resolve: use of undeclared type or module `Key`
[INFO] [stdout]    --> src/main.rs:455:6
[INFO] [stdout]     |
[INFO] [stdout] 455 |                     Key::Q if kmods.alt => self.to_prev_buf(),
[INFO] [stdout]     |                     ^^^ use of undeclared type or module `Key`
[INFO] [stdout] 
[INFO] [stdout] 
[INFO] [stdout] error[E0433]: failed to resolve: use of undeclared type or module `Key`
[INFO] [stdout]    --> src/main.rs:456:6
[INFO] [stdout]     |
[INFO] [stdout] 456 |                     Key::E if kmods.alt => self.to_next_buf(),
[INFO] [stdout]     |                     ^^^ use of undeclared type or module `Key`
[INFO] [stdout] 
[INFO] [stdout] 
[INFO] [stdout] error[E0433]: failed to resolve: use of undeclared type or module `Key`
[INFO] [stdout]    --> src/main.rs:457:6
[INFO] [stdout]     |
[INFO] [stdout] 457 |                     Key::F1 => self.to_bookmark(0)?,
[INFO] [stdout]     |                     ^^^ use of undeclared type or module `Key`
[INFO] [stdout] 
[INFO] [stdout] 
[INFO] [stdout] error[E0433]: failed to resolve: use of undeclared type or module `Key`
[INFO] [stdout]    --> src/main.rs:458:6
[INFO] [stdout]     |
[INFO] [stdout] 458 |                     Key::F2 => self.to_bookmark(1)?,
[INFO] [stdout]     |                     ^^^ use of undeclared type or module `Key`
[INFO] [stdout] 
[INFO] [stdout] 
[INFO] [stdout] error[E0433]: failed to resolve: use of undeclared type or module `Key`
[INFO] [stdout]    --> src/main.rs:459:6
[INFO] [stdout]     |
[INFO] [stdout] 459 |                     Key::F3 => self.to_bookmark(2)?,
[INFO] [stdout]     |                     ^^^ use of undeclared type or module `Key`
[INFO] [stdout] 
[INFO] [stdout] 
[INFO] [stdout] error[E0433]: failed to resolve: use of undeclared type or module `Key`
[INFO] [stdout]    --> src/main.rs:460:6
[INFO] [stdout]     |
[INFO] [stdout] 460 |                     Key::F4 => self.to_bookmark(3)?,
[INFO] [stdout]     |                     ^^^ use of undeclared type or module `Key`
[INFO] [stdout] 
[INFO] [stdout] 
[INFO] [stdout] error[E0433]: failed to resolve: use of undeclared type or module `Key`
[INFO] [stdout]    --> src/main.rs:461:6
[INFO] [stdout]     |
[INFO] [stdout] 461 |                     Key::F5 => self.to_bookmark(4)?,
[INFO] [stdout]     |                     ^^^ use of undeclared type or module `Key`
[INFO] [stdout] 
[INFO] [stdout] 
[INFO] [stdout] error[E0433]: failed to resolve: use of undeclared type or module `Key`
[INFO] [stdout]    --> src/main.rs:462:6
[INFO] [stdout]     |
[INFO] [stdout] 462 |                     Key::F6 => self.to_bookmark(5)?,
[INFO] [stdout]     |                     ^^^ use of undeclared type or module `Key`
[INFO] [stdout] 
[INFO] [stdout] 
[INFO] [stdout] error[E0433]: failed to resolve: use of undeclared type or module `Key`
[INFO] [stdout]    --> src/main.rs:463:6
[INFO] [stdout]     |
[INFO] [stdout] 463 |                     Key::F7 => self.to_bookmark(6)?,
[INFO] [stdout]     |                     ^^^ use of undeclared type or module `Key`
[INFO] [stdout] 
[INFO] [stdout] 
[INFO] [stdout] error[E0433]: failed to resolve: use of undeclared type or module `Key`
[INFO] [stdout]    --> src/main.rs:464:6
[INFO] [stdout]     |
[INFO] [stdout] 464 |                     Key::F8 => self.to_bookmark(7)?,
[INFO] [stdout]     |                     ^^^ use of undeclared type or module `Key`
[INFO] [stdout] 
[INFO] [stdout] 
[INFO] [stdout] error[E0433]: failed to resolve: use of undeclared type or module `Key`
[INFO] [stdout]    --> src/main.rs:465:6
[INFO] [stdout]     |
[INFO] [stdout] 465 |                     Key::F9 => self.to_bookmark(8)?,
[INFO] [stdout]     |                     ^^^ use of undeclared type or module `Key`
[INFO] [stdout] 
[INFO] [stdout] 
[INFO] [stdout] error[E0433]: failed to resolve: use of undeclared type or module `Key`
[INFO] [stdout]    --> src/main.rs:466:6
[INFO] [stdout]     |
[INFO] [stdout] 466 |                     Key::F10 => self.to_bookmark(9)?,
[INFO] [stdout]     |                     ^^^ use of undeclared type or module `Key`
[INFO] [stdout] 
[INFO] [stdout] 
[INFO] [stdout] error[E0433]: failed to resolve: use of undeclared type or module `Key`
[INFO] [stdout]    --> src/main.rs:467:6
[INFO] [stdout]     |
[INFO] [stdout] 467 |                     Key::Q if kmods.meta => d.window.quit(),
[INFO] [stdout]     |                     ^^^ use of undeclared type or module `Key`
[INFO] [stdout] 
[INFO] [stdout] 
[INFO] [stdout] error[E0433]: failed to resolve: use of undeclared type or module `Key`
[INFO] [stdout]    --> src/main.rs:468:6
[INFO] [stdout]     |
[INFO] [stdout] 468 |                     Key::F if kmods.meta => d.window.toggle_fullscreen(),
[INFO] [stdout]     |                     ^^^ use of undeclared type or module `Key`
[INFO] [stdout] 
[INFO] [stdout] 
[INFO] [stdout] error[E0433]: failed to resolve: use of undeclared type or module `Key`
[INFO] [stdout]    --> src/main.rs:475:6
[INFO] [stdout]     |
[INFO] [stdout] 475 |                     Key::Tab => {
[INFO] [stdout]     |                     ^^^ use of undeclared type or module `Key`
[INFO] [stdout] 
[INFO] [stdout] 
[INFO] [stdout] error[E0433]: failed to resolve: use of undeclared type or module `Origin`
[INFO] [stdout]    --> src/main.rs:556:30
[INFO] [stdout]     |
[INFO] [stdout] 556 |         let top_left = d.gfx.coord(Origin::TopLeft);
[INFO] [stdout]     |                                    ^^^^^^ use of undeclared type or module `Origin`
[INFO] [stdout] 
[INFO] [stdout] 
[INFO] [stdout] error[E0433]: failed to resolve: use of undeclared type or module `Origin`
[INFO] [stdout]    --> src/main.rs:557:31
[INFO] [stdout]     |
[INFO] [stdout] 557 |         let top_right = d.gfx.coord(Origin::TopRight);
[INFO] [stdout]     |                                     ^^^^^^ use of undeclared type or module `Origin`
[INFO] [stdout] 
[INFO] [stdout] 
[INFO] [stdout] error[E0433]: failed to resolve: use of undeclared type or module `Origin`
[INFO] [stdout]    --> src/main.rs:558:31
[INFO] [stdout]     |
[INFO] [stdout] 558 |         let bot_right = d.gfx.coord(Origin::BottomRight);
[INFO] [stdout]     |                                     ^^^^^^ use of undeclared type or module `Origin`
[INFO] [stdout] 
[INFO] [stdout] 
[INFO] [stdout] error[E0433]: failed to resolve: use of undeclared type or module `shapes`
[INFO] [stdout]    --> src/main.rs:568:6
[INFO] [stdout]     |
[INFO] [stdout] 568 |                 &shapes::rect(vec2!(0), vec2!(gfx.width(), -SBAR_HEIGHT))
[INFO] [stdout]     |                  ^^^^^^ use of undeclared type or module `shapes`
[INFO] [stdout] 
[INFO] [stdout] 
[INFO] [stdout] error[E0433]: failed to resolve: use of undeclared type or module `shapes`
[INFO] [stdout]    --> src/main.rs:576:6
[INFO] [stdout]     |
[INFO] [stdout] 576 |                 &shapes::text(&format!("{}", display_path(self.cur_path())))
[INFO] [stdout]     |                  ^^^^^^ use of undeclared type or module `shapes`
[INFO] [stdout] 
[INFO] [stdout] 
[INFO] [stdout] error[E0433]: failed to resolve: use of undeclared type or module `Origin`
[INFO] [stdout]    --> src/main.rs:578:13
[INFO] [stdout]     |
[INFO] [stdout] 578 |                     .align(Origin::TopLeft)
[INFO] [stdout]     |                            ^^^^^^ use of undeclared type or module `Origin`
[INFO] [stdout] 
[INFO] [stdout] 
[INFO] [stdout] error[E0433]: failed to resolve: use of undeclared type or module `shapes`
[INFO] [stdout]    --> src/main.rs:597:7
[INFO] [stdout]     |
[INFO] [stdout] 597 |                     &shapes::rect(vec2!(0), vec2!(gfx.width(), -BUFBAR_HEIGHT))
[INFO] [stdout]     |                      ^^^^^^ use of undeclared type or module `shapes`
[INFO] [stdout] 
[INFO] [stdout] 
[INFO] [stdout] error[E0433]: failed to resolve: use of undeclared type or module `shapes`
[INFO] [stdout]    --> src/main.rs:611:10
[INFO] [stdout]     |
[INFO] [stdout] 611 |                                 &shapes::rect(p1, p2)
[INFO] [stdout]     |                                  ^^^^^^ use of undeclared type or module `shapes`
[INFO] [stdout] 
[INFO] [stdout] 
[INFO] [stdout] error[E0433]: failed to resolve: use of undeclared type or module `shapes`
[INFO] [stdout]    --> src/main.rs:632:10
[INFO] [stdout]     |
[INFO] [stdout] 632 |                                 &shapes::text(&title)
[INFO] [stdout]     |                                  ^^^^^^ use of undeclared type or module `shapes`
[INFO] [stdout] 
[INFO] [stdout] 
[INFO] [stdout] error[E0433]: failed to resolve: use of undeclared type or module `Origin`
[INFO] [stdout]    --> src/main.rs:634:17
[INFO] [stdout]     |
[INFO] [stdout] 634 |                                     .align(Origin::TopLeft)
[INFO] [stdout]     |                                            ^^^^^^ use of undeclared type or module `Origin`
[INFO] [stdout] 
[INFO] [stdout] 
[INFO] [stdout] error[E0412]: cannot find type `Input` in this scope
[INFO] [stdout]   --> src/browser.rs:37:9
[INFO] [stdout]    |
[INFO] [stdout] 37 |     input: Input,
[INFO] [stdout]    |            ^^^^^ not found in this scope
[INFO] [stdout]    |
[INFO] [stdout] help: consider importing this trait
[INFO] [stdout]    |
[INFO] [stdout] 3  | use regex::internal::Input;
[INFO] [stdout]    |
[INFO] [stdout] 
[INFO] [stdout] 
[INFO] [stdout] error[E0433]: failed to resolve: use of undeclared type or module `Input`
[INFO] [stdout]   --> src/browser.rs:77:11
[INFO] [stdout]    |
[INFO] [stdout] 77 |             input: Input::new(),
[INFO] [stdout]    |                    ^^^^^ not found in this scope
[INFO] [stdout]    |
[INFO] [stdout] help: consider importing this trait
[INFO] [stdout]    |
[INFO] [stdout] 3  | use regex::internal::Input;
[INFO] [stdout]    |
[INFO] [stdout] 
[INFO] [stdout] 
[INFO] [stdout] error[E0412]: cannot find type `Ctx` in this scope
[INFO] [stdout]    --> src/browser.rs:348:34
[INFO] [stdout]     |
[INFO] [stdout] 348 |     pub fn event(&mut self, _: &mut Ctx, e: &input::Event) -> Result<()> {
[INFO] [stdout]     |                                     ^^^ not found in this scope
[INFO] [stdout] 
[INFO] [stdout] 
[INFO] [stdout] error[E0531]: cannot find tuple struct or tuple variant `KeyPress` in this scope
[INFO] [stdout]    --> src/browser.rs:354:4
[INFO] [stdout]     |
[INFO] [stdout] 354 |             KeyPress(k) => {
[INFO] [stdout]     |             ^^^^^^^^ not found in this scope
[INFO] [stdout] 
[INFO] [stdout] 
[INFO] [stdout] error[E0531]: cannot find tuple struct or tuple variant `KeyPressRepeat` in this scope
[INFO] [stdout]    --> src/browser.rs:368:4
[INFO] [stdout]     |
[INFO] [stdout] 368 |             KeyPressRepeat(k) => {
[INFO] [stdout]     |             ^^^^^^^^^^^^^^ not found in this scope
[INFO] [stdout] 
[INFO] [stdout] 
[INFO] [stdout] error[E0531]: cannot find tuple struct or tuple variant `Wheel` in this scope
[INFO] [stdout]    --> src/browser.rs:376:4
[INFO] [stdout]     |
[INFO] [stdout] 376 |             Wheel(d, _) => {
[INFO] [stdout]     |             ^^^^^ not found in this scope
[INFO] [stdout] 
[INFO] [stdout] 
[INFO] [stdout] error[E0531]: cannot find tuple struct or tuple variant `CharInput` in this scope
[INFO] [stdout]    --> src/browser.rs:392:4
[INFO] [stdout]     |
[INFO] [stdout] 392 |             CharInput(ch) => {
[INFO] [stdout]     |             ^^^^^^^^^ not found in this scope
[INFO] [stdout] 
[INFO] [stdout] 
[INFO] [stdout] error[E0412]: cannot find type `Ctx` in this scope
[INFO] [stdout]    --> src/browser.rs:411:35
[INFO] [stdout]     |
[INFO] [stdout] 411 |     pub fn update(&mut self, d: &mut Ctx) -> Result<()> {
[INFO] [stdout]     |                                      ^^^ not found in this scope
[INFO] [stdout] 
[INFO] [stdout] 
[INFO] [stdout] error[E0412]: cannot find type `Gfx` in this scope
[INFO] [stdout]    --> src/browser.rs:436:31
[INFO] [stdout]     |
[INFO] [stdout] 436 |     pub fn draw(&self, gfx: &mut Gfx) -> Result<()> {
[INFO] [stdout]     |                                  ^^^ not found in this scope
[INFO] [stdout] 
[INFO] [stdout] 
[INFO] [stdout] error[E0433]: failed to resolve: use of undeclared type or module `shapes`
[INFO] [stdout]    --> src/browser.rs:486:15
[INFO] [stdout]     |
[INFO] [stdout] 486 |                         shapes::TextChunk::colored(&t1, color)
[INFO] [stdout]     |                                 ^^^^^^^^^ not found in `shapes`
[INFO] [stdout]     |
[INFO] [stdout] help: consider importing this struct
[INFO] [stdout]     |
[INFO] [stdout] 3   | use crate::bufs::edit::TextChunk;
[INFO] [stdout]     |
[INFO] [stdout] 
[INFO] [stdout] 
[INFO] [stdout] error[E0433]: failed to resolve: use of undeclared type or module `shapes`
[INFO] [stdout]    --> src/browser.rs:491:28
[INFO] [stdout]     |
[INFO] [stdout] 491 |                             chunks.push(shapes::TextChunk::colored(" [*]", rgba!(1, 1, 0.5, 1)));
[INFO] [stdout]     |                                                 ^^^^^^^^^ not found in `shapes`
[INFO] [stdout]     |
[INFO] [stdout] help: consider importing this struct
[INFO] [stdout]     |
[INFO] [stdout] 3   | use crate::bufs::edit::TextChunk;
[INFO] [stdout]     |
[INFO] [stdout] 
[INFO] [stdout] 
[INFO] [stdout] error[E0412]: cannot find type `Input` in this scope
[INFO] [stdout]    --> src/bufs/edit.rs:129:11
[INFO] [stdout]     |
[INFO] [stdout] 129 |     cmd_bar: Input,
[INFO] [stdout]     |              ^^^^^ not found in this scope
[INFO] [stdout]     |
[INFO] [stdout] help: consider importing this trait
[INFO] [stdout]     |
[INFO] [stdout] 5   | use regex::internal::Input;
[INFO] [stdout]     |
[INFO] [stdout] 
[INFO] [stdout] 
[INFO] [stdout] error[E0412]: cannot find type `Color` in this scope
[INFO] [stdout]    --> src/bufs/edit.rs:166:9
[INFO] [stdout]     |
[INFO] [stdout] 166 |     color: Color,
[INFO] [stdout]     |            ^^^^^ not found in this scope
[INFO] [stdout]     |
[INFO] [stdout] help: consider importing this struct
[INFO] [stdout]     |
[INFO] [stdout] 5   | use syntect::highlighting::Color;
[INFO] [stdout]     |
[INFO] [stdout] 
[INFO] [stdout] 
[INFO] [stdout] error[E0433]: failed to resolve: use of undeclared type or module `Input`
[INFO] [stdout]    --> src/bufs/edit.rs:257:13
[INFO] [stdout]     |
[INFO] [stdout] 257 |             cmd_bar: Input::new(),
[INFO] [stdout]     |                      ^^^^^ not found in this scope
[INFO] [stdout]     |
[INFO] [stdout] help: consider importing this trait
[INFO] [stdout]     |
[INFO] [stdout] 5   | use regex::internal::Input;
[INFO] [stdout]     |
[INFO] [stdout] 
[INFO] [stdout] 
[INFO] [stdout] error[E0412]: cannot find type `Ctx` in this scope
[INFO] [stdout]    --> src/bufs/edit.rs:940:30
[INFO] [stdout]     |
[INFO] [stdout] 940 |     fn event(&mut self, d: &mut Ctx, e: &input::Event) -> Result<()> {
[INFO] [stdout]     |                                 ^^^ not found in this scope
[INFO] [stdout] 
[INFO] [stdout] 
[INFO] [stdout] error[E0433]: failed to resolve: use of undeclared type or module `Input`
[INFO] [stdout]     --> src/bufs/edit.rs:1165:24
[INFO] [stdout]      |
[INFO] [stdout] 1165 |                                 self.cmd_bar = Input::new();
[INFO] [stdout]      |                                                ^^^^^ not found in this scope
[INFO] [stdout]      |
[INFO] [stdout] help: consider importing this trait
[INFO] [stdout]      |
[INFO] [stdout] 5    | use regex::internal::Input;
[INFO] [stdout]      |
[INFO] [stdout] 
[INFO] [stdout] 
[INFO] [stdout] error[E0412]: cannot find type `Ctx` in this scope
[INFO] [stdout]     --> src/bufs/edit.rs:1224:31
[INFO] [stdout]      |
[INFO] [stdout] 1224 |     fn update(&mut self, d: &mut Ctx) -> Result<()> {
[INFO] [stdout]      |                                  ^^^ not found in this scope
[INFO] [stdout] 
[INFO] [stdout] 
[INFO] [stdout] error[E0412]: cannot find type `Gfx` in this scope
[INFO] [stdout]     --> src/bufs/edit.rs:1244:27
[INFO] [stdout]      |
[INFO] [stdout] 1244 |     fn draw(&self, gfx: &mut Gfx) -> Result<()> {
[INFO] [stdout]      |                              ^^^ not found in this scope
[INFO] [stdout] 
[INFO] [stdout] 
[INFO] [stdout] error[E0412]: cannot find type `Vec2` in this scope
[INFO] [stdout]    --> src/bufs/img.rs:13:7
[INFO] [stdout]     |
[INFO] [stdout] 13  |       pos: Vec2,
[INFO] [stdout]     |            ^^^^ help: a struct with a similar name exists: `Vec`
[INFO] [stdout] 
[INFO] [stdout] 
[INFO] [stdout] error[E0412]: cannot find type `Ctx` in this scope
[INFO] [stdout]   --> src/bufs/img.rs:49:30
[INFO] [stdout]    |
[INFO] [stdout] 49 |     fn event(&mut self, d: &mut Ctx, e: &input::Event) -> Result<()> {
[INFO] [stdout]    |                                 ^^^ not found in this scope
[INFO] [stdout] 
[INFO] [stdout] 
[INFO] [stdout] error[E0412]: cannot find type `Ctx` in this scope
[INFO] [stdout]   --> src/bufs/img.rs:89:31
[INFO] [stdout]    |
[INFO] [stdout] 89 |     fn update(&mut self, d: &mut Ctx) -> Result<()> {
[INFO] [stdout]    |                                  ^^^ not found in this scope
[INFO] [stdout] 
[INFO] [stdout] 
[INFO] [stdout] error[E0412]: cannot find type `Gfx` in this scope
[INFO] [stdout]    --> src/bufs/img.rs:101:27
[INFO] [stdout]     |
[INFO] [stdout] 101 |     fn draw(&self, gfx: &mut Gfx) -> Result<()> {
[INFO] [stdout]     |                              ^^^ not found in this scope
[INFO] [stdout] 
[INFO] [stdout] 
[INFO] [stdout] error[E0412]: cannot find type `ModelData` in this scope
[INFO] [stdout]   --> src/bufs/model.rs:11:26
[INFO] [stdout]    |
[INFO] [stdout] 8  | pub struct ModelViewer {
[INFO] [stdout]    |                       - help: you might be missing a type parameter: `<ModelData>`
[INFO] [stdout] ...
[INFO] [stdout] 11 |     task: task::Task<Result<ModelData>>,
[INFO] [stdout]    |                             ^^^^^^^^^ not found in this scope
[INFO] [stdout] 
[INFO] [stdout] 
[INFO] [stdout] error[E0412]: cannot find type `Model` in this scope
[INFO] [stdout]   --> src/bufs/model.rs:12:16
[INFO] [stdout]    |
[INFO] [stdout] 8  | pub struct ModelViewer {
[INFO] [stdout]    |                       - help: you might be missing a type parameter: `<Model>`
[INFO] [stdout] ...
[INFO] [stdout] 12 |     model: Option<Model>,
[INFO] [stdout]    |                   ^^^^^ not found in this scope
[INFO] [stdout] 
[INFO] [stdout] 
[INFO] [stdout] error[E0412]: cannot find type `Vec2` in this scope
[INFO] [stdout]    --> src/bufs/model.rs:13:7
[INFO] [stdout]     |
[INFO] [stdout] 13  |       rot: Vec2,
[INFO] [stdout]     |            ^^^^ help: a struct with a similar name exists: `Vec`
[INFO] [stdout] 
[INFO] [stdout] 
[INFO] [stdout] error[E0412]: cannot find type `Vec2` in this scope
[INFO] [stdout]    --> src/bufs/model.rs:14:7
[INFO] [stdout]     |
[INFO] [stdout] 14  |       pos: Vec2,
[INFO] [stdout]     |            ^^^^ help: a struct with a similar name exists: `Vec`
[INFO] [stdout] 
[INFO] [stdout] 
[INFO] [stdout] error[E0412]: cannot find type `Ctx` in this scope
[INFO] [stdout]   --> src/bufs/model.rs:22:21
[INFO] [stdout]    |
[INFO] [stdout] 22 |     pub fn new(d: &mut Ctx, path: impl AsRef<Path>) -> Result<Self> {
[INFO] [stdout]    |                        ^^^ not found in this scope
[INFO] [stdout] 
[INFO] [stdout] 
[INFO] [stdout] error[E0412]: cannot find type `Ctx` in this scope
[INFO] [stdout]   --> src/bufs/model.rs:55:30
[INFO] [stdout]    |
[INFO] [stdout] 55 |     fn event(&mut self, d: &mut Ctx, e: &input::Event) -> Result<()> {
[INFO] [stdout]    |                                 ^^^ not found in this scope
[INFO] [stdout] 
[INFO] [stdout] 
[INFO] [stdout] error[E0531]: cannot find tuple struct or tuple variant `KeyPress` in this scope
[INFO] [stdout]   --> src/bufs/model.rs:61:4
[INFO] [stdout]    |
[INFO] [stdout] 61 |             KeyPress(k) => {
[INFO] [stdout]    |             ^^^^^^^^ not found in this scope
[INFO] [stdout] 
[INFO] [stdout] 
[INFO] [stdout] error[E0531]: cannot find tuple struct or tuple variant `Wheel` in this scope
[INFO] [stdout]   --> src/bufs/model.rs:75:4
[INFO] [stdout]    |
[INFO] [stdout] 75 |             Wheel(s, phase) => {
[INFO] [stdout]    |             ^^^^^ not found in this scope
[INFO] [stdout] 
[INFO] [stdout] 
[INFO] [stdout] error[E0531]: cannot find tuple struct or tuple variant `MouseMove` in this scope
[INFO] [stdout]   --> src/bufs/model.rs:98:4
[INFO] [stdout]    |
[INFO] [stdout] 98 |             MouseMove(delta) => {
[INFO] [stdout]    |             ^^^^^^^^^ not found in this scope
[INFO] [stdout] 
[INFO] [stdout] 
[INFO] [stdout] error[E0412]: cannot find type `Ctx` in this scope
[INFO] [stdout]    --> src/bufs/model.rs:133:31
[INFO] [stdout]     |
[INFO] [stdout] 133 |     fn update(&mut self, d: &mut Ctx) -> Result<()> {
[INFO] [stdout]     |                                  ^^^ not found in this scope
[INFO] [stdout] 
[INFO] [stdout] 
[INFO] [stdout] error[E0412]: cannot find type `Gfx` in this scope
[INFO] [stdout]    --> src/bufs/model.rs:188:27
[INFO] [stdout]     |
[INFO] [stdout] 188 |     fn draw(&self, gfx: &mut Gfx) -> Result<()> {
[INFO] [stdout]     |                              ^^^ not found in this scope
[INFO] [stdout] 
[INFO] [stdout] 
[INFO] [stdout] error[E0412]: cannot find type `Ctx` in this scope
[INFO] [stdout]   --> src/bufs/music.rs:54:30
[INFO] [stdout]    |
[INFO] [stdout] 54 |     fn event(&mut self, d: &mut Ctx, e: &input::Event) -> Result<()> {
[INFO] [stdout]    |                                 ^^^ not found in this scope
[INFO] [stdout] 
[INFO] [stdout] 
[INFO] [stdout] error[E0412]: cannot find type `Ctx` in this scope
[INFO] [stdout]   --> src/bufs/music.rs:83:31
[INFO] [stdout]    |
[INFO] [stdout] 83 |     fn update(&mut self, d: &mut Ctx) -> Result<()> {
[INFO] [stdout]    |                                  ^^^ not found in this scope
[INFO] [stdout] 
[INFO] [stdout] 
[INFO] [stdout] error[E0412]: cannot find type `Gfx` in this scope
[INFO] [stdout]    --> src/bufs/music.rs:116:27
[INFO] [stdout]     |
[INFO] [stdout] 116 |     fn draw(&self, gfx: &mut Gfx) -> Result<()> {
[INFO] [stdout]     |                              ^^^ not found in this scope
[INFO] [stdout] 
[INFO] [stdout] 
[INFO] [stdout] error[E0412]: cannot find type `Input` in this scope
[INFO] [stdout]   --> src/term.rs:10:9
[INFO] [stdout]    |
[INFO] [stdout] 10 |     input: Input,
[INFO] [stdout]    |            ^^^^^ not found in this scope
[INFO] [stdout]    |
[INFO] [stdout] help: consider importing this trait
[INFO] [stdout]    |
[INFO] [stdout] 3  | use regex::internal::Input;
[INFO] [stdout]    |
[INFO] [stdout] 
[INFO] [stdout] 
[INFO] [stdout] error[E0433]: failed to resolve: use of undeclared type or module `Input`
[INFO] [stdout]   --> src/term.rs:20:11
[INFO] [stdout]    |
[INFO] [stdout] 20 |             input: Input::new(),
[INFO] [stdout]    |                    ^^^^^ not found in this scope
[INFO] [stdout]    |
[INFO] [stdout] help: consider importing this trait
[INFO] [stdout]    |
[INFO] [stdout] 3  | use regex::internal::Input;
[INFO] [stdout]    |
[INFO] [stdout] 
[INFO] [stdout] 
[INFO] [stdout] error[E0412]: cannot find type `Ctx` in this scope
[INFO] [stdout]   --> src/term.rs:86:34
[INFO] [stdout]    |
[INFO] [stdout] 86 |     pub fn event(&mut self, d: &mut Ctx, e: &Event) -> Result<()> {
[INFO] [stdout]    |                                     ^^^ not found in this scope
[INFO] [stdout] 
[INFO] [stdout] 
[INFO] [stdout] error[E0412]: cannot find type `Event` in this scope
[INFO] [stdout]   --> src/term.rs:86:43
[INFO] [stdout]    |
[INFO] [stdout] 86 |     pub fn event(&mut self, d: &mut Ctx, e: &Event) -> Result<()> {
[INFO] [stdout]    |                                              ^^^^^ not found in this scope
[INFO] [stdout]    |
[INFO] [stdout] help: there is an enum variant `id3::frame::SynchronisedLyricsType::Event`; try using the variant's enum
[INFO] [stdout]    |
[INFO] [stdout] 86 |     pub fn event(&mut self, d: &mut Ctx, e: &id3::frame::SynchronisedLyricsType) -> Result<()> {
[INFO] [stdout]    |                                              ^^^^^^^^^^^^^^^^^^^^^^^^^^^^^^^^^^
[INFO] [stdout] 
[INFO] [stdout] 
[INFO] [stdout] error[E0433]: failed to resolve: use of undeclared type or module `Input`
[INFO] [stdout]   --> src/term.rs:93:20
[INFO] [stdout]    |
[INFO] [stdout] 93 |                         self.input = Input::new();
[INFO] [stdout]    |                                      ^^^^^ not found in this scope
[INFO] [stdout]    |
[INFO] [stdout] help: consider importing this trait
[INFO] [stdout]    |
[INFO] [stdout] 3  | use regex::internal::Input;
[INFO] [stdout]    |
[INFO] [stdout] 
[INFO] [stdout] 
[INFO] [stdout] error[E0412]: cannot find type `Ctx` in this scope
[INFO] [stdout]    --> src/term.rs:115:35
[INFO] [stdout]     |
[INFO] [stdout] 115 |     pub fn update(&mut self, d: &mut Ctx) -> Result<()> {
[INFO] [stdout]     |                                      ^^^ not found in this scope
[INFO] [stdout] 
[INFO] [stdout] 
[INFO] [stdout] error[E0412]: cannot find type `Gfx` in this scope
[INFO] [stdout]    --> src/term.rs:127:31
[INFO] [stdout]     |
[INFO] [stdout] 127 |     pub fn draw(&self, gfx: &mut Gfx) -> Result<()> {
[INFO] [stdout]     |                                  ^^^ not found in this scope
[INFO] [stdout] 
[INFO] [stdout] 
[INFO] [stdout] error[E0412]: cannot find type `Color` in this scope
[INFO] [stdout]   --> src/main.rs:33:19
[INFO] [stdout]    |
[INFO] [stdout] 33 | const SBAR_COLOR: Color = rgba!(0, 0, 1, 1);
[INFO] [stdout]    |                   ^^^^^ not found in this scope
[INFO] [stdout]    |
[INFO] [stdout] help: consider importing this struct
[INFO] [stdout]    |
[INFO] [stdout] 9  | use syntect::highlighting::Color;
[INFO] [stdout]    |
[INFO] [stdout] 
[INFO] [stdout] 
[INFO] [stdout] error[E0412]: cannot find type `Vec2` in this scope
[INFO] [stdout]    --> src/main.rs:34:21
[INFO] [stdout]     |
[INFO] [stdout] 34  |   const SBAR_PADDING: Vec2 = vec2!(8, 6);
[INFO] [stdout]     |                       ^^^^ help: a struct with a similar name exists: `Vec`
[INFO] [stdout] 
[INFO] [stdout] 
[INFO] [stdout] error[E0412]: cannot find type `Color` in this scope
[INFO] [stdout]   --> src/main.rs:39:21
[INFO] [stdout]    |
[INFO] [stdout] 39 | const BUFBAR_COLOR: Color = rgba!(1, 0, 0.5, 1);
[INFO] [stdout]    |                     ^^^^^ not found in this scope
[INFO] [stdout]    |
[INFO] [stdout] help: consider importing this struct
[INFO] [stdout]    |
[INFO] [stdout] 9  | use syntect::highlighting::Color;
[INFO] [stdout]    |
[INFO] [stdout] 
[INFO] [stdout] 
[INFO] [stdout] error[E0412]: cannot find type `Vec2` in this scope
[INFO] [stdout]    --> src/main.rs:40:23
[INFO] [stdout]     |
[INFO] [stdout] 40  |   const BUFBAR_PADDING: Vec2 = vec2!(8, 5);
[INFO] [stdout]     |                         ^^^^ help: a struct with a similar name exists: `Vec`
[INFO] [stdout] 
[INFO] [stdout] 
[INFO] [stdout] error[E0412]: cannot find type `Ctx` in this scope
[INFO] [stdout]   --> src/main.rs:69:30
[INFO] [stdout]    |
[INFO] [stdout] 69 |     fn event(&mut self, _: &mut Ctx, _: &input::Event) -> Result<()> {
[INFO] [stdout]    |                                 ^^^ not found in this scope
[INFO] [stdout] 
[INFO] [stdout] 
[INFO] [stdout] error[E0412]: cannot find type `Ctx` in this scope
[INFO] [stdout]   --> src/main.rs:72:31
[INFO] [stdout]    |
[INFO] [stdout] 72 |     fn update(&mut self, _: &mut Ctx) -> Result<()> {
[INFO] [stdout]    |                                  ^^^ not found in this scope
[INFO] [stdout] 
[INFO] [stdout] 
[INFO] [stdout] error[E0412]: cannot find type `Gfx` in this scope
[INFO] [stdout]   --> src/main.rs:75:25
[INFO] [stdout]    |
[INFO] [stdout] 75 |     fn draw(&self, _: &mut Gfx) -> Result<()> {
[INFO] [stdout]    |                            ^^^ not found in this scope
[INFO] [stdout] 
[INFO] [stdout] 
[INFO] [stdout] error[E0412]: cannot find type `Ctx` in this scope
[INFO] [stdout]    --> src/main.rs:282:29
[INFO] [stdout]     |
[INFO] [stdout] 282 |     fn open(&mut self, d: &mut Ctx, path: impl AsRef<Path>) -> Result<()> {
[INFO] [stdout]     |                                ^^^ not found in this scope
[INFO] [stdout] 
[INFO] [stdout] 
[INFO] [stdout] error[E0405]: cannot find trait `State` in this scope
[INFO] [stdout]    --> src/main.rs:359:6
[INFO] [stdout]     |
[INFO] [stdout] 359 | impl State for App {
[INFO] [stdout]     |      ^^^^^ not found in this scope
[INFO] [stdout] 
[INFO] [stdout] 
[INFO] [stdout] error[E0412]: cannot find type `Ctx` in this scope
[INFO] [stdout]    --> src/main.rs:361:18
[INFO] [stdout]     |
[INFO] [stdout] 361 |     fn init(d: &mut Ctx) -> Result<Self> {
[INFO] [stdout]     |                     ^^^ not found in this scope
[INFO] [stdout] 
[INFO] [stdout] 
[INFO] [stdout] error[E0412]: cannot find type `Ctx` in this scope
[INFO] [stdout]    --> src/main.rs:403:30
[INFO] [stdout]     |
[INFO] [stdout] 403 |     fn event(&mut self, d: &mut Ctx, e: &input::Event) -> Result<()> {
[INFO] [stdout]     |                                 ^^^ not found in this scope
[INFO] [stdout] 
[INFO] [stdout] 
[INFO] [stdout] error[E0412]: cannot find type `Ctx` in this scope
[INFO] [stdout]    --> src/main.rs:512:31
[INFO] [stdout]     |
[INFO] [stdout] 512 |     fn update(&mut self, d: &mut Ctx) -> Result<()> {
[INFO] [stdout]     |                                  ^^^ not found in this scope
[INFO] [stdout] 
[INFO] [stdout] 
[INFO] [stdout] error[E0412]: cannot find type `Ctx` in this scope
[INFO] [stdout]    --> src/main.rs:554:25
[INFO] [stdout]     |
[INFO] [stdout] 554 |     fn draw(&self, d: &mut Ctx) -> Result<()> {
[INFO] [stdout]     |                            ^^^ not found in this scope
[INFO] [stdout] 
[INFO] [stdout] 
[INFO] [stdout] error[E0412]: cannot find type `Ctx` in this scope
[INFO] [stdout]    --> src/main.rs:682:29
[INFO] [stdout]     |
[INFO] [stdout] 682 |     fn quit(&mut self, _: &mut Ctx) -> Result<()> {
[INFO] [stdout]     |                                ^^^ not found in this scope
[INFO] [stdout] 
[INFO] [stdout] 
[INFO] [stdout] error[E0425]: cannot find function `launcher` in this scope
[INFO] [stdout]    --> src/main.rs:742:18
[INFO] [stdout]     |
[INFO] [stdout] 742 |     if let Err(e) = launcher()
[INFO] [stdout]     |                     ^^^^^^^^ not found in this scope
[INFO] [stdout] 
[INFO] [stdout] 
[INFO] [stdout] warning: unused import: `std::io::Write`
[INFO] [stdout]   --> src/term.rs:48:9
[INFO] [stdout]    |
[INFO] [stdout] 48 |                 use std::io::Write;
[INFO] [stdout]    |                     ^^^^^^^^^^^^^^
[INFO] [stdout]    |
[INFO] [stdout]    = note: `#[warn(unused_imports)]` on by default
[INFO] [stdout] 
[INFO] [stdout] 
[INFO] [stdout] warning: unused import: `crate::*`
[INFO] [stdout]  --> src/conf.rs:6:5
[INFO] [stdout]   |
[INFO] [stdout] 6 | use crate::*;
[INFO] [stdout]   |     ^^^^^^^^
[INFO] [stdout] 
[INFO] [stdout] 
[INFO] [stdout] warning: unused import: `dirty::*`
[INFO] [stdout]   --> src/main.rs:25:5
[INFO] [stdout]    |
[INFO] [stdout] 25 | use dirty::*;
[INFO] [stdout]    |     ^^^^^^^^
[INFO] [stdout] 
[INFO] [stdout] 
[INFO] [stdout] error: aborting due to 320 previous errors; 3 warnings emitted
[INFO] [stdout] 
[INFO] [stdout] 
[INFO] [stdout] Some errors have detailed explanations: E0405, E0412, E0425, E0432, E0433, E0531.
[INFO] [stdout] 
[INFO] [stdout] For more information about an error, try `rustc --explain E0405`.
[INFO] [stdout] 
[INFO] [stderr] error: build failed
[INFO] running `Command { std: "docker" "inspect" "f09712d1f27c7db53e346aa2175e69cc4f8dc805aaccb2d58814b82e7a206192", kill_on_drop: false }`
[INFO] running `Command { std: "docker" "rm" "-f" "f09712d1f27c7db53e346aa2175e69cc4f8dc805aaccb2d58814b82e7a206192", kill_on_drop: false }`
[INFO] [stdout] f09712d1f27c7db53e346aa2175e69cc4f8dc805aaccb2d58814b82e7a206192
